000
CXUS53 KSGF 010800
CF6JLN
PRELIMINARY LOCAL CLIMATOLOGICAL DATA (WS FORM: F-6)

                                          STATION:   JOPLIN MO
                                          MONTH:     APRIL
                                          YEAR:      2011
                                          LATITUDE:   37 10 N
                                          LONGITUDE:  94 30 W

  TEMPERATURE IN F:       :PCPN:    SNOW:  WIND      :SUNSHINE: SKY     :PK WND
================================================================================
1   2   3   4   5  6A  6B    7    8   9   10  11  12  13   14  15   16   17  18
                                     12Z  AVG MX 2MIN
DY MAX MIN AVG DEP HDD CDD  WTR  SNW DPTH SPD SPD DIR MIN PSBL S-S WX    SPD DR
================================================================================

 1  62  33  48  -5  17   0    T  0.0    0  6.6 20 240   M    M   4 12     24 240
 2  77  39  58   4   7   0 0.00  0.0    0   M   M   M   M    M   0         M  M
 3  87  54  71  17   0   6 0.11  0.0    0 26.0 39 190   M    M   0 13     54 180
 4  54  37  46  -8  19   0 0.17  0.0    0 15.0 33 340   M    M   6 13      M  M
 5  69  30  50  -5  15   0 0.00  0.0    0 14.3 26 230   M    M   0        33 230
 6  75  55  65  10   0   0 0.00  0.0    0 16.7 35 210   M    M   0         M 230
 7  72  55  64   9   1   0 0.00  0.0    0  9.4 22 170   M    M   4         M 200
 8  86  64  75  19   0  10 0.00  0.0    0  9.2 20 220   M    M   3        32 210
 9  88  64  76  20   0  11 0.09  0.0    0 18.6 37 150   M    M   2 13     48 160
10  84  64  74  18   0   9 0.01  0.0    0 19.3 38 200   M    M   4 3      47 220
11  67  49  58   2   7   0    T    M    0 10.4 25 300   M    M   1        32 290
12  73  39  56  -1   9   0 0.00  0.0    0  2.5 10 360   M    M   0        14 280
13  79  49  64   7   1   0 0.00  0.0    0  6.8 15 210   M    M   M        18 170
14  79  55  67  10   0   2 1.21  0.0    0 12.3 31 220   M    M   M 13     47 230
15  58  40  49  -9  16   0 0.20  0.0    0 18.8 31 280   M    M   M 1       M  M
16  62  39  51  -7  14   0 0.00  0.0    0 13.8 26 290   M    M   M         M  M
17  76  51  64   6   1   0 0.00  0.0    0 17.9 31 200   M    M   M        39 220
18  75  61  68   9   0   3 0.00  0.0    M 11.0 22 200   M    M   M        29  50
19  83  46  65   6   0   0 0.00  0.0    M 18.2 35 200   M    M   M 18     46 190
20  56  42  49 -10  16   0    T    M    M  8.7 17  20   M    M   M        23  10
21  66  46  56  -3   9   0 0.73  0.0    0 10.5 18 130   M    M   M 13      M  40
22  85  56  71  11   0   6 0.03  0.0    0 13.1 32 220   M    M   M 138    45 220
23  65  53  59  -1   6   0 0.53  0.0    M  6.1 16 290   M    M   M 13      0   0
24  56  49  53  -7  12   0 1.01  0.0    0   M  28  90   M    M   M 13      M  M
25  60  54  57  -3   8   0 2.23  0.0    0  9.4 25  90   M    M   M 123    35  80
26  63  48  56  -5   9   0 0.05  0.0    0  9.2 20 250   M    M   M 13      M  M
27  56  46  51 -10  14   0    T  0.0    0 11.3 24 360   M    M   M        36 220
28  71  43  57  -4   8   0 0.00  0.0    0 10.0 24 280   M    M   M        30 300
29  78  44  61   0   4   0 0.00  0.0    0 14.7 29 170   M    M   M        37 180
30  74  52  63   1   2   0 0.00  0.0    0 13.7 29 190   M    M   M        39 170
================================================================================
SM 2136 1457       195  47  6.37     0.0 353.5          M       24
================================================================================
AV 71.2 48.6                              12.6 FASTST   M    M   2    MAX(MPH)
                                 MISC ---->  # 39 190               # 54  180
================================================================================
NOTES:
# LAST OF SEVERAL OCCURRENCES

COLUMN 17 PEAK WIND IN M.P.H.

PRELIMINARY LOCAL CLIMATOLOGICAL DATA (WS FORM: F-6) , PAGE 2

                                          STATION:  JOPLIN MO
                                          MONTH:    APRIL
                                          YEAR:     2011
                                          LATITUDE:   37 10 N
                                          LONGITUDE:  94 30 W

[TEMPERATURE DATA]      [PRECIPITATION DATA]       SYMBOLS USED IN COLUMN 16

AVERAGE MONTHLY: 59.9   TOTAL FOR MONTH:   6.37    1 = FOG OR MIST
DPTR FM NORMAL:   2.2   DPTR FM NORMAL:    2.05    2 = FOG REDUCING VISIBILITY
HIGHEST:    88 ON  9    GRTST 24HR  2.91 ON 24-25      TO 1/4 MILE OR LESS
LOWEST:     30 ON  5                               3 = THUNDER
                        SNOW, ICE PELLETS, HAIL    4 = ICE PELLETS
                        TOTAL MONTH:   0.0 INCH    5 = HAIL
                        GRTST 24HR     0.0         6 = FREEZING RAIN OR DRIZZLE
                        GRTST DEPTH:   0           7 = DUSTSTORM OR SANDSTORM:
                                                       VSBY 1/2 MILE OR LESS
                                                   8 = SMOKE OR HAZE
[NO. OF DAYS WITH]      [WEATHER - DAYS WITH]      9 = BLOWING SNOW
                                                   X = TORNADO
MAX 32 OR BELOW:   0    0.01 INCH OR MORE:  12
MAX 90 OR ABOVE:   0    0.10 INCH OR MORE:   8
MIN 32 OR BELOW:   1    0.50 INCH OR MORE:   5
MIN  0 OR BELOW:   0    1.00 INCH OR MORE:   3

[HDD (BASE 65) ]
TOTAL THIS MO.   195    CLEAR  (SCALE 0-3)   7
DPTR FM NORMAL   -43    PTCLDY (SCALE 4-7)   5
TOTAL FM JUL 1  4108    CLOUDY (SCALE 8-10)  0
DPTR FM NORMAL   -51

[CDD (BASE 65) ]
TOTAL THIS MO.    47
DPTR FM NORMAL    28    [PRESSURE DATA]
TOTAL FM JAN 1    69    HIGHEST SLP 30.06 ON  2
DPTR FM NORMAL    50    LOWEST  SLP 29.30 ON  3

[REMARKS]
#FINAL-04-11#
