000
CXUS53 KSGF 010800
CF6JLN
PRELIMINARY LOCAL CLIMATOLOGICAL DATA (WS FORM: F-6)

                                          STATION:   JOPLIN MO
                                          MONTH:     DECEMBER
                                          YEAR:      2010
                                          LATITUDE:   37 10 N
                                          LONGITUDE:  94 30 W

  TEMPERATURE IN F:       :PCPN:    SNOW:  WIND      :SUNSHINE: SKY     :PK WND
================================================================================
1   2   3   4   5  6A  6B    7    8   9   10  11  12  13   14  15   16   17  18
                                     12Z  AVG MX 2MIN
DY MAX MIN AVG DEP HDD CDD  WTR  SNW DPTH SPD SPD DIR MIN PSBL S-S WX    SPD DR
================================================================================

 1  39  22  31 -10  34   0 0.00  0.0    0  4.6 10 290   M    M   0        24 270
 2  56  28  42   1  23   0 0.00  0.0    0  4.0 13 230   M    M   3 8      16 240
 3  64  32  48   8  17   0 0.00  0.0    0  8.4 17 180   M    M   0 8      22 180
 4  53  23  38  -2  27   0 0.00  0.0    0 12.6 23 350   M    M   0        30 340
 5  34  19  27 -13  38   0 0.00  0.0    0  6.4 15 350   M    M   2 1      17 360
 6  39  15  27 -12  38   0 0.00  0.0    0  4.7 14 250   M    M   0 18     17 270
 7  45  20  33  -6  32   0 0.00  0.0    0  3.1  9  50   M    M   0 18     16 360
 8  44  19  32  -7  33   0 0.00  0.0    0  2.2 10 140   M    M   0 18     13 140
 9  53  31  42   4  23   0 0.00  0.0    0 12.0 28 200   M    M   2 8      36 220
10  58  31  45   7  20   0 0.00  0.0    0  6.2 21  80   M    M   2 18     46  60
11  48  22  35  -3  30   0    T  0.0    0 19.3 33 290   M    M   6 168    44 310
12  30  14  22 -15  43   0    T    T    0 18.0 35 300   M    M   3 6      45 310
13  28   9  19 -18  46   0 0.00  0.0    0  4.1  9  30   M    M   4        15  10
14  43  21  32  -5  33   0 0.00  0.0    0  7.1 13 130   M    M   0        17 140
15  44  29  37   0  28   0 0.00  0.0    0  9.4 15 130   M    M   6 18     37 200
16  43  26  35  -1  30   0 0.00  0.0    0   M   M   M   M    M   5 18      M  M
17  40  23  32  -4  33   0 0.00  0.0    0  3.5  9  20   M    M   7 18     12  10
18  41  19  30  -6  35   0 0.00  0.0    0   M   M   M   M    M   7 18      M  M
19  53  31  42   6  23   0 0.00  0.0    0   M   M   M   M    M   2 18      M  M
20  58  37  48  12  17   0 0.00  0.0    0 12.3 29 100   M    M   2 1       M  M
21  50  34  42   7  23   0 0.00  0.0    0  7.2 30  10   M    M   8 18      M  M
22  36  21  29  -6  36   0 0.00  0.0    0  8.0 14 360   M    M   0        23 340
23  44  22  33  -2  32   0 0.07  0.0    0   M   M   M   M    M   4 18      M  M
24  37  33  35   0  30   0 0.15  0.0    0  8.1 16 340   M    M  10 1       M  M
25  33  27  30  -4  35   0    T  0.0    0 13.3 22 350   M    M  10 18     28 360
26  29  17  23 -11  42   0 0.00  0.0    0   M   M   M   M    M   7 18      M  M
27  43  15  29  -5  36   0 0.00  0.0    0  8.0 16 180   M    M   0 1      22 190
28  47  31  39   5  26   0 0.00  0.0    0   M   M   M   M    M   1 18      M  M
29  57  41  49  15  16   0 0.01  0.0    0 12.6 24 170   M    M  10 1       M  M
30  67  55  61  27   4   0 0.23  0.0    0 19.4 36 190   M    M   5 13     45 180
31  63  20  42   9  23   0 1.06  0.0    0 15.7 36 240   M    M   2 13     48 250
================================================================================
SM 1419  787       906   0  1.52    T    230.2          M      108
================================================================================
AV 45.8 25.4                               9.2 FASTST   M    M   3    MAX(MPH)
                                 MISC ---->  # 36 190               # 48  250
================================================================================
NOTES:
# LAST OF SEVERAL OCCURRENCES

COLUMN 17 PEAK WIND IN M.P.H.

PRELIMINARY LOCAL CLIMATOLOGICAL DATA (WS FORM: F-6) , PAGE 2

                                          STATION:  JOPLIN MO
                                          MONTH:    DECEMBER
                                          YEAR:     2010
                                          LATITUDE:   37 10 N
                                          LONGITUDE:  94 30 W

[TEMPERATURE DATA]      [PRECIPITATION DATA]       SYMBOLS USED IN COLUMN 16

AVERAGE MONTHLY: 35.6   TOTAL FOR MONTH:   1.52    1 = FOG OR MIST
DPTR FM NORMAL:  -1.1   DPTR FM NORMAL:   -1.44    2 = FOG REDUCING VISIBILITY
HIGHEST:    67 ON 30    GRTST 24HR  1.29 ON 30-31      TO 1/4 MILE OR LESS
LOWEST:      9 ON 13                               3 = THUNDER
                        SNOW, ICE PELLETS, HAIL    4 = ICE PELLETS
                        TOTAL MONTH:    T          5 = HAIL
                        GRTST 24HR    T  ON 12-12  6 = FREEZING RAIN OR DRIZZLE
                        GRTST DEPTH:   0           7 = DUSTSTORM OR SANDSTORM:
                                                       VSBY 1/2 MILE OR LESS
                                                   8 = SMOKE OR HAZE
[NO. OF DAYS WITH]      [WEATHER - DAYS WITH]      9 = BLOWING SNOW
                                                   X = TORNADO
MAX 32 OR BELOW:   3    0.01 INCH OR MORE:   5
MAX 90 OR ABOVE:   0    0.10 INCH OR MORE:   3
MIN 32 OR BELOW:  26    0.50 INCH OR MORE:   1
MIN  0 OR BELOW:   0    1.00 INCH OR MORE:   1

[HDD (BASE 65) ]
TOTAL THIS MO.   906    CLEAR  (SCALE 0-3)  17
DPTR FM NORMAL    29    PTCLDY (SCALE 4-7)  11
TOTAL FM JUL 1  1536    CLOUDY (SCALE 8-10)  3
DPTR FM NORMAL  -143

[CDD (BASE 65) ]
TOTAL THIS MO.     0
DPTR FM NORMAL     0    [PRESSURE DATA]
TOTAL FM JAN 1  1967    HIGHEST SLP 30.44 ON 22
DPTR FM NORMAL   412    LOWEST  SLP 29.50 ON 31

[REMARKS]
#FINAL-12-10#
