000
CXUS53 KSGF 010800
CF6JLN
PRELIMINARY LOCAL CLIMATOLOGICAL DATA (WS FORM: F-6)

                                          STATION:   JOPLIN MO
                                          MONTH:     NOVEMBER
                                          YEAR:      2010
                                          LATITUDE:   37 10 N
                                          LONGITUDE:  94 30 W

  TEMPERATURE IN F:       :PCPN:    SNOW:  WIND      :SUNSHINE: SKY     :PK WND
================================================================================
1   2   3   4   5  6A  6B    7    8   9   10  11  12  13   14  15   16   17  18
                                     12Z  AVG MX 2MIN
DY MAX MIN AVG DEP HDD CDD  WTR  SNW DPTH SPD SPD DIR MIN PSBL S-S WX    SPD DR
================================================================================

 1  63  51  57   4   8   0    T  0.0    0  9.8 16  70   M    M   6        24  70
 2  62  42  52   0  13   0 0.00  0.0    M  9.0 17 360   M    M   5 1      24  50
 3  69  31  50  -2  15   0 0.00  0.0    0  7.4 25 340   M    M   0 8      32 350
 4  60  35  48  -4  17   0 0.00  0.0    0 11.9 28 340   M    M   0        36 330
 5  51  28  40 -11  25   0 0.00  0.0    0  5.3 15 330   M    M   0        38 220
 6  63  26  45  -6  20   0 0.00  0.0    0  7.3 15 190   M    M   0 8      20 200
 7  71  46  59   9   6   0 0.00  0.0    0 13.7 24 210   M    M   0        29 210
 8  75  52  64  14   1   0 0.00  0.0    0 18.1 26 220   M    M   0        35 210
 9  74  57  66  17   0   1 0.00  0.0    0 15.0 24 190   M    M   0        33 200
10  73  53  63  14   2   0 0.00  0.0    0 11.2 28 200   M    M   3        38 200
11  69  53  61  13   4   0 0.14  0.0    0  5.7 14 200   M    M   7 1      17 200
12  69  42  56   8   9   0 0.92  0.0    0 10.2 20 270   M    M   9 18     25 280
13  51  34  43  -5  22   0 0.00  0.0    0  8.3 20 290   M    M   6 8      28 270
14  55  28  42  -5  23   0 0.00  0.0    0  5.1 15 200   M    M   3 1      28 200
15  58  38  48   1  17   0 0.10  0.0    0  4.5 18 150   M    M   4 1      47 100
16  58  41  50   4  15   0 0.02  0.0    0  5.4 16 250   M    M   4 1       M  M
17  53  38  46   0  19   0 0.20  0.0    0 10.7 24 360   M    M   7 1      31 360
18  44  31  38  -8  27   0 0.00  0.0    0  5.7 15 350   M    M   5 1      23  30
19  63  35  49   4  16   0 0.00  0.0    0 12.4 25 190   M    M   0 18     31 180
20  67  38  53   8  12   0 0.00  0.0    0 11.6 24 190   M    M   2 8      29 180
21  71  58  65  20   0   0 0.00  0.0    0 20.1 28 190   M    M   9        37 210
22  75  39  57  13   8   0 0.05  0.0    0 15.7 32 210   M    M   4 1      41 190
23  54  32  43  -1  22   0 0.00  0.0    0  9.5 18 140   M    M   2 13     25 140
24  75  46  61  18   4   0 2.79  0.0    0 14.4 31 190   M    M   9 13     55 270
25  48  25  37  -6  28   0 0.03  0.0    0  9.5 23 330   M    M   4 1      29 350
26  51  21  36  -7  29   0 0.00  0.0    0  9.0 20 280   M    M   0        30 300
27  58  31  45   3  20   0 0.00  0.0    0  5.5 12 230   M    M   0        24 320
28  60  39  50   8  15   0 0.00    M    M 14.8 29 180   M    M   0        37 170
29  63  33  48   6  17   0 0.18    M    0 17.3 28 250   M    M   6 1      40 190
30  39  27  33  -8  32   0 0.00  0.0    0 12.2 25 280   M    M   7        31 280
================================================================================
SM 1842 1150       446   1  4.43     0.0 316.3          M      102
================================================================================
AV 61.4 38.3                              10.5 FASTST   M    M   3    MAX(MPH)
                                 MISC ---->  # 32 210               # 55  270
================================================================================
NOTES:
# LAST OF SEVERAL OCCURRENCES

COLUMN 17 PEAK WIND IN M.P.H.

PRELIMINARY LOCAL CLIMATOLOGICAL DATA (WS FORM: F-6) , PAGE 2

                                          STATION:  JOPLIN MO
                                          MONTH:    NOVEMBER
                                          YEAR:     2010
                                          LATITUDE:   37 10 N
                                          LONGITUDE:  94 30 W

[TEMPERATURE DATA]      [PRECIPITATION DATA]       SYMBOLS USED IN COLUMN 16

AVERAGE MONTHLY: 49.9   TOTAL FOR MONTH:   4.43    1 = FOG OR MIST
DPTR FM NORMAL:   3.1   DPTR FM NORMAL:    0.37    2 = FOG REDUCING VISIBILITY
HIGHEST:    75 ON 24,22 GRTST 24HR  2.79 ON 24-24      TO 1/4 MILE OR LESS
LOWEST:     21 ON 26                               3 = THUNDER
                        SNOW, ICE PELLETS, HAIL    4 = ICE PELLETS
                        TOTAL MONTH:   0.0 INCH    5 = HAIL
                        GRTST 24HR     0.0         6 = FREEZING RAIN OR DRIZZLE
                        GRTST DEPTH:   0           7 = DUSTSTORM OR SANDSTORM:
                                                       VSBY 1/2 MILE OR LESS
                                                   8 = SMOKE OR HAZE
[NO. OF DAYS WITH]      [WEATHER - DAYS WITH]      9 = BLOWING SNOW
                                                   X = TORNADO
MAX 32 OR BELOW:   0    0.01 INCH OR MORE:   9
MAX 90 OR ABOVE:   0    0.10 INCH OR MORE:   6
MIN 32 OR BELOW:  10    0.50 INCH OR MORE:   2
MIN  0 OR BELOW:   0    1.00 INCH OR MORE:   1

[HDD (BASE 65) ]
TOTAL THIS MO.   446    CLEAR  (SCALE 0-3)  14
DPTR FM NORMAL  -103    PTCLDY (SCALE 4-7)  13
TOTAL FM JUL 1   630    CLOUDY (SCALE 8-10)  3
DPTR FM NORMAL  -172

[CDD (BASE 65) ]
TOTAL THIS MO.     1
DPTR FM NORMAL     0    [PRESSURE DATA]
TOTAL FM JAN 1  1967    HIGHEST SLP 29.92 ON 15
DPTR FM NORMAL   412    LOWEST  SLP 29.58 ON 24

[REMARKS]
#FINAL-11-10#
