000
CXUS53 KSGF 010800
CF6JLN
PRELIMINARY LOCAL CLIMATOLOGICAL DATA (WS FORM: F-6)

                                          STATION:   JOPLIN MO
                                          MONTH:     OCTOBER
                                          YEAR:      2010
                                          LATITUDE:   37 10 N
                                          LONGITUDE:  94 30 W

  TEMPERATURE IN F:       :PCPN:    SNOW:  WIND      :SUNSHINE: SKY     :PK WND
================================================================================
1   2   3   4   5  6A  6B    7    8   9   10  11  12  13   14  15   16   17  18
                                     12Z  AVG MX 2MIN
DY MAX MIN AVG DEP HDD CDD  WTR  SNW DPTH SPD SPD DIR MIN PSBL S-S WX    SPD DR
================================================================================

 1  76  45  61  -4   4   0 0.00  0.0    0  0.5 10  40   M    M   0 1      15  40
 2  66  45  56  -9   9   0 0.00  0.0    0  8.6 23 360   M    M   1        29  10
 3  61  38  50 -14  15   0 0.00  0.0    0  4.1 13  50   M    M   0        17  60
 4  67  37  52 -12  13   0 0.00  0.0    0  3.1 10 190   M    M   0 1      15 110
 5  72  42  57  -7   8   0 0.00  0.0    0  3.4 12 180   M    M   0        14 170
 6  76  44  60  -3   5   0 0.00  0.0    0  6.5 15 220   M    M   0        18 210
 7  83  55  69   6   0   4 0.00  0.0    0  3.3  9 250   M    M   0 1      12 250
 8  84  55  70   7   0   5 0.00  0.0    0  5.1 14 200   M    M   0        17 190
 9  83  56  70   8   0   5 0.00  0.0    0  9.0 20 190   M    M   0        24 190
10  82  56  69   7   0   4    T  0.0    0  7.4 17 270   M    M   1        22 280
11  75  51  63   1   2   0 0.01  0.0    0  4.4 20 300   M    M   7 1      25 300
12  72  49  61   0   4   0 0.00  0.0    0  2.9 12 330   M    M   6 12     21 340
13  70  41  56  -5   9   0 0.00  0.0    0  8.1 21 350   M    M   1        26 340
14  73  37  55  -5  10   0 0.00  0.0    0  8.4 18 250   M    M   0        22 230
15  76  42  59  -1   6   0 0.00  0.0    0  2.7  9 120   M    M   0         M  M
16  82  50  66   6   0   1 0.00  0.0    0  9.6 20 200   M    M   0        24 210
17  82  47  65   6   0   0 0.00  0.0    0   M   M   M   M    M   0         M  M
18  82  53  68   9   0   3 0.62  0.0    0  5.8 31 310   M    M   3 13     38 310
19  65  44  55  -3  10   0 0.02  0.0    0  4.3 12 100   M    M   4 13     20 150
20  75  42  59   1   6   0 0.00  0.0    0  7.4 17 250   M    M   0 1      22 250
21  80  47  64   6   1   0 0.00  0.0    0  3.7 25  80   M    M   1 1       M  M
22  74  55  65   8   0   0 0.01  0.0    0  9.4 20 190   M    M   1        23 160
23  73  60  67  10   0   2 0.36  0.0    0 16.1 32 180   M    M   7 13     43 190
24  74  58  66  10   0   1 0.00  0.0    0 11.5 23 190   M    M   3 8      29 190
25  78  58  68  12   0   3 0.19  0.0    0 17.8 39 240   M    M   1 13     49 240
26  69  49  59   3   6   0 0.00  0.0    0 13.9 30 290   M    M   1        38 290
27  64  47  56   1   9   0 0.00  0.0    0  9.6 18 300   M    M   0        28 270
28  59  34  47  -8  18   0 0.00  0.0    0  7.3 17 300   M    M   0        23 340
29  68  29  49  -5  16   0 0.00  0.0    0  6.5 15 190   M    M   0        18 200
30  75  45  60   6   5   0 0.00  0.0    0 12.0 23 210   M    M   0        30 200
31  75  43  59   6   6   0 0.00  0.0    0  8.6 21 110   M    M   0        28 110
================================================================================
SM 2291 1454       162  28  1.21     0.0 221.0          M       37
================================================================================
AV 73.9 46.9                               7.4 FASTST   M    M   1    MAX(MPH)
                                 MISC ---->  # 39 240               # 49  240
================================================================================
NOTES:
# LAST OF SEVERAL OCCURRENCES

COLUMN 17 PEAK WIND IN M.P.H.

PRELIMINARY LOCAL CLIMATOLOGICAL DATA (WS FORM: F-6) , PAGE 2

                                          STATION:  JOPLIN MO
                                          MONTH:    OCTOBER
                                          YEAR:     2010
                                          LATITUDE:   37 10 N
                                          LONGITUDE:  94 30 W

[TEMPERATURE DATA]      [PRECIPITATION DATA]       SYMBOLS USED IN COLUMN 16

AVERAGE MONTHLY: 60.4   TOTAL FOR MONTH:   1.21    1 = FOG OR MIST
DPTR FM NORMAL:   0.9   DPTR FM NORMAL:   -2.73    2 = FOG REDUCING VISIBILITY
HIGHEST:    84 ON  8    GRTST 24HR  0.64 ON 18-19      TO 1/4 MILE OR LESS
LOWEST:     29 ON 29                               3 = THUNDER
                        SNOW, ICE PELLETS, HAIL    4 = ICE PELLETS
                        TOTAL MONTH:   0.0 INCH    5 = HAIL
                        GRTST 24HR     0.0         6 = FREEZING RAIN OR DRIZZLE
                        GRTST DEPTH:   0           7 = DUSTSTORM OR SANDSTORM:
                                                       VSBY 1/2 MILE OR LESS
                                                   8 = SMOKE OR HAZE
[NO. OF DAYS WITH]      [WEATHER - DAYS WITH]      9 = BLOWING SNOW
                                                   X = TORNADO
MAX 32 OR BELOW:   0    0.01 INCH OR MORE:   6
MAX 90 OR ABOVE:   0    0.10 INCH OR MORE:   3
MIN 32 OR BELOW:   1    0.50 INCH OR MORE:   1
MIN  0 OR BELOW:   0    1.00 INCH OR MORE:   0

[HDD (BASE 65) ]
TOTAL THIS MO.   162    CLEAR  (SCALE 0-3)  26
DPTR FM NORMAL   -40    PTCLDY (SCALE 4-7)   5
TOTAL FM JUL 1   184    CLOUDY (SCALE 8-10)  0
DPTR FM NORMAL   -69

[CDD (BASE 65) ]
TOTAL THIS MO.    28
DPTR FM NORMAL    -3    [PRESSURE DATA]
TOTAL FM JAN 1  1966    HIGHEST SLP 30.28 ON 13
DPTR FM NORMAL   412    LOWEST  SLP 29.13 ON M

[REMARKS]
#FINAL-10-10#
