000
CXUS53 KSGF 010644
CF6JLN
PRELIMINARY LOCAL CLIMATOLOGICAL DATA (WS FORM: F-6)
STATION: JOPLIN MO
MONTH: SEPTEMBER
YEAR: 2020
LATITUDE: 37 10 N
LONGITUDE: 94 30 W
TEMPERATURE IN F: :PCPN: SNOW: WIND :SUNSHINE: SKY :PK WND
================================================================================
1 2 3 4 5 6A 6B 7 8 9 10 11 12 13 14 15 16 17 18
12Z AVG MX 2MIN
DY MAX MIN AVG DEP HDD CDD WTR SNW DPTH SPD SPD DIR MIN PSBL S-S WX SPD DR
================================================================================
1 80 69 75 -2 0 10 0.06 M M 6.3 15 210 M M 4 1 19 210
2 79 68 74 -2 0 9 0.03 M M 3.1 9 190 M M 6 1 14 360
3 88 67 78 2 0 13 0.00 M M 6.0 13 210 M M 7 18 18 220
4 85 62 74 -2 0 9 0.64 M M 4.7 13 150 M M 3 13 19 360
5 89 69 79 4 0 14 0.00 M M 6.9 14 230 M M 2 19 260
6 90 73 82 7 0 17 0.00 M M 14.3 25 190 M M 0 35 190
7 92 74 83 9 0 18 0.00 M M 15.4 24 200 M M 0 34 190
8 91 61 76 2 0 11 0.00 M M 11.6 20 190 M M 3 1 28 10
9 77 59 68 -6 0 3 0.02 M M 7.5 15 360 M M 8 12 20 10
10 67 59 63 -10 2 0 0.17 M M 6.7 12 340 M M 10 1 14 330
11 69 58 64 -9 1 0 0.02 M M 1.8 8 300 M M 10 1 10 200
12 76 60 68 -4 0 3 0.00 M M 1.5 10 280 M M 6 1 13 280
13 78 56 67 -5 0 2 0.00 M M 5.4 14 30 M M 1 12 22 350
14 81 54 68 -4 0 3 0.00 M M 5.3 13 30 M M 1 1 17 40
15 85 55 70 -1 0 5 0.00 M M 2.7 10 30 M M 1 1 15 40
16 85 63 74 3 0 9 0.00 M M 3.9 12 50 M M 1 16 50
17 82 56 69 -1 0 4 0.00 M M 6.4 16 360 M M 2 1 23 40
18 77 50 64 -6 1 0 0.00 M M 5.4 15 30 M M 0 1 21 30
19 77 52 65 -4 0 0 0.00 M M 5.7 12 80 M M 0 18 120
20 82 49 66 -3 0 1 0.00 M M 7.4 14 150 M M 0 20 120
21 83 52 68 0 0 3 0.00 M M 6.3 13 150 M M 0 1 19 110
22 71 63 67 -1 0 2 0.05 M M 2.8 12 160 M M 8 1 17 170
23 80 60 70 2 0 5 0.00 M M 4.7 14 110 M M 0 20 90
24 82 53 68 1 0 3 0.00 M M 4.4 10 150 M M 0 15 160
25 84 58 71 4 0 6 0.00 M M 11.2 18 180 M M 0 8 24 180
26 88 63 76 10 0 11 0.00 M M 13.5 22 190 M M 0 31 180
27 84 54 69 3 0 4 0.20 M M 12.0 22 20 M M 6 1 39 20
28 72 49 61 -5 4 0 T M M 8.0 25 310 M M 4 35 310
29 74 42 58 -7 7 0 0.00 M M 7.4 20 290 M M 0 8 33 300
30 86 51 69 4 0 4 0.00 M M 10.0 21 340 M M 0 28 330
================================================================================
SM 2434 1759 15 169 1.19 M 208.3 M 83
================================================================================
AV 81.1 58.6 6.9 FASTST M M 3 MAX(MPH)
MISC ----> # 25 190 39 20
================================================================================
NOTES:
# LAST OF SEVERAL OCCURRENCES
COLUMN 17 PEAK WIND IN M.P.H.
PRELIMINARY LOCAL CLIMATOLOGICAL DATA (WS FORM: F-6) , PAGE 2
STATION: JOPLIN MO
MONTH: SEPTEMBER
YEAR: 2020
LATITUDE: 37 10 N
LONGITUDE: 94 30 W
[TEMPERATURE DATA] [PRECIPITATION DATA] SYMBOLS USED IN COLUMN 16
AVERAGE MONTHLY: 69.9 TOTAL FOR MONTH: 1.19 1 = FOG OR MIST
DPTR FM NORMAL: -0.9 DPTR FM NORMAL: -3.76 2 = FOG REDUCING VISIBILITY
HIGHEST: 92 ON 7 GRTST 24HR 0.64 ON 4- 4 TO 1/4 MILE OR LESS
LOWEST: 42 ON 29 3 = THUNDER
SNOW, ICE PELLETS, HAIL 4 = ICE PELLETS
TOTAL MONTH: M 5 = HAIL
GRTST 24HR M ON M 6 = FREEZING RAIN OR DRIZZLE
GRTST DEPTH: M ON M 7 = DUSTSTORM OR SANDSTORM:
VSBY 1/2 MILE OR LESS
8 = SMOKE OR HAZE
[NO. OF DAYS WITH] [WEATHER - DAYS WITH] 9 = BLOWING SNOW
X = TORNADO
MAX 32 OR BELOW: 0 0.01 INCH OR MORE: 8
MAX 90 OR ABOVE: 3 0.10 INCH OR MORE: 3
MIN 32 OR BELOW: 0 0.50 INCH OR MORE: 1
MIN 0 OR BELOW: 0 1.00 INCH OR MORE: 0
[HDD (BASE 65) ]
TOTAL THIS MO. 15 CLEAR (SCALE 0-3) 19
DPTR FM NORMAL -26 PTCLDY (SCALE 4-7) 8
TOTAL FM JUL 1 15 CLOUDY (SCALE 8-10) 3
DPTR FM NORMAL -24
[CDD (BASE 65) ]
TOTAL THIS MO. 169
DPTR FM NORMAL -46 [PRESSURE DATA]
TOTAL FM JAN 1 1585 HIGHEST SLP M ON M
DPTR FM NORMAL -57 LOWEST SLP 29.71 ON 7
[REMARKS]
#FINAL-09-20#