000
CXUS53 KSGF 010800
CF6JLN
PRELIMINARY LOCAL CLIMATOLOGICAL DATA (WS FORM: F-6)

                                          STATION:   JOPLIN MO
                                          MONTH:     JANUARY
                                          YEAR:      2011
                                          LATITUDE:   37 10 N
                                          LONGITUDE:  94 30 W

  TEMPERATURE IN F:       :PCPN:    SNOW:  WIND      :SUNSHINE: SKY     :PK WND
================================================================================
1   2   3   4   5  6A  6B    7    8   9   10  11  12  13   14  15   16   17  18
                                     12Z  AVG MX 2MIN
DY MAX MIN AVG DEP HDD CDD  WTR  SNW DPTH SPD SPD DIR MIN PSBL S-S WX    SPD DR
================================================================================

 1  31  18  25  -8  40   0 0.00  0.0    0  8.1 16 260   M    M   2        26  30
 2  39  13  26  -7  39   0 0.00  0.0    0  7.4 20 200   M    M   0        23 200
 3  53  27  40   7  25   0 0.00  0.0    0  9.9 25 220   M    M   0        32 190
 4  43  22  33   0  32   0 0.00  0.0    0  4.6 16 130   M    M   1        18 140
 5  49  28  39   6  26   0 0.00  0.0    0  6.2 16 270   M    M   3        22 260
 6  54  25  40   7  25   0 0.00  0.0    0  8.4 22 260   M    M   0        26 280
 7  51  35  43  10  22   0 0.00  0.0    0 14.9 31 340   M    M   3        40 300
 8  35  19  27  -6  38   0 0.00  0.0    0  8.7 17 310   M    M   3        22 300
 9  31  22  27  -6  38   0    T    M    M 11.1 17 120   M    M   7 1      24 130
10  28  24  26  -6  39   0 0.12    M    M  7.4 18 280   M    M  10 128    28  90
11  23   7  15 -17  50   0    T    T    1 13.2 20 260   M    M   2 1      35 330
12  16  -1   8 -24  57   0 0.00  0.0    1  5.2 13 310   M    M   1 18     24 320
13  35   2  19 -13  46   0 0.00  0.0    0  8.4 20 190   M    M   0 18     23 200
14  43  24  34   2  31   0 0.00  0.0    T   M   M   M   M    M   0         M  M
15  43  26  35   3  30   0 0.00  0.0    0   M   M   M   M    M   0         M  M
16  42  21  32  -1  33   0 0.00  0.0    0   M   M   M   M    M   2 8       M  M
17  48  32  40   7  25   0    T  0.0    0 10.6 43 240   M    M   8 18    118 330
18  43  26  35   2  30   0    T  0.0    0 10.0 20 330   M    M  10 18     55  20
19  32  23  28  -5  37   0    T  0.0    0  6.6 25 250   M    M   9 156    82 210
20  25  13  19 -14  46   0 0.04  1.2    1  9.0 20 350   M    M   5 16     25 350
21  31  13  22 -11  43   0 0.00  0.0    1   M   M   M   M    M   7 1       M  M
22  43  17  30  -3  35   0 0.00  0.0    1  6.5 13 140   M    M   3 1      29 100
23  38  21  30  -3  35   0 0.00  0.0    0   M   M   M   M    M   7 18      M  M
24  42  21  32  -1  33   0 0.00  0.0    0  4.5 13 270   M    M   4 18     38 200
25  42  19  31  -3  34   0 0.00  0.0    0  3.2  9 360   M    M   2 18     17  70
26  42  24  33  -1  32   0 0.00  0.0    0  7.2 15 300   M    M   1 18     20 280
27  53  18  36   2  29   0 0.00  0.0    0   M   M   M   M    M   0 18      M  M
28  65  26  46  12  19   0 0.00  0.0    0   M   M   M   M    M   0         M  M
29  73  28  51  17  14   0 0.00  0.0    0  5.8 20 220   M    M   0 8      23 220
30  36  31  34  -1  31   0 0.00  0.0    0 10.8 18  30   M    M   9 18      M  M
31  42  29  36   1  29   0 0.00    M    0  7.0 18 350   M    M  10 18     23 360
================================================================================
SM 1271  653      1043   0  0.16     1.2 194.7          M      109
================================================================================
AV 41.0 21.1                               8.1 FASTST   M    M   4    MAX(MPH)
                                 MISC ---->  # 43 240               #118  330
================================================================================
NOTES:
# LAST OF SEVERAL OCCURRENCES

COLUMN 17 PEAK WIND IN M.P.H.

PRELIMINARY LOCAL CLIMATOLOGICAL DATA (WS FORM: F-6) , PAGE 2

                                          STATION:  JOPLIN MO
                                          MONTH:    JANUARY
                                          YEAR:     2011
                                          LATITUDE:   37 10 N
                                          LONGITUDE:  94 30 W

[TEMPERATURE DATA]      [PRECIPITATION DATA]       SYMBOLS USED IN COLUMN 16

AVERAGE MONTHLY: 31.0   TOTAL FOR MONTH:   0.16    1 = FOG OR MIST
DPTR FM NORMAL:  -2.1   DPTR FM NORMAL:   -1.68    2 = FOG REDUCING VISIBILITY
HIGHEST:    73 ON 29    GRTST 24HR  1.01 ON 31- 1      TO 1/4 MILE OR LESS
LOWEST:     -1 ON 12                               3 = THUNDER
                        SNOW, ICE PELLETS, HAIL    4 = ICE PELLETS
                        TOTAL MONTH:   1.2 INCHES  5 = HAIL
                        GRTST 24HR   1.2 ON   M    6 = FREEZING RAIN OR DRIZZLE
                        GRTST DEPTH:   1 ON 22,21  7 = DUSTSTORM OR SANDSTORM:
                                                       VSBY 1/2 MILE OR LESS
                                                   8 = SMOKE OR HAZE
[NO. OF DAYS WITH]      [WEATHER - DAYS WITH]      9 = BLOWING SNOW
                                                   X = TORNADO
MAX 32 OR BELOW:   8    0.01 INCH OR MORE:   2
MAX 90 OR ABOVE:   0    0.10 INCH OR MORE:   1
MIN 32 OR BELOW:  30    0.50 INCH OR MORE:   0
MIN  0 OR BELOW:   1    1.00 INCH OR MORE:   0

[HDD (BASE 65) ]
TOTAL THIS MO.  1043    CLEAR  (SCALE 0-3)  18
DPTR FM NORMAL    53    PTCLDY (SCALE 4-7)   8
TOTAL FM JUL 1  2579    CLOUDY (SCALE 8-10)  5
DPTR FM NORMAL   -90

[CDD (BASE 65) ]
TOTAL THIS MO.     0
DPTR FM NORMAL     0    [PRESSURE DATA]
TOTAL FM JAN 1     0    HIGHEST SLP 30.14 ON M
DPTR FM NORMAL     0    LOWEST  SLP 29.59 ON  7

[REMARKS]
#FINAL-01-11#
