000
CXUS53 KSGF 010800
CF6JLN
PRELIMINARY LOCAL CLIMATOLOGICAL DATA (WS FORM: F-6)

                                          STATION:   JOPLIN MO
                                          MONTH:     SEPTEMBER
                                          YEAR:      2010
                                          LATITUDE:   37 10 N
                                          LONGITUDE:  94 30 W

  TEMPERATURE IN F:       :PCPN:    SNOW:  WIND      :SUNSHINE: SKY     :PK WND
================================================================================
1   2   3   4   5  6A  6B    7    8   9   10  11  12  13   14  15   16   17  18
                                     12Z  AVG MX 2MIN
DY MAX MIN AVG DEP HDD CDD  WTR  SNW DPTH SPD SPD DIR MIN PSBL S-S WX    SPD DR
================================================================================

 1  80  69  75   0   0  10 1.19  0.0    0  7.6 21  40   M    M   6 13     26  40
 2  93  63  78   4   0  13 0.50  0.0    0 10.3 29 310   M    M   5 138    59 150
 3  79  54  67  -7   0   2 0.00  0.0    0  6.7 20 330   M    M   1        45 330
 4  80  49  65  -9   0   0 0.00  0.0    0  2.7 12 140   M    M   2        25 180
 5  88  58  73   0   0   8 0.00  0.0    0 14.0 25 180   M    M   1        31 170
 6  91  72  82   9   0  17 0.00  0.0    0 15.5 30 190   M    M   1        40 180
 7  78  65  72  -1   0   7 0.30  0.0    0  6.3 15  50   M    M   9 1      20  50
 8  79  64  72  -1   0   7 0.27  0.0    0  6.0 12 120   M    M   4 1      16 110
 9  76  68  72   0   0   7 1.79  0.0    0 10.4 24 100   M    M   9 1      32 120
10  92  72  82  10   0  17 0.03  0.0    0 11.6 31 310   M    M   3        43 310
11  81  64  73   1   0   8 0.36  0.0    0  4.8 20 250   M    M   5 123    26 250
12  86  57  72   1   0   7 0.00  0.0    0  5.7 14 140   M    M   1 1      17 150
13  81  61  71   0   0   6    T  0.0    0  6.5 15 190   M    M   3        17 190
14  81  66  74   3   0   9 0.26  0.0    0  6.0 21 160   M    M   5 13     28 180
15  83  65  74   4   0   9 0.78  0.0    0  9.8 32 300   M    M   5 138    45 290
16  78  62  70   0   0   5 0.01  0.0    0  5.5 15 360   M    M   3        18 360
17  89  59  74   4   0   9 0.00  0.0    0  2.8 13 150   M    M   2        15 150
18  90  70  80  11   0  15 0.00  0.0    0  5.6 13 150   M    M   2 18     17 150
19  90  70  80  11   0  15 0.00  0.0    0  4.1  8 210   M    M   3 1      10 220
20  91  70  81  12   0  16 0.00  0.0    0  8.2 16 170   M    M   3        20 150
21  87  68  78  10   0  13 0.00  0.0    0 11.7 24 190   M    M   4        31 190
22  86  72  79  11   0  14 0.00    M    M  9.2 20 180   M    M   6        23 180
23  86  72  79  11   0  14 0.33  0.0    0 15.2 28 200   M    M   5 1      37 190
24  78  56  67   0   0   2 1.01  0.0    0  5.3 23 210   M    M   3 1      28 290
25  79  54  67   0   0   2    T  0.0    0  6.3 22 360   M    M   3 1      29  10
26  63  47  55 -12  10   0 0.00  0.0    0  8.2 18  20   M    M   9        26  30
27  69  43  56 -10   9   0 0.00  0.0    0  2.9 10 300   M    M   3 18     13 320
28  75  53  64  -2   1   0 0.00  0.0    0  7.0 18 350   M    M   0        55 220
29  79  49  64  -2   1   0 0.00  0.0    0  0.3  7 310   M    M   0 1      18 200
30  76  51  64  -1   1   0 0.00  0.0    0  6.7 17 360   M    M   0        25 360
================================================================================
SM 2464 1843        22 232  6.83     0.0 222.9          M      106
================================================================================
AV 82.1 61.4                               7.4 FASTST   M    M   4    MAX(MPH)
                                 MISC ---->  # 32 300               # 59  150
================================================================================
NOTES:
# LAST OF SEVERAL OCCURRENCES

COLUMN 17 PEAK WIND IN M.P.H.

PRELIMINARY LOCAL CLIMATOLOGICAL DATA (WS FORM: F-6) , PAGE 2

                                          STATION:  JOPLIN MO
                                          MONTH:    SEPTEMBER
                                          YEAR:     2010
                                          LATITUDE:   37 10 N
                                          LONGITUDE:  94 30 W

[TEMPERATURE DATA]      [PRECIPITATION DATA]       SYMBOLS USED IN COLUMN 16

AVERAGE MONTHLY: 71.8   TOTAL FOR MONTH:   6.83    1 = FOG OR MIST
DPTR FM NORMAL:   1.7   DPTR FM NORMAL:    1.61    2 = FOG REDUCING VISIBILITY
HIGHEST:    93 ON  2    GRTST 24HR  2.06 ON  8- 9      TO 1/4 MILE OR LESS
LOWEST:     43 ON 27                               3 = THUNDER
                        SNOW, ICE PELLETS, HAIL    4 = ICE PELLETS
                        TOTAL MONTH:   0.0 INCH    5 = HAIL
                        GRTST 24HR     0.0         6 = FREEZING RAIN OR DRIZZLE
                        GRTST DEPTH:   0           7 = DUSTSTORM OR SANDSTORM:
                                                       VSBY 1/2 MILE OR LESS
                                                   8 = SMOKE OR HAZE
[NO. OF DAYS WITH]      [WEATHER - DAYS WITH]      9 = BLOWING SNOW
                                                   X = TORNADO
MAX 32 OR BELOW:   0    0.01 INCH OR MORE:  12
MAX 90 OR ABOVE:   6    0.10 INCH OR MORE:  10
MIN 32 OR BELOW:   0    0.50 INCH OR MORE:   5
MIN  0 OR BELOW:   0    1.00 INCH OR MORE:   3

[HDD (BASE 65) ]
TOTAL THIS MO.    22    CLEAR  (SCALE 0-3)  15
DPTR FM NORMAL   -25    PTCLDY (SCALE 4-7)  12
TOTAL FM JUL 1    22    CLOUDY (SCALE 8-10)  3
DPTR FM NORMAL   -29

[CDD (BASE 65) ]
TOTAL THIS MO.   232
DPTR FM NORMAL    32    [PRESSURE DATA]
TOTAL FM JAN 1  1938    HIGHEST SLP 30.15 ON M
DPTR FM NORMAL   415    LOWEST  SLP 29.71 ON 10

[REMARKS]
#FINAL-09-10#
