000
CXUS53 KSGF 010815
CF6JLN
PRELIMINARY LOCAL CLIMATOLOGICAL DATA (WS FORM: F-6)

                                          STATION:   JOPLIN MO
                                          MONTH:     JUNE
                                          YEAR:      2010
                                          LATITUDE:   37 10 N
                                          LONGITUDE:  94 30 W

  TEMPERATURE IN F:       :PCPN:    SNOW:  WIND      :SUNSHINE: SKY     :PK WND
================================================================================
1   2   3   4   5  6A  6B    7    8   9   10  11  12  13   14  15   16   17  18
                                     12Z  AVG MX 2MIN
DY MAX MIN AVG DEP HDD CDD  WTR  SNW DPTH SPD SPD DIR MIN PSBL S-S WX    SPD DR
================================================================================

 1  92  67  80   9   0  15 0.00  0.0    0   M   M   M   M    M   0         M  M
 2  93  63  78   7   0  13 0.98  0.0    0 13.1 49 320   M    M   1 13     60 330
 3  85  64  75   4   0  10 0.01  0.0    0  3.1 13 210   M    M   2 13     17  20
 4  88  66  77   5   0  12 0.00  0.0    0  8.6 15 220   M    M   3        20 220
 5  90  71  81   9   0  16 0.00  0.0    0 10.4 18 180   M    M   3        22 190
 6  85  68  77   5   0  12 0.00  0.0    0  7.4 17 340   M    M   3        22 330
 7  76  61  69  -4   0   4 0.31  0.0    0  6.3 26 300   M    M   7 13     33 300
 8  90  68  79   6   0  14 0.00  0.0    0 11.9 25 200   M    M   4 8      33 190
 9  84  68  76   3   0  11 0.65  0.0    0  7.2 22 210   M    M   5 13     29 200
10  85  71  78   4   0  13 0.00  0.0    0 11.3 22 200   M    M   5 1      26 180
11  86  72  79   5   0  14    T  0.0    0 13.8 22 200   M    M   6        28 190
12  89  75  82   8   0  17 0.00  0.0    0  9.6 23 200   M    M   3 18     29 210
13  91  72  82   8   0  17 0.00  0.0    0 10.3 22 220   M    M   2 1      28 200
14  80  67  74  -1   0   9 1.34  0.0    0  9.1 24 200   M    M   4 13     32 200
15  83  66  75   0   0  10 0.23  0.0    0  6.7 17 270   M    M   7 1      20 270
16  91  67  79   4   0  14 0.30  0.0    0  5.6 29 210   M    M   3 138    36 210
17  91  72  82   7   0  17 0.00  0.0    0 11.5 23 220   M    M   1        29 220
18  91  75  83   7   0  18 0.00  0.0    0 12.0 22 200   M    M   1        31 210
19  94  75  85   9   0  20 0.20  0.0    0  9.7 18  30   M    M   3        25 150
20  92  67  80   4   0  15 0.00  0.0    0  5.5 14 180   M    M   2        21 190
21  93  75  84   8   0  19 0.00  0.0    0  9.9 21 210   M    M   2        26 170
22  95  76  86  10   0  21 0.00  0.0    0 11.0 21 210   M    M   1        25 170
23  94  74  84   7   0  19    T  0.0    0  9.3 21 180   M    M   0 8      24 180
24  89  71  80   3   0  15    T  0.0    0  6.5 12  10   M    M   2        23 290
25  93  77  85   8   0  20 0.00  0.0    0  5.9 12 190   M    M   3 8      16 220
26  92  74  83   6   0  18 0.00  0.0    0   M   M   M   M    M   1         M  M
27  93  71  82   4   0  17 0.20  0.0    0 13.0 36 240   M    M   2 13     46 320
28  89  70  80   2   0  15 0.00  0.0    0  3.0 13 350   M    M   2 1      25 160
29  87  65  76  -2   0  11 0.00  0.0    0  4.1 12  30   M    M   1 1      31  20
30  87  61  74  -4   0   9 0.00  0.0    0  7.3 15  80   M    M   1        22  50
================================================================================
SM 2668 2089         0 435  4.22     0.0 243.1          M       80
================================================================================
AV 88.9 69.6                               8.7 FASTST   M    M   3    MAX(MPH)
                                 MISC ---->  # 49 320               # 60  330
================================================================================
NOTES:
# LAST OF SEVERAL OCCURRENCES

COLUMN 17 PEAK WIND IN M.P.H.

PRELIMINARY LOCAL CLIMATOLOGICAL DATA (WS FORM: F-6) , PAGE 2

                                          STATION:  JOPLIN MO
                                          MONTH:    JUNE
                                          YEAR:     2010
                                          LATITUDE:   37 10 N
                                          LONGITUDE:  94 30 W

[TEMPERATURE DATA]      [PRECIPITATION DATA]       SYMBOLS USED IN COLUMN 16

AVERAGE MONTHLY: 79.3   TOTAL FOR MONTH:   4.22    1 = FOG OR MIST
DPTR FM NORMAL:   4.5   DPTR FM NORMAL:   -1.20    2 = FOG REDUCING VISIBILITY
HIGHEST:    95 ON 22    GRTST 24HR  1.34 ON 14-14      TO 1/4 MILE OR LESS
LOWEST:     61 ON 30, 7                            3 = THUNDER
                        SNOW, ICE PELLETS, HAIL    4 = ICE PELLETS
                        TOTAL MONTH:   0.0 INCH    5 = HAIL
                        GRTST 24HR     0.0         6 = FREEZING RAIN OR DRIZZLE
                        GRTST DEPTH:   0           7 = DUSTSTORM OR SANDSTORM:
                                                       VSBY 1/2 MILE OR LESS
                                                   8 = SMOKE OR HAZE
[NO. OF DAYS WITH]      [WEATHER - DAYS WITH]      9 = BLOWING SNOW
                                                   X = TORNADO
MAX 32 OR BELOW:   0    0.01 INCH OR MORE:   9
MAX 90 OR ABOVE:  16    0.10 INCH OR MORE:   8
MIN 32 OR BELOW:   0    0.50 INCH OR MORE:   3
MIN  0 OR BELOW:   0    1.00 INCH OR MORE:   1

[HDD (BASE 65) ]
TOTAL THIS MO.     0    CLEAR  (SCALE 0-3)  22
DPTR FM NORMAL    -8    PTCLDY (SCALE 4-7)   8
TOTAL FM JUL 1  4512    CLOUDY (SCALE 8-10)  0
DPTR FM NORMAL   259

[CDD (BASE 65) ]
TOTAL THIS MO.   435
DPTR FM NORMAL   136    [PRESSURE DATA]
TOTAL FM JAN 1   634    HIGHEST SLP 30.21 ON 30
DPTR FM NORMAL   195    LOWEST  SLP 29.64 ON  2

[REMARKS]
#FINAL-06-10#
