000
CXUS53 KSGF 010800
CF6JLN
PRELIMINARY LOCAL CLIMATOLOGICAL DATA (WS FORM: F-6)

                                          STATION:   JOPLIN MO
                                          MONTH:     AUGUST
                                          YEAR:      2010
                                          LATITUDE:   37 10 N
                                          LONGITUDE:  94 30 W

  TEMPERATURE IN F:       :PCPN:    SNOW:  WIND      :SUNSHINE: SKY     :PK WND
================================================================================
1   2   3   4   5  6A  6B    7    8   9   10  11  12  13   14  15   16   17  18
                                     12Z  AVG MX 2MIN
DY MAX MIN AVG DEP HDD CDD  WTR  SNW DPTH SPD SPD DIR MIN PSBL S-S WX    SPD DR
================================================================================

 1  93  73  83   2   0  18 0.00  0.0    0  4.8 10  50   M    M   1        15  80
 2 102  79  91  11   0  26 0.00  0.0    0  9.1 18 220   M    M   0        24 220
 3 101  77  89   9   0  24 0.00  0.0    0 11.1 21 220   M    M   0        25 230
 4 101  74  88   8   0  23 0.00  0.0    0  8.0 20 250   M    M   0        25 220
 5  83  72  78  -2   0  13 0.76  0.0    0  3.3 16  40   M    M   4 123    46 210
 6  90  71  81   1   0  16 0.00  0.0    0  6.0 14 100   M    M   3 18     28  90
 7  90  72  81   1   0  16 0.00  0.0    0   M   M   M   M    M   M 18      M  M
 8  98  75  87   7   0  22 0.00  0.0    0  6.8 16 210   M    M   0 18      M  M
 9  97  79  88   8   0  23 0.00  0.0    0  8.1 14 190   M    M   0        20 170
10  99  75  87   7   0  22 0.00  0.0    0  7.1 14 240   M    M   0        18 220
11 100  77  89   9   0  24 0.00  0.0    0  6.0 13 250   M    M   0        16 250
12 101  77  89   9   0  24 0.00  0.0    0  6.1 13 170   M    M   0        17 220
13 102  73  88   9   0  23    M  0.0    0 10.5 22  20   M    M   1 38     33 120
14 100  72  86   7   0  21    M  0.0    0 12.1 28 310   M    M   2 138    36 280
15  91  71  81   2   0  16    M  0.0    0  6.9 23 340   M    M   3 13     29 330
16  90  64  77  -2   0  12 0.00  0.0    0  6.6 15  30   M    M   1        18  50
17  80  68  74  -5   0   9 0.08  0.0    0  4.9 12 130   M    M   5 1      17 130
18  88  68  78  -1   0  13 0.00  0.0    0  2.4  9 320   M    M   6 1       M  M
19  96  65  81   3   0  16 0.00  0.0    0  2.8 10 230   M    M   2 12     21  90
20 100  76  88  10   0  23 0.00  0.0    0 14.1 25 230   M    M   1        36 210
21  96  75  86   8   0  21 0.00  0.0    0  7.0 17 220   M    M   1        23 240
22  95  71  83   5   0  18 0.00  0.0    0  7.7 14  40   M    M   1 1      22  80
23  97  73  85   8   0  20 0.00  0.0    0  6.9 15 130   M    M   1        20 140
24  90  67  79   2   0  14 0.00  0.0    0  9.9 22 350   M    M   2        31 310
25  84  59  72  -5   0   7 0.00  0.0    0  6.8  8  20   M    M   2        10  20
26  87  53  70  -7   0   5 0.00  0.0    0   M   M   M   M    M   2         M  M
27  92  55  74  -2   0   9 0.00    M    M  5.3 14 150   M    M   1        31  30
28  96  65  81   5   0  16 0.00    M    M  8.9 16 160   M    M   1        31 140
29  95  74  85   9   0  20 0.00  0.0    0 10.9 21 180   M    M   1        25 180
30  96  73  85  10   0  20 0.00  0.0    0 11.0 21 170   M    M   3        28 200
31  99  78  89  14   0  24 0.00  0.0    0 14.2 23 180   M    M   3         M  M
================================================================================
SM 2929 2201         0 558  0.84     0.0 225.3          M       47
================================================================================
AV 94.5 71.0                               7.8 FASTST   M    M   2    MAX(MPH)
                                 MISC ---->  # 28 310               # 46  210
================================================================================
NOTES:
# LAST OF SEVERAL OCCURRENCES

COLUMN 17 PEAK WIND IN M.P.H.

PRELIMINARY LOCAL CLIMATOLOGICAL DATA (WS FORM: F-6) , PAGE 2

                                          STATION:  JOPLIN MO
                                          MONTH:    AUGUST
                                          YEAR:     2010
                                          LATITUDE:   37 10 N
                                          LONGITUDE:  94 30 W

[TEMPERATURE DATA]      [PRECIPITATION DATA]       SYMBOLS USED IN COLUMN 16

AVERAGE MONTHLY: 82.7   TOTAL FOR MONTH:   0.84    1 = FOG OR MIST
DPTR FM NORMAL:   4.2   DPTR FM NORMAL:   -2.98    2 = FOG REDUCING VISIBILITY
HIGHEST:   102 ON 13, 2 GRTST 24HR  0.76 ON  4- 5      TO 1/4 MILE OR LESS
LOWEST:     53 ON 26                               3 = THUNDER
                        SNOW, ICE PELLETS, HAIL    4 = ICE PELLETS
                        TOTAL MONTH:   0.0 INCH    5 = HAIL
                        GRTST 24HR     0.0         6 = FREEZING RAIN OR DRIZZLE
                        GRTST DEPTH:   0           7 = DUSTSTORM OR SANDSTORM:
                                                       VSBY 1/2 MILE OR LESS
                                                   8 = SMOKE OR HAZE
[NO. OF DAYS WITH]      [WEATHER - DAYS WITH]      9 = BLOWING SNOW
                                                   X = TORNADO
MAX 32 OR BELOW:   0    0.01 INCH OR MORE:   2
MAX 90 OR ABOVE:  26    0.10 INCH OR MORE:   1
MIN 32 OR BELOW:   0    0.50 INCH OR MORE:   1
MIN  0 OR BELOW:   0    1.00 INCH OR MORE:   0

[HDD (BASE 65) ]
TOTAL THIS MO.     0    CLEAR  (SCALE 0-3)  25
DPTR FM NORMAL    -4    PTCLDY (SCALE 4-7)   5
TOTAL FM JUL 1     0    CLOUDY (SCALE 8-10)  0
DPTR FM NORMAL    -4

[CDD (BASE 65) ]
TOTAL THIS MO.   558
DPTR FM NORMAL   136    [PRESSURE DATA]
TOTAL FM JAN 1  1706    HIGHEST SLP 30.15 ON 27
DPTR FM NORMAL   383    LOWEST  SLP 29.66 ON 13

[REMARKS]
#FINAL-08-10#
