000
CXUS53 KSGF 010800
CF6JLN
PRELIMINARY LOCAL CLIMATOLOGICAL DATA (WS FORM: F-6)

                                          STATION:   JOPLIN MO
                                          MONTH:     JANUARY
                                          YEAR:      2016
                                          LATITUDE:   37 10 N
                                          LONGITUDE:  94 30 W

  TEMPERATURE IN F:       :PCPN:    SNOW:  WIND      :SUNSHINE: SKY     :PK WND
================================================================================
1   2   3   4   5  6A  6B    7    8   9   10  11  12  13   14  15   16   17  18
                                     12Z  AVG MX 2MIN
DY MAX MIN AVG DEP HDD CDD  WTR  SNW DPTH SPD SPD DIR MIN PSBL S-S WX    SPD DR
================================================================================

 1  41  22  32  -3  33   0 0.00    M    M  5.8 15 300   M    M   0 1      20 280
 2  50  26  38   3  27   0 0.00    M    M  8.1 15 250   M    M   0        21 200
 3  43  23  33  -2  32   0 0.00    M    M  5.6 13 360   0    0   0         M  M
 4   M   M   M   M   M   M    M    M    M   M   M   M   M    M   M         M  M
 5  42  24  33  -2  32   0 0.00    M    M  6.5 15 150   M    M   0        19 150
 6  46  31  39   4  26   0    T    M    M  9.0 18 170   M    M   8 4      23 160
 7  50  43  47  12  18   0 0.25    M    M  9.6 16 160   M    M  10 1      24 100
 8  50  37  44   9  21   0    T    M    M 10.1 20 210   M    M   9        23 200
 9  37  17  27  -7  38   0 0.02    M    M 14.9 23 340   M    M   9 1      28 350
10  24   7  16 -18  49   0 0.00    M    M  8.4 18 340   M    M   3        22 320
11  42  19  31  -3  34   0 0.00    M    M 12.4 23 240   M    M   3        29 230
12  42  24  33  -1  32   0 0.00    M    M  7.3 16 230   M    M   0        22 240
13  56  22  39   4  26   0 0.00    M    M  8.3 17 220   M    M   0        22 220
14  64  42  53  18  12   0 0.00    M    M 16.3 31 190   M    M   1        38 200
15  54  24  39   4  26   0 0.03    M    M 10.3 23 320   M    M   3 1      33 180
16  35  20  28  -7  37   0 0.00    M    M  4.6 12 350   M    M   0        14 340
17  23  14  19 -16  46   0    T    M    M  9.3 18 360   M    M   7        24 350
18  29   6  18 -17  47   0 0.00    M    M  4.0 12 350   M    M   4        16 150
19  32  25  29  -6  36   0 0.00    M    M  9.1 18 110   M    M  10 18     25 120
20  30  24  27  -8  38   0 0.00    M    M  6.6 21  90   M    M  10 1      27  90
21  32  24  28  -7  37   0    T    M    M  8.4 17 360   M    M  10 1      24  10
22  33  22  28  -7  37   0 0.00    M    M 10.7 20 360   M    M   8 18     24 360
23  37  25  31  -4  34   0 0.00    M    M  5.8 22 290   M    M   6 18     30  10
24  54  32  43   8  22   0 0.00    M    M 17.7 28 180   M    M   0         M  M
25  58  35  47  12  18   0 0.00    M    M 18.0 32 220   M    M   7 8      46 200
26  43  23  33  -3  32   0 0.00    M    M  6.9 18 330   M    M   5 18     24 320
27  51  18  35  -1  30   0 0.00    M    M  7.6 17 220   M    M   0 1      27 180
28  62  31  47  11  18   0 0.00    M    M  8.6 26 300   M    M   2        33 310
29  73  27  50  14  15   0 0.00    M    M 11.4 26 180   M    M   0        34 190
30  68  34  51  15  14   0 0.00    M    M  9.8 29 180   M    M   0        39 180
31  62  41  52  16  13   0 0.00    M    M 12.8 30 180   M    M   0        39 190
================================================================================
SM 1363  762       880   0  0.30    M    283.9            0    115
================================================================================
AV 45.4 25.4                               9.5 FASTST    0   0   4    MAX(MPH)
                                 MISC ---->  # 32 220               # 46  200
================================================================================
NOTES:
# LAST OF SEVERAL OCCURRENCES

COLUMN 17 PEAK WIND IN M.P.H.

PRELIMINARY LOCAL CLIMATOLOGICAL DATA (WS FORM: F-6) , PAGE 2

                                          STATION:  JOPLIN MO
                                          MONTH:    JANUARY
                                          YEAR:     2016
                                          LATITUDE:   37 10 N
                                          LONGITUDE:  94 30 W

[TEMPERATURE DATA]      [PRECIPITATION DATA]       SYMBOLS USED IN COLUMN 16

AVERAGE MONTHLY: 35.4   TOTAL FOR MONTH:   0.30    1 = FOG OR MIST
DPTR FM NORMAL:   0.5   DPTR FM NORMAL:   -1.73    2 = FOG REDUCING VISIBILITY
HIGHEST:    73 ON 29    GRTST 24HR  0.25 ON  7- 7      TO 1/4 MILE OR LESS
LOWEST:      6 ON 18                               3 = THUNDER
                        SNOW, ICE PELLETS, HAIL    4 = ICE PELLETS
                        TOTAL MONTH:    M          5 = HAIL
                        GRTST 24HR    M  ON   M    6 = FREEZING RAIN OR DRIZZLE
                        GRTST DEPTH:  M  ON   M    7 = DUSTSTORM OR SANDSTORM:
                                                       VSBY 1/2 MILE OR LESS
                                                   8 = SMOKE OR HAZE
[NO. OF DAYS WITH]      [WEATHER - DAYS WITH]      9 = BLOWING SNOW
                                                   X = TORNADO
MAX 32 OR BELOW:   6    0.01 INCH OR MORE:   3
MAX 90 OR ABOVE:   0    0.10 INCH OR MORE:   1
MIN 32 OR BELOW:  24    0.50 INCH OR MORE:   0
MIN  0 OR BELOW:   0    1.00 INCH OR MORE:   0

[HDD (BASE 65) ]
TOTAL THIS MO.   880    CLEAR  (SCALE 0-3)  16
DPTR FM NORMAL   -52    PTCLDY (SCALE 4-7)   8
TOTAL FM JUL 1  2135    CLOUDY (SCALE 8-10)  6
DPTR FM NORMAL  -414

[CDD (BASE 65) ]
TOTAL THIS MO.     0
DPTR FM NORMAL     0    [PRESSURE DATA]
TOTAL FM JAN 1     0    HIGHEST SLP M ON M
DPTR FM NORMAL     0    LOWEST  SLP 29.48 ON 15

[REMARKS]
#FINAL-01-16#
