000
CXUS53 KSGF 010800
CF6JLN
PRELIMINARY LOCAL CLIMATOLOGICAL DATA (WS FORM: F-6)

                                          STATION:   JOPLIN MO
                                          MONTH:     MAY
                                          YEAR:      2015
                                          LATITUDE:   37 10 N
                                          LONGITUDE:  94 30 W

  TEMPERATURE IN F:       :PCPN:    SNOW:  WIND      :SUNSHINE: SKY     :PK WND
================================================================================
1   2   3   4   5  6A  6B    7    8   9   10  11  12  13   14  15   16   17  18
                                     12Z  AVG MX 2MIN
DY MAX MIN AVG DEP HDD CDD  WTR  SNW DPTH SPD SPD DIR MIN PSBL S-S WX    SPD DR
================================================================================

 1  75  42  59  -4   6   0 0.00    M    M  4.8 15 140   M    M   0        19 140
 2  79  50  65   2   0   0    T    M    M  9.3 16 190   M    M   0        20 180
 3  81  59  70   6   0   5    T    M    M 13.6 28 200   M    M   1        34 200
 4  82  64  73   9   0   8    T    M    M 12.3 22 200   M    M   2        27 200
 5  81  61  71   7   0   6    T    M    M 10.2 25 130   M    M   3        37 130
 6  81  61  71   7   0   6 0.28    M    M 17.1 28 160   M    M   6 1      36 160
 7  81  65  73   8   0   8 0.03    M    M 10.3 30 180   M    M   4        37 180
 8  78  64  71   6   0   6 0.96    M    M  5.6 24 170   M    M   7 13     33 170
 9  76  61  69   4   0   4 0.56    M    M  8.3 21 190   M    M   6 13     29 200
10  74  61  68   3   0   3 0.59    M    M 12.3 30 190   M    M   4 13     46 190
11  65  47  56 -10   9   0    T    M    M  9.2 21 250   M    M   1 1      24 250
12  70  43  57  -9   8   0 0.00    M    M  5.2 14 310   M    M   0        22 310
13  68  43  56 -10   9   0 0.02    M    M  8.7 23 130   M    M   6        35 130
14  78  57  68   2   0   3 1.43    M    M 10.8 22 230   M    M   6 1      28 140
15  80  65  73   6   0   8    T    M    M 10.4 22 190   M    M   3        28 180
16  83  64  74   7   0   9 0.13    M    M 12.8 25 280   M    M   4 13     34 270
17  79  62  71   4   0   6 1.30    M    M 13.5 28 220   M    M   1 13     40 210
18  81  59  70   3   0   5 0.00    M    M  8.1 17 360   M    M   1 8      22 350
19  68  51  60  -8   5   0 0.07    M    M  9.5 17  90   M    M   2 1      23  80
20  65  51  58 -10   7   0 0.52    M    M  9.8 21 310   M    M  10 1      25 300
21  66  45  56 -12   9   0 0.00    M    M  4.4 10  60   M    M   6 1      17  40
22  66  44  55 -13  10   0    T    M    M  7.0 14 120   M    M   4 1      19 120
23  75  56  66  -3   0   1 0.46    M    M  9.0 16 120   M    M   9 138    27 110
24  68  61  65  -4   0   0 2.48    M    M  6.9 23 190   M    M  10 13     29 180
25  82  61  72   3   0   7 0.12    M    M  9.6 25 170   M    M   6 38     35 200
26  78  62  70   0   0   5 0.03    M    M 10.2 21 200   M    M   6 13     28 200
27  85  65  75   5   0  10    T    M    M  3.2 15 220   M    M   5 3      19 230
28  77  64  71   1   0   6 0.24    M    M  5.3 22 270   M    M   5 13     28 280
29  73  63  68  -2   0   3 1.13    M    M  7.1 21 300   M    M   6 13     26 290
30  66  59  63  -8   2   0 0.00    M    M  7.5 16 320   M    M  10 1      21 340
31  68  58  63  -8   2   0 0.06    M    M  6.2 13 340   M    M  10 18     18  60
================================================================================
SM 2329 1768        67 109 10.41    M    278.2          M      144
================================================================================
AV 75.1 57.0                               9.0 FASTST   M    M   5    MAX(MPH)
                                 MISC ---->  # 30 180               # 46  190
================================================================================
NOTES:
# LAST OF SEVERAL OCCURRENCES

COLUMN 17 PEAK WIND IN M.P.H.

PRELIMINARY LOCAL CLIMATOLOGICAL DATA (WS FORM: F-6) , PAGE 2

                                          STATION:  JOPLIN MO
                                          MONTH:    MAY
                                          YEAR:     2015
                                          LATITUDE:   37 10 N
                                          LONGITUDE:  94 30 W

[TEMPERATURE DATA]      [PRECIPITATION DATA]       SYMBOLS USED IN COLUMN 16

AVERAGE MONTHLY: 66.1   TOTAL FOR MONTH:  10.41    1 = FOG OR MIST
DPTR FM NORMAL:  -0.9   DPTR FM NORMAL:    4.70    2 = FOG REDUCING VISIBILITY
HIGHEST:    85 ON 27    GRTST 24HR  2.66 ON 23-24      TO 1/4 MILE OR LESS
LOWEST:     42 ON  1                               3 = THUNDER
                        SNOW, ICE PELLETS, HAIL    4 = ICE PELLETS
                        TOTAL MONTH:    M          5 = HAIL
                        GRTST 24HR    M  ON   M    6 = FREEZING RAIN OR DRIZZLE
                        GRTST DEPTH:  M  ON   M    7 = DUSTSTORM OR SANDSTORM:
                                                       VSBY 1/2 MILE OR LESS
                                                   8 = SMOKE OR HAZE
[NO. OF DAYS WITH]      [WEATHER - DAYS WITH]      9 = BLOWING SNOW
                                                   X = TORNADO
MAX 32 OR BELOW:   0    0.01 INCH OR MORE:  18
MAX 90 OR ABOVE:   0    0.10 INCH OR MORE:  13
MIN 32 OR BELOW:   0    0.50 INCH OR MORE:   8
MIN  0 OR BELOW:   0    1.00 INCH OR MORE:   4

[HDD (BASE 65) ]
TOTAL THIS MO.    67    CLEAR  (SCALE 0-3)  11
DPTR FM NORMAL     1    PTCLDY (SCALE 4-7)  15
TOTAL FM JUL 1  4290    CLOUDY (SCALE 8-10)  5
DPTR FM NORMAL   221

[CDD (BASE 65) ]
TOTAL THIS MO.   109
DPTR FM NORMAL   -17    [PRESSURE DATA]
TOTAL FM JAN 1   144    HIGHEST SLP M ON M
DPTR FM NORMAL   -36    LOWEST  SLP 29.73 ON 26

[REMARKS]
#FINAL-05-15#
