000
CXUS53 KSGF 181501
CF6JLN
PRELIMINARY LOCAL CLIMATOLOGICAL DATA (WS FORM: F-6)

                                          STATION:   JOPLIN MO
                                          MONTH:     MARCH
                                          YEAR:      2014
                                          LATITUDE:   37 10 N
                                          LONGITUDE:  94 30 W

  TEMPERATURE IN F:       :PCPN:    SNOW:  WIND      :SUNSHINE: SKY     :PK WND
================================================================================
1   2   3   4   5  6A  6B    7    8   9   10  11  12  13   14  15   16   17  18
                                     12Z  AVG MX 2MIN
DY MAX MIN AVG DEP HDD CDD  WTR  SNW DPTH SPD SPD DIR MIN PSBL S-S WX    SPD DR
================================================================================

 1  46  22  34 -10  31   0    T    M    M  9.7 21  10   M    M  10 168    27 360
 2  22   4  13 -31  52   0 0.16    M    M 15.7 23  20   M    M  10 14689  34  10
 3  18   1  10 -35  55   0 0.05    M    M  6.7 20 340   M    M   3 1      26  20
 4  42  10  26 -19  39   0 0.00    M    M  5.1 12 160   M    M   0        18 160
 5  46  23  35 -11  30   0 0.00    M    M  4.8  M  90   M    M   3         M  M
 6  53  26  40  -6  25   0 0.00    M    M  3.9 10 290   M    M   2 18     13 290
 7  63  32  48   2  17   0 0.00    M    M  8.5 23 190   M    M   1        27 190
 8  43  29  36 -10  29   0 0.29    M    M  7.3 17  10   M    M   8 128    24  10
 9  56  23  40  -7  25   0 0.00    M    M  6.9 16 210   M    M   5 128    21 200
10  73  43  58  11   7   0 0.00    M    M 15.7 28 220   M    M   0 18     39 190
11  79  41  60  13   5   0 0.00    M    M 17.9 35 350   M    M   2        41 340
12  54  35  45  -3  20   0    T    M    M 14.7 37 340   M    M   2        48 360
13  67  34  51   3  14   0 0.00    M    M 12.3 24 230   M    M   0        30 220
14  67  42  55   7  10   0 0.00    M    M 11.8 25 200   M    M   1        40 190
15  70  38  54   5  11   0 0.02    M    M  8.2 18 190   M    M   4 1      29 140
16  55  27  41  -8  24   0 1.22    M    M 15.1 28 360   M    M   8 128    38  20
17  52  19  36 -13  29   0 0.00    M    M  5.3 13 160   M    M   0        20 150
18  69  41  55   5  10   0 0.00    M    M 18.5 38 180   M    M   0        48 180
19  54  35  45  -5  20   0 0.00    M    M 12.2 24 310   M    M   5        32 290
20  68  33  51   1  14   0 0.00    M    M 13.2 24 190   M    M   0        31 220
21  72  48  60  10   5   0 0.00    M    M 14.8 31 190   M    M   0        39 180
22  53  35  44  -7  21   0 0.00    M    M 12.7 20  20   M    M   2        28  30
23  46  26  36 -15  29   0 0.00    M    M  9.6 21  10   M    M   1        30  20
24  50  26  38 -13  27   0    T    M    M  7.8 22 350   M    M   7 1      27 330
25  44  28  36 -16  29   0 0.00    M    M  7.7 22 340   M    M   5 12     28 340
26  56  30  43  -9  22   0 0.12    M    M 15.0 33 200   M    M   5        43 210
27  72  43  58   6   7   0 0.02    M    M 22.9 39 200   M    M   7 3      53 210
28  52  34  43 -10  22   0    T    M    M  8.3 16 360   M    M   3        21  20
29  59  31  45  -8  20   0 0.00    M    M  6.2 15 330   M    M   0 18     20 320
30  73  38  56   3   9   0 0.00    M    M 14.1 23 210   M    M   0        29 170
31  70  50  60   6   5   0    T    M    M 19.6 35 210   M    M   1 3      44 190
================================================================================
SM 1744  947       663   0  1.88    M    352.2          M       95
================================================================================
AV 56.3 30.5                              11.4 FASTST   M    M   3    MAX(MPH)
                                 MISC ---->  # 39 200               # 53  210
================================================================================
NOTES:
# LAST OF SEVERAL OCCURRENCES

COLUMN 17 PEAK WIND IN M.P.H.

PRELIMINARY LOCAL CLIMATOLOGICAL DATA (WS FORM: F-6) , PAGE 2

                                          STATION:  JOPLIN MO
                                          MONTH:    MARCH
                                          YEAR:     2014
                                          LATITUDE:   37 10 N
                                          LONGITUDE:  94 30 W

[TEMPERATURE DATA]      [PRECIPITATION DATA]       SYMBOLS USED IN COLUMN 16

AVERAGE MONTHLY: 43.4   TOTAL FOR MONTH:   1.88    1 = FOG OR MIST
DPTR FM NORMAL:  -5.5   DPTR FM NORMAL:   -1.54    2 = FOG REDUCING VISIBILITY
HIGHEST:    79 ON 11    GRTST 24HR  1.22 ON 16-16      TO 1/4 MILE OR LESS
LOWEST:      1 ON  3                               3 = THUNDER
                        SNOW, ICE PELLETS, HAIL    4 = ICE PELLETS
                        TOTAL MONTH:    M          5 = HAIL
                        GRTST 24HR    M  ON   M    6 = FREEZING RAIN OR DRIZZLE
                        GRTST DEPTH:  M  ON   M    7 = DUSTSTORM OR SANDSTORM:
                                                       VSBY 1/2 MILE OR LESS
                                                   8 = SMOKE OR HAZE
[NO. OF DAYS WITH]      [WEATHER - DAYS WITH]      9 = BLOWING SNOW
                                                   X = TORNADO
MAX 32 OR BELOW:   2    0.01 INCH OR MORE:   7
MAX 90 OR ABOVE:   0    0.10 INCH OR MORE:   4
MIN 32 OR BELOW:  16    0.50 INCH OR MORE:   1
MIN  0 OR BELOW:   0    1.00 INCH OR MORE:   1

[HDD (BASE 65) ]
TOTAL THIS MO.   663    CLEAR  (SCALE 0-3)  20
DPTR FM NORMAL   155    PTCLDY (SCALE 4-7)   8
TOTAL FM JUL 1  4512    CLOUDY (SCALE 8-10)  3
DPTR FM NORMAL   750

[CDD (BASE 65) ]
TOTAL THIS MO.     0
DPTR FM NORMAL    -9    [PRESSURE DATA]
TOTAL FM JAN 1     0    HIGHEST SLP 30.58 ON  3
DPTR FM NORMAL   -10    LOWEST  SLP 29.42 ON 11

[REMARKS]
#FINAL-03-14#
