385
CXUS53 KSGF 010800
CF6JLN
PRELIMINARY LOCAL CLIMATOLOGICAL DATA (WS FORM: F-6)

                                          STATION:   JOPLIN MO
                                          MONTH:     OCTOBER
                                          YEAR:      2015
                                          LATITUDE:   37 10 N
                                          LONGITUDE:  94 30 W

  TEMPERATURE IN F:       :PCPN:    SNOW:  WIND      :SUNSHINE: SKY     :PK WND
================================================================================
1   2   3   4   5  6A  6B    7    8   9   10  11  12  13   14  15   16   17  18
                                     12Z  AVG MX 2MIN
DY MAX MIN AVG DEP HDD CDD  WTR  SNW DPTH SPD SPD DIR MIN PSBL S-S WX    SPD DR
================================================================================

 1  70  48  59  -5   6   0 0.00    M    M  7.5 15  40   M    M   M        28  30
 2  67  42  55  -9  10   0 0.00    M    M  7.4 17  10   M    M   M        22  10
 3  68  41  55  -9  10   0 0.00    M    M  6.5 16  30   M    M   M 1      20  50
 4  68  42  55  -8  10   0 0.00    M    M  6.6 15  30   M    M   M        22 100
 5  60  54  57  -6   8   0 0.00  0.0    M  4.8 12  70   M    M   M 1      17  70
 6  78  55  67   4   0   2    T    M    M  3.4 13 350   M    M   2 1      19 280
 7  81  58  70   8   0   5 0.00    M    M  2.8  9  60   M    M   4 1      12  40
 8  84  58  71   9   0   6 0.00    M    M  5.2 14 340   M    M   0 1      19 330
 9  70  46  58  -4   7   0 0.04    M    M  6.6 17 340   M    M   6 1      22 350
10  75  41  58  -4   7   0 0.00    M    M  3.9 10 170   M    M   0 12     14 190
11  86  54  70   9   0   5 0.00    M    M 13.0 25 200   M    M   0        33 190
12  83  55  69   8   0   4 0.00  0.0    0 10.5 21 320   M    M   0        26 330
13  79  42  61   0   4   0 0.00  0.0    0  4.3 15 300   M    M   0        20 320
14  84  47  66   6   0   1 0.00  0.0    0  4.8 13 330   M    M   0        17 340
15  85  51  68   8   0   3    T    M    M  7.5 18  20   M    M   3 3      27  30
16  67  45  56  -4   9   0    T    M    M  7.1 17  50   M    M   1        23 350
17  60  48  54  -6  11   0 0.00    M    M  6.6 15  80   M    M   9 8      22  60
18  74  48  61   2   4   0 0.00    M    M  8.9 16 170   M    M   5        21 170
19  79  52  66   7   0   1    T    M    0 13.7 23 210   M    M   0        27 200
20  82  59  71  12   0   6 0.00    M    0 15.0 25 200   M    M   0        34 200
21  82  59  71  13   0   6 0.00    M    0  9.3 20 200   M    M   0        26 220
22  82  61  72  14   0   7 0.02    M    M  7.3 18 180   M    M   1 1      23 150
23  72  62  67   9   0   2 0.06    M    M 11.4 20 190   M    M   7 1      27 130
24  67  49  58   0   7   0 0.01    M    M  7.3 17 210   M    M   2        20 210
25  63  42  53  -4  12   0 0.00    M    M  7.3 16  40   M    M   0 1      22  40
26  70  40  55  -2  10   0 0.00    M    M  6.4 13 110   M    M   2        25  90
27  62  56  59   2   6   0 0.07    M    M  4.2 12  90   M    M  10 1      28  90
28  65  45  55  -1  10   0 0.00    M    M  8.3 17 280   M    M   6 12     23 310
29  59  34  47  -9  18   0 0.00    M    M  4.0 17 330   M    M   0 8      22 340
30  54  33  44 -12  21   0 0.45    M    M  9.2 22 130   M    M   5 1      32 120
31  59  46  53  -2  12   0 0.05    M    M  5.8 21 140   M    M   6 1      27 150
================================================================================
SM 2235 1513       182  48  0.70     0.0 226.6          M       69
================================================================================
AV 72.1 48.8                               7.3 FASTST   M    M   3    MAX(MPH)
                                 MISC ---->  # 25 200               # 34  200
================================================================================
NOTES:
# LAST OF SEVERAL OCCURRENCES

COLUMN 17 PEAK WIND IN M.P.H.

PRELIMINARY LOCAL CLIMATOLOGICAL DATA (WS FORM: F-6) , PAGE 2

                                          STATION:  JOPLIN MO
                                          MONTH:    OCTOBER
                                          YEAR:     2015
                                          LATITUDE:   37 10 N
                                          LONGITUDE:  94 30 W

[TEMPERATURE DATA]      [PRECIPITATION DATA]       SYMBOLS USED IN COLUMN 16

AVERAGE MONTHLY: 60.5   TOTAL FOR MONTH:   0.70    1 = FOG OR MIST
DPTR FM NORMAL:   0.7   DPTR FM NORMAL:   -3.33    2 = FOG REDUCING VISIBILITY
HIGHEST:    86 ON 11    GRTST 24HR  0.50 ON 30-31      TO 1/4 MILE OR LESS
LOWEST:     33 ON 30                               3 = THUNDER
                        SNOW, ICE PELLETS, HAIL    4 = ICE PELLETS
                        TOTAL MONTH:   0.0 INCH    5 = HAIL
                        GRTST 24HR     0.0         6 = FREEZING RAIN OR DRIZZLE
                        GRTST DEPTH:   0           7 = DUSTSTORM OR SANDSTORM:
                                                       VSBY 1/2 MILE OR LESS
                                                   8 = SMOKE OR HAZE
[NO. OF DAYS WITH]      [WEATHER - DAYS WITH]      9 = BLOWING SNOW
                                                   X = TORNADO
MAX 32 OR BELOW:   0    0.01 INCH OR MORE:   7
MAX 90 OR ABOVE:   0    0.10 INCH OR MORE:   1
MIN 32 OR BELOW:   0    0.50 INCH OR MORE:   0
MIN  0 OR BELOW:   0    1.00 INCH OR MORE:   0

[HDD (BASE 65) ]
TOTAL THIS MO.   182    CLEAR  (SCALE 0-3)  17
DPTR FM NORMAL   -28    PTCLDY (SCALE 4-7)   7
TOTAL FM JUL 1   189    CLOUDY (SCALE 8-10)  2
DPTR FM NORMAL   -63

[CDD (BASE 65) ]
TOTAL THIS MO.    48
DPTR FM NORMAL    -1    [PRESSURE DATA]
TOTAL FM JAN 1  1701    HIGHEST SLP M ON M
DPTR FM NORMAL    10    LOWEST  SLP 29.66 ON 12

[REMARKS]
#FINAL-10-15#
#FINAL-10-15#
