000
CXUS53 KSGF 010800
CF6JLN
PRELIMINARY LOCAL CLIMATOLOGICAL DATA (WS FORM: F-6)

                                          STATION:   JOPLIN MO
                                          MONTH:     MARCH
                                          YEAR:      2010
                                          LATITUDE:   37 10 N
                                          LONGITUDE:  94 30 W

  TEMPERATURE IN F:       :PCPN:    SNOW:  WIND      :SUNSHINE: SKY     :PK WND
================================================================================
1   2   3   4   5  6A  6B    7    8   9   10  11  12  13   14  15   16   17  18
                                     12Z  AVG MX 2MIN
DY MAX MIN AVG DEP HDD CDD  WTR  SNW DPTH SPD SPD DIR MIN PSBL S-S WX    SPD DR
================================================================================

 1  43  31  37  -6  28   0 0.00  0.0    0   M   M   M   M    M   2         M  M
 2  45  29  37  -7  28   0 0.00  0.0    0  6.3 13  30   M    M   7        18  30
 3  49  20  35  -9  30   0 0.00  0.0    0  3.6 28 210   M    M   0 1       M  M
 4  56  22  39  -5  26   0 0.00  0.0    0  3.7  9 100   M    M   0        21 140
 5  67  34  51   6  14   0 0.00  0.0    0  9.2 16 100   M    M   4        38 190
 6  68  43  56  11   9   0 0.00  0.0    0   M   M   M   M    M   6         M  M
 7  71  49  60  15   5   0 0.00  0.0    0 10.8 22 230   M    M   5        30 210
 8  67  41  54   8  11   0 0.37  0.0    0 10.5 25 190   M    M   7 1      37 180
 9  66  50  58  12   7   0 0.00  0.0    0 15.4 31 220   M    M   7        40 220
10  76  38  57  11   8   0 0.45  0.0    0  9.0 33 280   M    M   3 135    41 270
11  47  42  45  -2  20   0 0.00  0.0    0   M   M   M   M    M   9         M  M
12  43  37  40  -7  25   0 0.10  0.0    0   M   M   M   M    M  10         M  M
13  47  37  42  -5  23   0    T  0.0    0 11.9 22 230   M    M   9        29 240
14  50  42  46  -2  19   0 0.00  0.0    0   M   M   M   M    M  10 18      M  M
15  47  39  43  -5  22   0 0.00  0.0    0  7.8 25 180   M    M   9 18      M  M
16  47  38  43  -5  22   0 0.00  0.0    0  7.1 21 340   M    M  10 18      M  M
17  47  37  42  -7  23   0    T  0.0    0  6.1 15 150   M    M  10 1       M  M
18  62  33  48  -1  17   0 0.00  0.0    0  3.7  M   M   M    M   4 18      M  M
19  70  39  55   6  10   0    T  0.0    0 11.2 23 360   M    M   1         M  M
20  39  29  34 -15  31   0 0.57  0.8    1 15.6 23  10   M    M  10 1246   30  10
21  37  30  34 -16  31   0 0.27  4.2    5 15.6 25  10   M    M  10 16     37  10
22  52  30  41  -9  24   0 0.00  0.0    0  4.6 12 260   M    M   1         M  M
23  73  35  54   4  11   0 0.00  0.0    0 10.1 35  50   M    M   0       107  30
24  68  50  59   8   6   0 0.35  0.0    0   M   M   M   M    M   6 123     M  M
25  54  37  46  -5  19   0 1.93  0.0    0 11.7 24 350   M    M   7 12     32 350
26  61  31  46  -5  19   0 0.00  0.0    0  7.9  M   M   M    M   0         M  M
27  66  44  55   3  10   0 0.25  0.0    0 14.6 28 230   M    M   4 1      36 230
28  53  37  45  -7  20   0    T  0.0    0 11.1 24 340   M    M   7        30 340
29  66  30  48  -4  17   0 0.00  0.0    0   M   M  99   M    M   0 1       M  M
30  79  49  64  11   1   0 0.00  0.0    0 18.3 30 190   M    M   0        44 200
31  84  62  73  20   0   8 0.00    M    M 22.4 31 200   M    M   0        41 210
================================================================================
SM 1800 1165       536   8  4.29     5.0 248.2          M      158
================================================================================
AV 58.1 37.6                              10.3 FASTST   M    M   5    MAX(MPH)
                                 MISC ---->  # 35  50               #107   30
================================================================================
NOTES:
# LAST OF SEVERAL OCCURRENCES

COLUMN 17 PEAK WIND IN M.P.H.

PRELIMINARY LOCAL CLIMATOLOGICAL DATA (WS FORM: F-6) , PAGE 2

                                          STATION:  JOPLIN MO
                                          MONTH:    MARCH
                                          YEAR:     2010
                                          LATITUDE:   37 10 N
                                          LONGITUDE:  94 30 W

[TEMPERATURE DATA]      [PRECIPITATION DATA]       SYMBOLS USED IN COLUMN 16

AVERAGE MONTHLY: 47.8   TOTAL FOR MONTH:   4.29    1 = FOG OR MIST
DPTR FM NORMAL:  -0.4   DPTR FM NORMAL:    0.67    2 = FOG REDUCING VISIBILITY
HIGHEST:    84 ON 31    GRTST 24HR  1.93 ON 25-25      TO 1/4 MILE OR LESS
LOWEST:     20 ON  3                               3 = THUNDER
                        SNOW, ICE PELLETS, HAIL    4 = ICE PELLETS
                        TOTAL MONTH:   5.0 INCHES  5 = HAIL
                        GRTST 24HR   4.2 ON   M    6 = FREEZING RAIN OR DRIZZLE
                        GRTST DEPTH:   5 ON 21     7 = DUSTSTORM OR SANDSTORM:
                                                       VSBY 1/2 MILE OR LESS
                                                   8 = SMOKE OR HAZE
[NO. OF DAYS WITH]      [WEATHER - DAYS WITH]      9 = BLOWING SNOW
                                                   X = TORNADO
MAX 32 OR BELOW:   0    0.01 INCH OR MORE:   8
MAX 90 OR ABOVE:   0    0.10 INCH OR MORE:   8
MIN 32 OR BELOW:   9    0.50 INCH OR MORE:   2
MIN  0 OR BELOW:   0    1.00 INCH OR MORE:   1

[HDD (BASE 65) ]
TOTAL THIS MO.   536    CLEAR  (SCALE 0-3)  11
DPTR FM NORMAL    15    PTCLDY (SCALE 4-7)  11
TOTAL FM JUL 1  4299    CLOUDY (SCALE 8-10)  9
DPTR FM NORMAL   378

[CDD (BASE 65) ]
TOTAL THIS MO.     8
DPTR FM NORMAL     8    [PRESSURE DATA]
TOTAL FM JAN 1     8    HIGHEST SLP 30.30 ON 16
DPTR FM NORMAL     8    LOWEST  SLP 29.39 ON 10

[REMARKS]
#FINAL-03-10#
