000
CXUS53 KSGF 010704
CF6JLN
PRELIMINARY LOCAL CLIMATOLOGICAL DATA (WS FORM: F-6)

                                          STATION:   JOPLIN MO
                                          MONTH:     JANUARY
                                          YEAR:      2015
                                          LATITUDE:   37 10 N
                                          LONGITUDE:  94 30 W

  TEMPERATURE IN F:       :PCPN:    SNOW:  WIND      :SUNSHINE: SKY     :PK WND
================================================================================
1   2   3   4   5  6A  6B    7    8   9   10  11  12  13   14  15   16   17  18
                                     12Z  AVG MX 2MIN
DY MAX MIN AVG DEP HDD CDD  WTR  SNW DPTH SPD SPD DIR MIN PSBL S-S WX    SPD DR
================================================================================

 1  33  19  26  -9  39   0 0.01    M    M  6.9 13 200   M    M   8 168    15 200
 2  36  31  34  -1  31   0 0.04    M    M  3.8 10  80   M    M  10 1      13  80
 3  41  35  38   3  27   0 0.15    M    M  5.3 16 270   M    M  10 1      19 280
 4  36  13  25 -10  40   0    T    M    M 13.4 25 310   M    M   5 1      33 320
 5  39  11  25 -10  40   0 0.00  0.0    0  8.3 21 170   M    M   0        24 160
 6  35  21  28  -7  37   0 0.00  0.0    0  9.3 20 220   M    M   0        25 210
 7  26   4  15 -20  50   0    T    M    0 13.3 29 350   M    M   5        35 340
 8  31   2  17 -18  48   0 0.00    M    M 12.7 29 200   M    M   2        36 220
 9  30   9  20 -14  45   0 0.00    M    M 10.4 28 340   M    M   3 8      35 350
10  38   9  24 -10  41   0 0.00    M    M 10.8 21 190   M    M   4        26 200
11  39  30  35   1  30   0 0.06    M    M  5.7 17 180   M    M  10 18     22 170
12  35  20  28  -6  37   0 0.02    M    0 12.0 21  10   M    M   5 18     30 350
13  32  13  23 -12  42   0 0.00  0.0    0  6.6 15  40   M    M   0        19  50
14  36  20  28  -7  37   0    T    M    0  1.2  7 310   M    M   9 6      16 320
15  49  24  37   2  28   0    T    M    M  6.1 14 270   M    M   2 6      18 250
16  59  26  43   8  22   0 0.00    M    M  9.8 21 220   M    M   0        28 210
17  60  36  48  13  17   0 0.00    M    M 13.8 25 240   M    M   0        33 250
18  64  28  46  11  19   0 0.00    M    M 12.0 30 210   M    M   0        37 220
19  67  32  50  15  15   0 0.00    M    M  5.6 12 250   M    M   0        15  30
20  47  31  39   4  26   0 0.17    M    M  4.3 17 340   M    M   4 12     22 330
21  52  28  40   5  25   0 0.00    M    M  4.0 13 340   M    M   2 12     20 230
22  46  27  37   2  28   0 0.00    M    M  6.1 14  50   M    M   3        17  20
23  44  21  33  -2  32   0 0.00    M    M  5.5 14 310   M    M   0 1      25 190
24  57  27  42   7  23   0 0.00    M    M 10.0 25 230   M    M   0        40 230
25  50  35  43   8  22   0 0.00    M    M 16.4 31 320   M    M  10        39 310
26  59  24  42   6  23   0 0.00    M    M  7.6 22 240   M    M   0 1      29 250
27  64  33  49  13  16   0 0.00    M    M  3.5 12 130   M    M   0        16 130
28  76  48  62  26   3   0 0.00    M    M 16.7 31 210   M    M   0        41 200
29  61  30  46  10  19   0 0.00    M    M 13.0 25 340   M    M   4        33 350
30  47  22  35  -1  30   0 0.00    M    M  1.8  8  90   M    M   1 1      12  50
31  49  38  44   8  21   0 0.25    M    M  6.3 15 180   M    M  10 1      21 190
================================================================================
SM 1438  747       913   0  0.70     0.0 262.2          M      107
================================================================================
AV 46.4 24.1                               8.5 FASTST   M    M   3    MAX(MPH)
                                 MISC ---->  # 31 320               # 41  200
================================================================================
NOTES:
# LAST OF SEVERAL OCCURRENCES

COLUMN 17 PEAK WIND IN M.P.H.

PRELIMINARY LOCAL CLIMATOLOGICAL DATA (WS FORM: F-6) , PAGE 2

                                          STATION:  JOPLIN MO
                                          MONTH:    JANUARY
                                          YEAR:     2015
                                          LATITUDE:   37 10 N
                                          LONGITUDE:  94 30 W

[TEMPERATURE DATA]      [PRECIPITATION DATA]       SYMBOLS USED IN COLUMN 16

AVERAGE MONTHLY: 35.2   TOTAL FOR MONTH:   0.70    1 = FOG OR MIST
DPTR FM NORMAL:   0.3   DPTR FM NORMAL:   -1.33    2 = FOG REDUCING VISIBILITY
HIGHEST:    76 ON 28    GRTST 24HR  0.25 ON 31-31      TO 1/4 MILE OR LESS
LOWEST:      2 ON  8                               3 = THUNDER
                        SNOW, ICE PELLETS, HAIL    4 = ICE PELLETS
                        TOTAL MONTH:   0.0 INCH    5 = HAIL
                        GRTST 24HR     0.0         6 = FREEZING RAIN OR DRIZZLE
                        GRTST DEPTH:   0           7 = DUSTSTORM OR SANDSTORM:
                                                       VSBY 1/2 MILE OR LESS
                                                   8 = SMOKE OR HAZE
[NO. OF DAYS WITH]      [WEATHER - DAYS WITH]      9 = BLOWING SNOW
                                                   X = TORNADO
MAX 32 OR BELOW:   4    0.01 INCH OR MORE:   7
MAX 90 OR ABOVE:   0    0.10 INCH OR MORE:   3
MIN 32 OR BELOW:  25    0.50 INCH OR MORE:   0
MIN  0 OR BELOW:   0    1.00 INCH OR MORE:   0

[HDD (BASE 65) ]
TOTAL THIS MO.   913    CLEAR  (SCALE 0-3)  17
DPTR FM NORMAL   -19    PTCLDY (SCALE 4-7)   8
TOTAL FM JUL 1  2599    CLOUDY (SCALE 8-10)  6
DPTR FM NORMAL    50

[CDD (BASE 65) ]
TOTAL THIS MO.     0
DPTR FM NORMAL     0    [PRESSURE DATA]
TOTAL FM JAN 1     0    HIGHEST SLP 31.00 ON  7
DPTR FM NORMAL     0    LOWEST  SLP 29.71 ON 25

[REMARKS]
#FINAL-01-15#
