000
CXUS53 KSGF 010800
CF6JLN
PRELIMINARY LOCAL CLIMATOLOGICAL DATA (WS FORM: F-6)

                                          STATION:   JOPLIN MO
                                          MONTH:     SEPTEMBER
                                          YEAR:      2015
                                          LATITUDE:   37 10 N
                                          LONGITUDE:  94 30 W

  TEMPERATURE IN F:       :PCPN:    SNOW:  WIND      :SUNSHINE: SKY     :PK WND
================================================================================
1   2   3   4   5  6A  6B    7    8   9   10  11  12  13   14  15   16   17  18
                                     12Z  AVG MX 2MIN
DY MAX MIN AVG DEP HDD CDD  WTR  SNW DPTH SPD SPD DIR MIN PSBL S-S WX    SPD DR
================================================================================

 1  88  70  79   2   0  14 0.00    M    M  9.3 18 190   M    M   0        24 170
 2  88  71  80   4   0  15 0.00    M    M  9.5 15 180   M    M   1        23 200
 3  88  69  79   3   0  14 0.00  0.0    0  7.7 15 220   M    M   1        21 180
 4  90  71  81   5   0  16 0.00    M    M  7.9 16 180   M    M   1        20 180
 5  90  73  82   7   0  17 0.00    M    M  8.5 15 190   M    M   1        26 120
 6  92  74  83   8   0  18 0.00    M    M  8.8 16 180   M    M   0        21 170
 7  93  74  84  10   0  19 0.00  0.0    0  9.5 21  90   M    M   1        30  90
 8  81  70  76   2   0  11 0.64  0.0    0  7.7 15 160   M    M   6 138    24 310
 9  85  69  77   3   0  12    T    M    M  1.4  8 110   M    M   6 12     10 120
10  87  65  76   3   0  11 0.02  0.0    0  5.2 25 310   M    M   2 13     37 310
11  76  54  65  -8   0   0 0.28  0.0    0  9.0 20 350   M    M   3 13     26 350
12  71  48  60 -12   5   0 0.00  0.0    0  3.7 13 360   M    M   2        19  30
13  78  54  66  -6   0   1 0.00    M    M  9.9 35 180   M    M   3       178 210
14  80  62  71  -1   0   6    T    M    M 13.4 26 190   M    M   1        33 190
15  83  62  73   2   0   8 0.02    M    M 11.0 18 170   M    M   0        26 170
16  87  66  77   6   0  12 0.00  0.0    0 11.8 23 190   M    M   1        29 190
17  90  72  81  11   0  16 0.00    M    M 14.2 26 200   M    M   0        34 210
18  88  63  76   6   0  11 0.10    M    M 13.9 26 200   M    M   0 13     32 200
19  73  58  66  -3   0   1 0.06    M    M  7.1 15  20   M    M   2 13     18  30
20  72  57  65  -4   0   0    T    M    M  4.5 12 180   M    M   7 8      14 190
21  80  58  69   1   0   4 0.00    M    M  4.7 13 150   M    M   4        18 130
22  85  67  76   8   0  11 0.00    M    M  6.7 14 200   M    M   3        18 200
23  86  66  76   8   0  11 0.00    M    M  5.1 12 150   M    M   0        17 150
24  85  64  75   8   0  10 0.00    M  999  4.1  9 190   M    M   0        13 140
25  85  57  71   4   0   6 0.00    M    M  3.1 10  60   M    M   0 1      14  10
26  83  53  68   2   0   3 0.00    M    M  4.9 14  40   M    M   0 1      19  30
27  82  59  71   5   0   6 0.00    M    M  3.1 10 150   M    M   1        14 140
28  85  61  73   7   0   8 0.00    M    M  4.1 10 130   M    M   0        15 120
29  85  56  71   6   0   6 0.00    M    M  5.0 15  20   M    M   M 2      21  20
30  73  54  64  -1   1   0 0.00    M    M  6.9 13  20   M    M   M 1      19  20
================================================================================
SM 2509 1897         6 267  1.12     0.0 221.7          M       46
================================================================================
AV 83.6 63.2                               7.4 FASTST   M    M   2    MAX(MPH)
                                 MISC ---->  # 35 180               #178  210
================================================================================
NOTES:
# LAST OF SEVERAL OCCURRENCES

COLUMN 17 PEAK WIND IN M.P.H.

PRELIMINARY LOCAL CLIMATOLOGICAL DATA (WS FORM: F-6) , PAGE 2

                                          STATION:  JOPLIN MO
                                          MONTH:    SEPTEMBER
                                          YEAR:     2015
                                          LATITUDE:   37 10 N
                                          LONGITUDE:  94 30 W

[TEMPERATURE DATA]      [PRECIPITATION DATA]       SYMBOLS USED IN COLUMN 16

AVERAGE MONTHLY: 73.4   TOTAL FOR MONTH:   1.12    1 = FOG OR MIST
DPTR FM NORMAL:   2.6   DPTR FM NORMAL:   -3.83    2 = FOG REDUCING VISIBILITY
HIGHEST:    93 ON  7    GRTST 24HR  0.64 ON  8- 8      TO 1/4 MILE OR LESS
LOWEST:     48 ON 12                               3 = THUNDER
                        SNOW, ICE PELLETS, HAIL    4 = ICE PELLETS
                        TOTAL MONTH:   0.0 INCH    5 = HAIL
                        GRTST 24HR     0.0         6 = FREEZING RAIN OR DRIZZLE
                        GRTST DEPTH: 999 ON 24     7 = DUSTSTORM OR SANDSTORM:
                                                       VSBY 1/2 MILE OR LESS
                                                   8 = SMOKE OR HAZE
[NO. OF DAYS WITH]      [WEATHER - DAYS WITH]      9 = BLOWING SNOW
                                                   X = TORNADO
MAX 32 OR BELOW:   0    0.01 INCH OR MORE:   6
MAX 90 OR ABOVE:   5    0.10 INCH OR MORE:   3
MIN 32 OR BELOW:   0    0.50 INCH OR MORE:   1
MIN  0 OR BELOW:   0    1.00 INCH OR MORE:   0

[HDD (BASE 65) ]
TOTAL THIS MO.     6    CLEAR  (SCALE 0-3)  23
DPTR FM NORMAL   -35    PTCLDY (SCALE 4-7)   5
TOTAL FM JUL 1     7    CLOUDY (SCALE 8-10)  0
DPTR FM NORMAL   -35

[CDD (BASE 65) ]
TOTAL THIS MO.   267
DPTR FM NORMAL    52    [PRESSURE DATA]
TOTAL FM JAN 1  1653    HIGHEST SLP M ON M
DPTR FM NORMAL    11    LOWEST  SLP 29.78 ON 18

[REMARKS]
#FINAL-09-15#
#FINAL-09-15#
