000
CXUS53 KSGF 010800
CF6JLN
PRELIMINARY LOCAL CLIMATOLOGICAL DATA (WS FORM: F-6)

                                          STATION:   JOPLIN MO
                                          MONTH:     NOVEMBER
                                          YEAR:      2013
                                          LATITUDE:   37 10 N
                                          LONGITUDE:  94 30 W

  TEMPERATURE IN F:       :PCPN:    SNOW:  WIND      :SUNSHINE: SKY     :PK WND
================================================================================
1   2   3   4   5  6A  6B    7    8   9   10  11  12  13   14  15   16   17  18
                                     12Z  AVG MX 2MIN
DY MAX MIN AVG DEP HDD CDD  WTR  SNW DPTH SPD SPD DIR MIN PSBL S-S WX    SPD DR
================================================================================

 1  65  42  54  -1  11   0 0.00    M    M  8.3 18 310   M    M   2        25 310
 2  55  35  45  -9  20   0 0.00    M    M  8.0 20 320   M    M   1        24 320
 3  61  35  48  -6  17   0 0.00    M    M 11.5 22 170   M    M   0        27 170
 4  66  50  58   4   7   0 0.01    M    M 14.7 28 190   M    M   6        34 170
 5  63  55  59   6   6   0 0.76    M    M 13.4 23 170   M    M  10 1      29 170
 6  63  31  47  -6  18   0 0.68    M    M 10.5 23 300   M    M   8 1      29 300
 7  60  29  45  -7  20   0 0.00    M    M  4.4 13 330   M    M   0 1      16 300
 8  65  36  51  -1  14   0 0.00    M    M 14.2 29 190   M    M   0        36 210
 9  64  43  54   2  11   0 0.00    M    M  7.4 18 230   M    M   1        24 200
10  64  39  52   1  13   0 0.00    M    M  5.8 16 100   M    M   1 1      21 100
11  61  35  48  -3  17   0 0.00  0.0    0 10.4 25  10   M    M  10        36 350
12  37  21  29 -21  36   0 0.00  0.0    0 10.7 23  10   M    M   2        32  10
13  49  18  34 -16  31   0 0.00  0.0    0  9.1 17 210   M    M   0        21 200
14  53  34  44  -5  21   0 0.00    M    M 13.5 22 210   M    M   2        29 210
15  61  42  52   3  13   0 0.02    M    M 11.5 20 170   M    M   4        26 170
16  71  52  62  14   3   0 0.15    M    M 22.6 32 190   M    M   6 1      40 190
17  71  46  59  11   6   0 0.00    M    M 18.2 32 220   M    M   1        42 240
18  59  35  47   0  18   0 0.00  0.0    0  5.2 13  20   M    M   0        17  40
19  60  42  51   4  14   0 0.00  0.0    0 11.3 20 140   M    M   4        42 140
20  58  42  50   4  15   0 0.06    M    0 13.2 24 170   M    M   9        29 180
21  57  34  46   0  19   0 0.74    M    M  8.2 22 340   M    M   9 1      27 340
22  34  28  31 -14  34   0    T    M    M 12.7 21 340   M    M  10 1      30 230
23  38  20  29 -16  36   0 0.00    M    M 10.1 21 360   M    M   5        26 360
24  31  16  24 -20  41   0 0.00    M    M  7.2 12 150   M    M   4        16  30
25  36  29  33 -11  32   0    T    M    M  5.9 14 190   M    M  10        18 220
26  43  24  34 -10  31   0 0.00    M    M 10.1 24 340   M    M   3        34 330
27  34  16  25 -18  40   0 0.00    M    M  5.7 17 190   M    M   0        21 200
28  49  28  39  -4  26   0 0.00    M    M  8.8 20 210   M    M   0        29 180
29  54  26  40  -2  25   0 0.00    M    M  6.9 15 200   M    M   0        20 170
30  58  40  49   7  16   0 0.00    M    M 12.3 23 220   M    M   0        33 180
================================================================================
SM 1640 1023       611   0  2.42     0.0 311.8          M      108
================================================================================
AV 54.7 34.1                              10.4 FASTST   M    M   4    MAX(MPH)
                                 MISC ---->  # 32 190               # 42  240
================================================================================
NOTES:
# LAST OF SEVERAL OCCURRENCES

COLUMN 17 PEAK WIND IN M.P.H.

PRELIMINARY LOCAL CLIMATOLOGICAL DATA (WS FORM: F-6) , PAGE 2

                                          STATION:  JOPLIN MO
                                          MONTH:    NOVEMBER
                                          YEAR:     2013
                                          LATITUDE:   37 10 N
                                          LONGITUDE:  94 30 W

[TEMPERATURE DATA]      [PRECIPITATION DATA]       SYMBOLS USED IN COLUMN 16

AVERAGE MONTHLY: 44.4   TOTAL FOR MONTH:   2.42    1 = FOG OR MIST
DPTR FM NORMAL:  -4.0   DPTR FM NORMAL:   -1.36    2 = FOG REDUCING VISIBILITY
HIGHEST:    71 ON 17,16 GRTST 24HR  1.34 ON  5- 6      TO 1/4 MILE OR LESS
LOWEST:     16 ON 27,24                            3 = THUNDER
                        SNOW, ICE PELLETS, HAIL    4 = ICE PELLETS
                        TOTAL MONTH:   0.0 INCH    5 = HAIL
                        GRTST 24HR     0.0         6 = FREEZING RAIN OR DRIZZLE
                        GRTST DEPTH:   0           7 = DUSTSTORM OR SANDSTORM:
                                                       VSBY 1/2 MILE OR LESS
                                                   8 = SMOKE OR HAZE
[NO. OF DAYS WITH]      [WEATHER - DAYS WITH]      9 = BLOWING SNOW
                                                   X = TORNADO
MAX 32 OR BELOW:   1    0.01 INCH OR MORE:   7
MAX 90 OR ABOVE:   0    0.10 INCH OR MORE:   4
MIN 32 OR BELOW:  12    0.50 INCH OR MORE:   3
MIN  0 OR BELOW:   0    1.00 INCH OR MORE:   0

[HDD (BASE 65) ]
TOTAL THIS MO.   611    CLEAR  (SCALE 0-3)  17
DPTR FM NORMAL   106    PTCLDY (SCALE 4-7)   7
TOTAL FM JUL 1   888    CLOUDY (SCALE 8-10)  6
DPTR FM NORMAL   131

[CDD (BASE 65) ]
TOTAL THIS MO.     0
DPTR FM NORMAL    -7    [PRESSURE DATA]
TOTAL FM JAN 1  1568    HIGHEST SLP M ON M
DPTR FM NORMAL  -130    LOWEST  SLP 29.46 ON 17

[REMARKS]
#FINAL-11-13#
