000
CXUS53 KSGF 181501
CF6JLN
PRELIMINARY LOCAL CLIMATOLOGICAL DATA (WS FORM: F-6)

                                          STATION:   JOPLIN MO
                                          MONTH:     FEBRUARY
                                          YEAR:      2014
                                          LATITUDE:   37 10 N
                                          LONGITUDE:  94 30 W

  TEMPERATURE IN F:       :PCPN:    SNOW:  WIND      :SUNSHINE: SKY     :PK WND
================================================================================
1   2   3   4   5  6A  6B    7    8   9   10  11  12  13   14  15   16   17  18
                                     12Z  AVG MX 2MIN
DY MAX MIN AVG DEP HDD CDD  WTR  SNW DPTH SPD SPD DIR MIN PSBL S-S WX    SPD DR
================================================================================

 1  33  26  30  -6  35   0 0.06    M    M  8.1 20 360   M    M  10 16     24 360
 2  26  14  20 -17  45   0 0.00    M    M  9.6 20  20   M    M   6 1      27  10
 3  39   8  24 -13  41   0 0.00    M    M  6.0 14 110   M    M   0        22 110
 4  32  21  27 -10  38   0 0.11    M    M 10.2 21 100   M    M  10 169    29  80
 5  21   6  14 -23  51   0    T    M    M 12.7 23 350   M    M   5 18     27 330
 6  14   4   9 -28  56   0 0.00    M    M  6.5 14 350   M    M   4        17 350
 7  24   6  15 -23  50   0 0.00    M    M  5.7 10 100   M    M  10        15 340
 8  31  23  27 -11  38   0 0.00    M    M  5.0 12 170   M    M  10 18     17 210
 9  30  18  24 -14  41   0 0.00    M    M  8.0 16  30   M    M   9 18     21  30
10  20  13  17 -21  48   0 0.02    M    M  9.8 16  30   M    M   7 18     22  20
11  28   9  19 -20  46   0 0.00    M    M  4.4 13  20   M    M   2        15  20
12  41   9  25 -14  40   0 0.00    M    M  5.6 17 250   M    M   1 1      20 230
13  52  22  37  -2  28   0 0.00    M    M  9.1 20 240   M    M   0 18     30 180
14  49  24  37  -3  28   0 0.01    M    M 12.3 28 350   M    M   4        34 300
15  57  19  38  -2  27   0 0.00    M    M  8.1 28 220   M    M   2 18     35 220
16  55  25  40   0  25   0 0.00    M    M  7.5 21 140   M    M   1        30 150
17  59  37  48   8  17   0 0.00    M    M 13.5 35 290   M    M   3        43 280
18  69  38  54  13  11   0 0.00    M    M 13.8 29 210   M    M   0        37 220
19  64  36  50   9  15   0 0.00    M    M 10.4 21 170   M    M   3        30 190
20  69  40  55  14  10   0 0.04    M    M 21.1 41 210   M    M   6 13     57 240
21  60  30  45   3  20   0 0.00    M    M 11.9 29 240   M    M   0        36 240
22  67  38  53  11  12   0 0.00    M    M 11.6 24 200   M    M   0        30 210
23  47  27  37  -5  28   0 0.00    M    M 13.0 21  40   M    M   2        29  50
24  50  22  36  -7  29   0 0.00    M    M  6.3 15 100   M    M   3        21 100
25  41  22  32 -11  33   0 0.00    M    M 12.0 24 350   M    M   2        32 360
26  30  12  21 -22  44   0    T    M    M  8.3 23 360   M    M   2 1      31 350
27  45  19  32 -12  33   0 0.00    M    M  6.3 14  50   M    M   0        20 230
28  46  28  37  -7  28   0 0.02    M    M 10.2 20 150   M    M   5        26 160
================================================================================
SM 1199  596       917   0  0.26    M    267.0          M      107
================================================================================
AV 42.8 21.3                               9.5 FASTST   M    M   4    MAX(MPH)
                                 MISC ---->  # 41 210               # 57  240
================================================================================
NOTES:
# LAST OF SEVERAL OCCURRENCES

COLUMN 17 PEAK WIND IN M.P.H.

PRELIMINARY LOCAL CLIMATOLOGICAL DATA (WS FORM: F-6) , PAGE 2

                                          STATION:  JOPLIN MO
                                          MONTH:    FEBRUARY
                                          YEAR:     2014
                                          LATITUDE:   37 10 N
                                          LONGITUDE:  94 30 W

[TEMPERATURE DATA]      [PRECIPITATION DATA]       SYMBOLS USED IN COLUMN 16

AVERAGE MONTHLY: 32.1   TOTAL FOR MONTH:   0.26    1 = FOG OR MIST
DPTR FM NORMAL:  -7.7   DPTR FM NORMAL:   -2.06    2 = FOG REDUCING VISIBILITY
HIGHEST:    69 ON 20,18 GRTST 24HR  0.11 ON  4- 4      TO 1/4 MILE OR LESS
LOWEST:      4 ON  6                               3 = THUNDER
                        SNOW, ICE PELLETS, HAIL    4 = ICE PELLETS
                        TOTAL MONTH:    M          5 = HAIL
                        GRTST 24HR    M  ON   M    6 = FREEZING RAIN OR DRIZZLE
                        GRTST DEPTH:  M  ON   M    7 = DUSTSTORM OR SANDSTORM:
                                                       VSBY 1/2 MILE OR LESS
                                                   8 = SMOKE OR HAZE
[NO. OF DAYS WITH]      [WEATHER - DAYS WITH]      9 = BLOWING SNOW
                                                   X = TORNADO
MAX 32 OR BELOW:  10    0.01 INCH OR MORE:   6
MAX 90 OR ABOVE:   0    0.10 INCH OR MORE:   1
MIN 32 OR BELOW:  23    0.50 INCH OR MORE:   0
MIN  0 OR BELOW:   0    1.00 INCH OR MORE:   0

[HDD (BASE 65) ]
TOTAL THIS MO.   917    CLEAR  (SCALE 0-3)  15
DPTR FM NORMAL   212    PTCLDY (SCALE 4-7)   8
TOTAL FM JUL 1  3849    CLOUDY (SCALE 8-10)  5
DPTR FM NORMAL   595

[CDD (BASE 65) ]
TOTAL THIS MO.     0
DPTR FM NORMAL    -1    [PRESSURE DATA]
TOTAL FM JAN 1     0    HIGHEST SLP 30.69 ON  6
DPTR FM NORMAL    -1    LOWEST  SLP 29.35 ON 20

[REMARKS]
#FINAL-02-14#
