000
CXUS53 KSGF 010800
CF6JLN
PRELIMINARY LOCAL CLIMATOLOGICAL DATA (WS FORM: F-6)

                                          STATION:   JOPLIN MO
                                          MONTH:     OCTOBER
                                          YEAR:      2013
                                          LATITUDE:   37 10 N
                                          LONGITUDE:  94 30 W

  TEMPERATURE IN F:       :PCPN:    SNOW:  WIND      :SUNSHINE: SKY     :PK WND
================================================================================
1   2   3   4   5  6A  6B    7    8   9   10  11  12  13   14  15   16   17  18
                                     12Z  AVG MX 2MIN
DY MAX MIN AVG DEP HDD CDD  WTR  SNW DPTH SPD SPD DIR MIN PSBL S-S WX    SPD DR
================================================================================

 1  85  65  75  11   0  10    M    M    M  7.5 15 330   M    M   1 1      33 150
 2  83  67  75  11   0  10    M    M    M  7.6 16 190   M    M   2         M  M
 3  86  70  78  14   0  13 0.00    M    M 12.8 23 170   M    M   2        29 180
 4  86  71  79  16   0  14 0.00    M    M   M   M   M   M    M   0         M  M
 5  74  47  61  -2   4   0    M    M    M  8.4 29 300   M    M   5 138    45 280
 6  63  45  54  -9  11   0 0.00    M    M  8.9 21 280   M    M   3        26 270
 7  71  41  56  -6   9   0    M    M    0  2.0  7 360   M    M   0        12 310
 8  73  47  60  -2   5   0    M    M    0  7.6 17 150   M    M   0        24 140
 9  76  47  62   0   3   0    M    M    0  6.0 13 170   M    M   0        25 140
10  77  58  68   6   0   3 0.00    M    M  7.4 14 150   M    M   0        19 140
11  77  54  66   5   0   1 0.00    M    M 12.0 26 170   M    M   2        32 170
12  71  53  62   1   3   0 0.68    M    M  8.3 22 330   M    M   4 13     27 340
13  69  52  61   0   4   0 0.11    M    M  7.8 18  80   M    M   5 1      25  90
14  64  57  61   1   4   0 0.15  0.0    0 11.7 20 160   M    M   6 1      35 160
15  64  48  56  -4   9   0 0.28    M    0  8.0 22 170   M    M   5 18     26 180
16  56  39  48 -12  17   0 0.02    M    0  3.8 12 330   M    M   5        15  10
17  63  42  53  -7  12   0 0.00  0.0    0  6.8 14 220   M    M   2 1      19 220
18  53  37  45 -14  20   0 0.28    M    M  7.3 17 350   M    M   5 1      22 350
19  59  35  47 -12  18   0 0.00    M    M  9.2 17 240   M    M   4        22 240
20  69  45  57  -2   8   0 0.00    M    M 11.0 22 200   M    M   0        28 210
21  57  38  48 -10  17   0 0.00    M    M  5.3 15  10   M    M   4        20 360
22  67  37  52  -6  13   0 0.00    M    M 10.9 23 300   M    M   2        31 320
23  60  33  47 -11  18   0 0.00    M    M  3.9 12 190   M    M   1        16 200
24  52  33  43 -15  22   0 0.00    M    M  7.2 16 340   M    M   1        22  30
25  58  31  45 -12  20   0 0.00    M    M  7.4 15 130   M    M   0        21 140
26  63  44  54  -3  11   0 0.00    M    M  8.7 16 260   M    M   3        22 250
27  64  30  47 -10  18   0 0.00    M    M  2.7  8 230   M    M   0 1      13 200
28  70  43  57   1   8   0 0.02    M    0  7.6 13 170   M    M   4 128    18 210
29  68  55  62   6   3   0 2.14  0.0    0  9.6 17 170   M    M   8 13     27  90
30  69  64  67  11   0   2 0.26  0.0    0 15.8 25 180   M    M   9 1      33 190
31  64  48  56   1   9   0 0.78    M    M 10.4 23 310   M    M   6 13     30 310
================================================================================
SM 2111 1476       266  53  4.72     0.0 243.6          M       89
================================================================================
AV 68.1 47.6                               8.1 FASTST   M    M   3    MAX(MPH)
                                 MISC ---->  # 29 300               # 45  280
================================================================================
NOTES:
# LAST OF SEVERAL OCCURRENCES

COLUMN 17 PEAK WIND IN M.P.H.

PRELIMINARY LOCAL CLIMATOLOGICAL DATA (WS FORM: F-6) , PAGE 2

                                          STATION:  JOPLIN MO
                                          MONTH:    OCTOBER
                                          YEAR:     2013
                                          LATITUDE:   37 10 N
                                          LONGITUDE:  94 30 W

[TEMPERATURE DATA]      [PRECIPITATION DATA]       SYMBOLS USED IN COLUMN 16

AVERAGE MONTHLY: 57.9   TOTAL FOR MONTH:   4.72    1 = FOG OR MIST
DPTR FM NORMAL:  -1.9   DPTR FM NORMAL:    0.69    2 = FOG REDUCING VISIBILITY
HIGHEST:    86 ON  4, 3 GRTST 24HR  2.16 ON 28-29      TO 1/4 MILE OR LESS
LOWEST:     30 ON 27                               3 = THUNDER
                        SNOW, ICE PELLETS, HAIL    4 = ICE PELLETS
                        TOTAL MONTH:   0.0 INCH    5 = HAIL
                        GRTST 24HR     0.0         6 = FREEZING RAIN OR DRIZZLE
                        GRTST DEPTH:   0           7 = DUSTSTORM OR SANDSTORM:
                                                       VSBY 1/2 MILE OR LESS
                                                   8 = SMOKE OR HAZE
[NO. OF DAYS WITH]      [WEATHER - DAYS WITH]      9 = BLOWING SNOW
                                                   X = TORNADO
MAX 32 OR BELOW:   0    0.01 INCH OR MORE:  10
MAX 90 OR ABOVE:   0    0.10 INCH OR MORE:   8
MIN 32 OR BELOW:   2    0.50 INCH OR MORE:   3
MIN  0 OR BELOW:   0    1.00 INCH OR MORE:   1

[HDD (BASE 65) ]
TOTAL THIS MO.   266    CLEAR  (SCALE 0-3)  18
DPTR FM NORMAL    56    PTCLDY (SCALE 4-7)  11
TOTAL FM JUL 1   277    CLOUDY (SCALE 8-10)  2
DPTR FM NORMAL    25

[CDD (BASE 65) ]
TOTAL THIS MO.    53
DPTR FM NORMAL     4    [PRESSURE DATA]
TOTAL FM JAN 1  1568    HIGHEST SLP M ON M
DPTR FM NORMAL  -123    LOWEST  SLP 29.45 ON 31

[REMARKS]
#FINAL-10-13#
