000
CXUS53 KSGF 010800
CF6JLN
PRELIMINARY LOCAL CLIMATOLOGICAL DATA (WS FORM: F-6)

                                          STATION:   JOPLIN MO
                                          MONTH:     DECEMBER
                                          YEAR:      2016
                                          LATITUDE:   37 10 N
                                          LONGITUDE:  94 30 W

  TEMPERATURE IN F:       :PCPN:    SNOW:  WIND      :SUNSHINE: SKY     :PK WND
================================================================================
1   2   3   4   5  6A  6B    7    8   9   10  11  12  13   14  15   16   17  18
                                     12Z  AVG MX 2MIN
DY MAX MIN AVG DEP HDD CDD  WTR  SNW DPTH SPD SPD DIR MIN PSBL S-S WX    SPD DR
================================================================================

 1  53  27  40  -1  25   0 0.00    M    M  3.8 12 280   M    M   1        15 280
 2  58  35  47   6  18   0 0.00    M    M  7.3 14  90   M    M   6        18  70
 3  53  40  47   6  18   0 0.06    M    M  7.7 21 170   M    M   9 1      43 170
 4  47  30  39  -1  26   0 0.15    M    M  4.8 15 290   M    M   7 1      17 290
 5  49  31  40   0  25   0 0.00    M    M  5.5 14 130   M    M   0 1      19 150
 6  42  28  35  -5  30   0 0.00    M    M  6.9 23 340   M    M   4 1      26 330
 7  36  21  29 -10  36   0    T    M    M  7.4 18 360   M    M   8 1      23 190
 8  30  14  22 -17  43   0 0.00    M    M  7.4 17 340   M    M   0        20 340
 9  32  11  22 -16  43   0 0.00    M    M  2.7 10 150   M    M   4        13 160
10  46  31  39   1  26   0 0.00    M    M 10.0 22 170   M    M  10        28 170
11  51  31  41   3  24   0 0.04    M    M 13.6 26 180   M    M  10 1      35 200
12  42  21  32  -6  33   0 0.00    M    M  4.0 10 340   M    M   2 18     33  60
13  40  26  33  -4  32   0 0.04    M    M  8.3 18 350   M    M   7 1      27  20
14  36  24  30  -7  35   0 0.00    M    M  7.7 21  30   M    M   5 1      24  30
15  33  21  27 -10  38   0 0.00    M    M  7.7 14 110   M    M   3        24 200
16  55  30  43   6  22   0 0.00    M    M 13.5 23 180   M    M   9 1      35 300
17  56   8  32  -5  33   0 0.01    M    M 15.0 24 330   M    M   8 16     30 320
18  12  -4   4 -32  61   0    T    M    M  6.4 18 340   M    M   1        25 350
19  30   1  16 -20  49   0 0.00    M    M  3.0 10 180   M    M   0        14 180
20  48  20  34  -2  31   0 0.00    M    M  8.6 17 190   M    M   0        30 210
21  51  29  40   4  25   0 0.00    M    M  5.6 17 190   M    M   0        24 190
22  41  25  33  -3  32   0 0.00    M    M  4.4 10  40   M    M   3        15 360
23  47  38  43   7  22   0 0.16    M    M  8.9 22 200   M    M  10 1      30 200
24  60  42  51  15  14   0 0.00    M    M  5.9 14 120   M    M   6 18     18 130
25  72  52  62  27   3   0 0.13    M    M 17.0 35 180   M    M   9 13     48 180
26  58  34  46  11  19   0 0.00    M    M  8.0 16 320   M    M   6        21 260
27  53  24  39   4  26   0 0.00    M    M  2.7  9 120   M    M   0        11 140
28  59  35  47  12  18   0 0.00    M    M 10.4 24 190   M    M   1        30 190
29  50  30  40   5  25   0 0.00    M    M 10.2 22 300   M    M   0        27 310
30  57  25  41   6  24   0 0.00    M    M 16.1 32 210   M    M   0        41 200
31  54  33  44   9  21   0 0.00    M    M 10.7 30 220   M    M   2        38 220
================================================================================
SM 1451  813       877   0  0.59    M    251.2          M      131
================================================================================
AV 46.8 26.2                               8.1 FASTST   M    M   4    MAX(MPH)
                                 MISC ---->  # 35 180               # 48  180
================================================================================
NOTES:
# LAST OF SEVERAL OCCURRENCES

COLUMN 17 PEAK WIND IN M.P.H.

PRELIMINARY LOCAL CLIMATOLOGICAL DATA (WS FORM: F-6) , PAGE 2

                                          STATION:  JOPLIN MO
                                          MONTH:    DECEMBER
                                          YEAR:     2016
                                          LATITUDE:   37 10 N
                                          LONGITUDE:  94 30 W

[TEMPERATURE DATA]      [PRECIPITATION DATA]       SYMBOLS USED IN COLUMN 16

AVERAGE MONTHLY: 36.5   TOTAL FOR MONTH:   0.59    1 = FOG OR MIST
DPTR FM NORMAL:  -0.7   DPTR FM NORMAL:   -2.23    2 = FOG REDUCING VISIBILITY
HIGHEST:    72 ON 25    GRTST 24HR  0.21 ON  3- 4      TO 1/4 MILE OR LESS
LOWEST:     -4 ON 18                               3 = THUNDER
                        SNOW, ICE PELLETS, HAIL    4 = ICE PELLETS
                        TOTAL MONTH:    M          5 = HAIL
                        GRTST 24HR    M  ON   M    6 = FREEZING RAIN OR DRIZZLE
                        GRTST DEPTH:  M  ON   M    7 = DUSTSTORM OR SANDSTORM:
                                                       VSBY 1/2 MILE OR LESS
                                                   8 = SMOKE OR HAZE
[NO. OF DAYS WITH]      [WEATHER - DAYS WITH]      9 = BLOWING SNOW
                                                   X = TORNADO
MAX 32 OR BELOW:   4    0.01 INCH OR MORE:   7
MAX 90 OR ABOVE:   0    0.10 INCH OR MORE:   3
MIN 32 OR BELOW:  23    0.50 INCH OR MORE:   0
MIN  0 OR BELOW:   1    1.00 INCH OR MORE:   0

[HDD (BASE 65) ]
TOTAL THIS MO.   877    CLEAR  (SCALE 0-3)  14
DPTR FM NORMAL    17    PTCLDY (SCALE 4-7)  10
TOTAL FM JUL 1  1332    CLOUDY (SCALE 8-10)  7
DPTR FM NORMAL  -285

[CDD (BASE 65) ]
TOTAL THIS MO.     0
DPTR FM NORMAL     0    [PRESSURE DATA]
TOTAL FM JAN 1  1878    HIGHEST SLP M ON M
DPTR FM NORMAL   180    LOWEST  SLP 29.46 ON 17

[REMARKS]
#FINAL-12-16#
