000
CXUS53 KSGF 010710
CF6JLN
PRELIMINARY LOCAL CLIMATOLOGICAL DATA (WS FORM: F-6)
STATION: JOPLIN MO
MONTH: AUGUST
YEAR: 2023
LATITUDE: 37 10 N
LONGITUDE: 94 30 W
TEMPERATURE IN F: :PCPN: SNOW: WIND :SUNSHINE: SKY :PK WND
================================================================================
1 2 3 4 5 6A 6B 7 8 9 10 11 12 13 14 15 16 17 18
12Z AVG MX 2MIN
DY MAX MIN AVG DEP HDD CDD WTR SNW DPTH SPD SPD DIR MIN PSBL S-S WX SPD DR
================================================================================
1 98 79 89 9 0 24 0.00 M M 8.9 18 180 M M 3 26 170
2 103 80 92 12 0 27 0.00 M M 14.9 22 210 M M 2 32 210
3 102 81 92 12 0 27 0.00 M M 8.6 16 190 M M 4 23 220
4 103 74 89 9 0 24 0.00 M M 5.8 14 290 M M 3 3 21 150
5 86 69 78 -2 0 13 1.32 M M 8.2 30 330 M M 5 13 45 320
6 90 71 81 1 0 16 0.10 M M 12.6 24 260 M M 3 13 36 290
7 85 66 76 -4 0 11 0.00 M M 7.3 15 350 M M 2 23 320
8 89 69 79 -1 0 14 0.00 M M 6.3 16 150 M M 2 23 150
9 82 69 76 -4 0 11 0.54 M M 5.9 17 140 M M 5 13 26 130
10 90 67 79 -1 0 14 0.00 M M 2.7 10 150 M M 3 12 15 70
11 95 72 84 4 0 19 0.00 M M 7.4 14 210 M M 3 19 210
12 91 71 81 1 0 16 0.17 M M 8.5 22 220 M M 5 138 30 220
13 88 73 81 1 0 16 0.16 M M 5.8 28 350 M M 4 13 37 340
14 82 66 74 -6 0 9 1.51 M M 9.8 25 300 M M 3 13 33 300
15 80 60 70 -10 0 5 0.00 M M 6.4 15 10 M M 3 23 340
16 83 58 71 -8 0 6 0.00 M M 5.5 12 180 M M 0 16 170
17 87 65 76 -3 0 11 0.00 M M 8.7 22 210 M M 2 28 220
18 89 60 75 -4 0 10 0.00 M M 6.9 13 120 M M 0 18 110
19 96 74 85 6 0 20 0.00 M M 9.2 17 210 M M 0 24 220
20 101 76 89 10 0 24 0.00 M M 6.8 12 240 M M 0 17 260
21 100 75 88 10 0 23 0.00 M M 4.1 12 360 M M 0 1 15 360
22 99 80 90 12 0 25 0.00 M M 5.0 10 100 M M 1 18 15 140
23 97 80 89 11 0 24 0.00 M M 7.2 14 240 M M 2 19 250
24 100 77 89 11 0 24 0.00 M M 7.3 14 250 M M 1 18 19 270
25 101 76 89 11 0 24 0.00 M M 5.9 14 220 M M 1 22 260
26 90 73 82 4 0 17 0.05 M M 6.7 16 300 M M 3 3 26 340
27 86 66 76 -1 0 11 0.00 M M 7.4 16 360 M M 4 1 22 350
28 85 57 71 -6 0 6 0.00 M M 3.5 14 40 M M 2 18 30
29 90 62 76 -1 0 11 0.00 M M 4.3 13 350 M M 1 1 22 350
30 89 62 76 0 0 11 0.00 M M 5.8 13 20 M M 2 21 20
31 88 62 75 -1 0 10 0.00 M M 6.0 13 60 M M 0 17 20
================================================================================
SM 2845 2170 0 503 3.85 M 219.4 M 69
================================================================================
AV 91.8 70.0 7.1 FASTST M M 2 MAX(MPH)
MISC ----> 30 330 45 320
================================================================================
NOTES:
# LAST OF SEVERAL OCCURRENCES
COLUMN 17 PEAK WIND IN M.P.H.
PRELIMINARY LOCAL CLIMATOLOGICAL DATA (WS FORM: F-6) , PAGE 2
STATION: JOPLIN MO
MONTH: AUGUST
YEAR: 2023
LATITUDE: 37 10 N
LONGITUDE: 94 30 W
[TEMPERATURE DATA] [PRECIPITATION DATA] SYMBOLS USED IN COLUMN 16
AVERAGE MONTHLY: 80.9 TOTAL FOR MONTH: 3.85 1 = FOG OR MIST
DPTR FM NORMAL: 1.9 DPTR FM NORMAL: 0.49 2 = FOG REDUCING VISIBILITY
HIGHEST: 103 ON 4, 2 GRTST 24HR 1.67 ON 13-14 TO 1/4 MILE OR LESS
LOWEST: 57 ON 28 3 = THUNDER
SNOW, ICE PELLETS, HAIL 4 = ICE PELLETS
TOTAL MONTH: M 5 = HAIL
GRTST 24HR M ON M 6 = FREEZING RAIN OR DRIZZLE
GRTST DEPTH: M ON M 7 = DUSTSTORM OR SANDSTORM:
VSBY 1/2 MILE OR LESS
8 = SMOKE OR HAZE
[NO. OF DAYS WITH] [WEATHER - DAYS WITH] 9 = BLOWING SNOW
X = TORNADO
MAX 32 OR BELOW: 0 0.01 INCH OR MORE: 7
MAX 90 OR ABOVE: 17 0.10 INCH OR MORE: 6
MIN 32 OR BELOW: 0 0.50 INCH OR MORE: 3
MIN 0 OR BELOW: 0 1.00 INCH OR MORE: 2
[HDD (BASE 65) ]
TOTAL THIS MO. 0 CLEAR (SCALE 0-3) 24
DPTR FM NORMAL -1 PTCLDY (SCALE 4-7) 7
TOTAL FM JUL 1 0 CLOUDY (SCALE 8-10) 0
DPTR FM NORMAL 0
[CDD (BASE 65) ]
TOTAL THIS MO. 503
DPTR FM NORMAL 70 [PRESSURE DATA]
TOTAL FM JAN 1 1574 HIGHEST SLP M ON M
DPTR FM NORMAL 185 LOWEST SLP 29.71 ON 9
[REMARKS]
#FINAL-08-23#