000
CXUS53 KSGF 310800
CF6JLN
PRELIMINARY LOCAL CLIMATOLOGICAL DATA (WS FORM: F-6)

                                          STATION:   JOPLIN MO
                                          MONTH:     DECEMBER
                                          YEAR:      2013
                                          LATITUDE:   37 10 N
                                          LONGITUDE:  94 30 W

  TEMPERATURE IN F:       :PCPN:    SNOW:  WIND      :SUNSHINE: SKY     :PK WND
================================================================================
1   2   3   4   5  6A  6B    7    8   9   10  11  12  13   14  15   16   17  18
                                     12Z  AVG MX 2MIN
DY MAX MIN AVG DEP HDD CDD  WTR  SNW DPTH SPD SPD DIR MIN PSBL S-S WX    SPD DR
================================================================================

 1  52  32  42   1  23   0 0.00    M    M  1.4  8 360   M    M   6 128    14 360
 2  61  39  50   9  15   0 0.00    M    M  5.7 12 250   M    M   5 128    13 240
 3  66  39  53  12  12   0 0.00    M    M  6.5 15 180   M    M   1 12     19 180
 4  53  28  41   1  24   0 0.00    M    M 11.2 21 290   M    M   6 18     25 230
 5  28  20  24 -16  41   0    T    M    M 11.3 21 340   M    M   8        26 320
 6  20   9  15 -25  50   0 0.04    M    M 11.2 20 360   M    M   9 18     27  20
 7  20   7  14 -25  51   0    T    M    M  8.5 15  50   M    M   2        21 100
 8  28  19  24 -15  41   0    T    M    M  7.7 14 280   M    M  10 168    19 270
 9  25  15  20 -18  45   0 0.11    M    M  7.7 16 330   M    M   7 1      21 350
10  32   3  18 -20  47   0    T    M    M  7.7 17 230   M    M   1 1      22 210
11  32  11  22 -16  43   0 0.00    M    M  6.2 17  30   M    M   0 1      82 210
12  40  11  26 -12  39   0 0.00    M    M  8.5 23 220   M    M   0        29 210
13  38  31  35  -2  30   0 0.29    M    M 11.7 26 190   M    M   8 1      34 190
14  36  19  28  -9  37   0 0.04    M    M  9.9 23 340   M    M   8 18     27 330
15  50  18  34  -3  31   0 0.00    M    M  9.8 22 230   M    M   0 18      M  M
16  62  38  50  13  15   0 0.00  0.0    0 11.1 18 240   M    M   0        24 230
17  53  26  40   3  25   0 0.00  0.0    0  3.9 17 350   M    M   0 18     23 360
18  64  31  48  12  17   0 0.00  0.0    0 16.1 30 210   M    M   0        39 210
19  61  52  57  21   8   0 0.00    M    M 16.4 26 190   M    M   6        36 190
20  63  27  45   9  20   0 0.21    M    M  9.6  M   M   M    M   9 16      M  M
21  32  27  30  -6  35   0 0.69    M    M  7.0 16  60   M    M  10 16     21  30
22  32  24  28  -8  37   0    T    M    M 10.5 18 310   M    M  10 1      23 290
23  25  14  20 -16  45   0    T    M    0  5.8 13 320   M    M   7 1      16 320
24  36  11  24 -12  41   0 0.00  0.0    0  5.3 14 140   M    M   1 1      18 150
25  39  27  33  -2  32   0    T    M    0  4.8 12 270   M    M   6 18     13 290
26  49  23  36   1  29   0 0.00    M    M  8.3 20 210   M    M   1 12     24 200
27  56  30  43   8  22   0 0.00    M    M  9.4 16 200   M    M   0        19 200
28  55  32  44   9  21   0 0.00    M    M  9.4 17 200   M    M   0        21 190
29  46  15  31  -4  34   0 0.00    M    M 12.4 24 340   M    M   8        31 340
30  32  10  21 -14  44   0 0.00    M    M  5.9 12 230   M    M   1        16 230
================================================================================
SM 1286  688       954   0  1.38     0.0 260.9          M      130
================================================================================
AV 42.9 22.9                               8.7 FASTST   M    M   4    MAX(MPH)
                                 MISC ---->  # 30 210               # 82  210
================================================================================
NOTES:
# LAST OF SEVERAL OCCURRENCES

COLUMN 17 PEAK WIND IN M.P.H.

PRELIMINARY LOCAL CLIMATOLOGICAL DATA (WS FORM: F-6) , PAGE 2

                                          STATION:  JOPLIN MO
                                          MONTH:    DECEMBER
                                          YEAR:     2013
                                          LATITUDE:   37 10 N
                                          LONGITUDE:  94 30 W

[TEMPERATURE DATA]      [PRECIPITATION DATA]       SYMBOLS USED IN COLUMN 16

AVERAGE MONTHLY: 32.9   TOTAL FOR MONTH:   1.38    1 = FOG OR MIST
DPTR FM NORMAL:  -4.4   DPTR FM NORMAL:   -1.37    2 = FOG REDUCING VISIBILITY
HIGHEST:    66 ON  3    GRTST 24HR  0.89 ON 20-21      TO 1/4 MILE OR LESS
LOWEST:      3 ON 10                               3 = THUNDER
                        SNOW, ICE PELLETS, HAIL    4 = ICE PELLETS
                        TOTAL MONTH:   0.0 INCH    5 = HAIL
                        GRTST 24HR     0.0         6 = FREEZING RAIN OR DRIZZLE
                        GRTST DEPTH:   0           7 = DUSTSTORM OR SANDSTORM:
                                                       VSBY 1/2 MILE OR LESS
                                                   8 = SMOKE OR HAZE
[NO. OF DAYS WITH]      [WEATHER - DAYS WITH]      9 = BLOWING SNOW
                                                   X = TORNADO
MAX 32 OR BELOW:  11    0.01 INCH OR MORE:   6
MAX 90 OR ABOVE:   0    0.10 INCH OR MORE:   4
MIN 32 OR BELOW:  26    0.50 INCH OR MORE:   1
MIN  0 OR BELOW:   0    1.00 INCH OR MORE:   0

[HDD (BASE 65) ]
TOTAL THIS MO.   954    CLEAR  (SCALE 0-3)  14
DPTR FM NORMAL   123    PTCLDY (SCALE 4-7)   9
TOTAL FM JUL 1  1842    CLOUDY (SCALE 8-10)  7
DPTR FM NORMAL   254

[CDD (BASE 65) ]
TOTAL THIS MO.     0
DPTR FM NORMAL     0    [PRESSURE DATA]
TOTAL FM JAN 1  1568    HIGHEST SLP M ON M
DPTR FM NORMAL  -130    LOWEST  SLP 29.51 ON 21

[REMARKS]
