000
CXUS53 KSGF 010800
CF6JLN
PRELIMINARY LOCAL CLIMATOLOGICAL DATA (WS FORM: F-6)

                                          STATION:   JOPLIN MO
                                          MONTH:     AUGUST
                                          YEAR:      2013
                                          LATITUDE:   37 10 N
                                          LONGITUDE:  94 30 W

  TEMPERATURE IN F:       :PCPN:    SNOW:  WIND      :SUNSHINE: SKY     :PK WND
================================================================================
1   2   3   4   5  6A  6B    7    8   9   10  11  12  13   14  15   16   17  18
                                     12Z  AVG MX 2MIN
DY MAX MIN AVG DEP HDD CDD  WTR  SNW DPTH SPD SPD DIR MIN PSBL S-S WX    SPD DR
================================================================================

 1  88  64  76  -5   0  11 0.00    M    M  4.5 10  90   M    M   0 1      14 170
 2  90  72  81   0   0  16 0.01    M    M  7.7 18 200   M    M   3        25 210
 3  89  69  79  -2   0  14 0.59    M    M  6.6 31 330   M    M   3 13     44 340
 4  76  71  74  -7   0   9 1.26    M    M  6.2 15 310   M    M   7 13     18 320
 5  93  70  82   1   0  17 0.16    M    M  6.8 16 210   M    M   5 13     21 200
 6  90  70  80  -1   0  15 1.37    M    M  8.1 30 340   M    M   2 13     48 360
 7  83  72  78  -3   0  13 0.06    M    M  5.9 28 300   M    M   1 13     36 290
 8  85  71  78  -3   0  13 0.61  0.0    0  5.9 14 300   M    M   5 13     18 300
 9  81  66  74  -7   0   9 0.30    M    M  4.6 17 230   M    M   8 13     22 230
10  84  67  76  -5   0  11 0.00  0.0    0  4.8 14  90   M    M   5 1      21  90
11  88  68  78  -2   0  13    T  0.0    0  3.8 13 130   M    M   3 1      62  30
12  85  70  78  -2   0  13 0.24    M    M  3.0 16 340   M    M   2 13     22 340
13  81  65  73  -7   0   8 0.00    M    M  4.4 14  40   M    M   1 1      20  50
14  79  59  69 -11   0   4 0.00    M    M  5.9 12  80   M    M   1        17 110
15  79  56  68 -12   0   3 0.00  0.0    0  5.2 12 150   M    M   0        14 140
16  79  59  69 -11   0   4 0.00  0.0    0  3.9 12 130   M    M   1        25 140
17  80  54  67 -13   0   2 0.00  0.0    0  4.1 10  40   M    M   2 1      15  90
18  84  60  72  -8   0   7 0.00  0.0    0  2.9 10 110   M    M   2 1      14 110
19  86  60  73  -7   0   8 0.00  0.0    0  3.8  9 180   M    M   1 1      12 190
20  89  65  77  -3   0  12 0.00  0.0    0  5.9 10 200   M    M   1        31 150
21  90  66  78  -2   0  13 0.00  0.0    0   M   M   M   M    M   0 8       M  M
22  92  69  81   2   0  16 0.00    M    M   M   M   M   M    M   0         M  M
23  92  68  80   1   0  15 0.00    M    M   M   M   M   M    M   0         M  M
24  92  72  82   3   0  17 0.00    M    M   M   M   M   M    M   1         M  M
25  93  70  82   3   0  17 0.00    M    M   M   M   M   M    M   1 18      M  M
26  91  73  82   4   0  17 0.00    M    M  7.6 15 250   M    M   1        20 250
27  91  70  81   3   0  16 0.00    M    M  8.5 26 260   M    M   1         M  M
28  92  69  81   3   0  16 0.00    M    M  6.8 18 160   M    M   1         M  M
29  95  73  84   6   0  19 0.00  0.0    0   M   M   M   M    M   1         M  M
30  96  74  85   8   0  20 0.00  0.0    0  7.9 15 220   M    M   0         M  M
31  97  74  86   9   0  21 0.00  0.0    0  8.6 17 280   M    M   0         M  M
================================================================================
SM 2710 2086         0 389  4.60     0.0 143.4          M       59
================================================================================
AV 87.4 67.3                               5.7 FASTST   M    M   2    MAX(MPH)
                                 MISC ---->  # 31 330               # 62   30
================================================================================
NOTES:
# LAST OF SEVERAL OCCURRENCES

COLUMN 17 PEAK WIND IN M.P.H.

PRELIMINARY LOCAL CLIMATOLOGICAL DATA (WS FORM: F-6) , PAGE 2

                                          STATION:  JOPLIN MO
                                          MONTH:    AUGUST
                                          YEAR:     2013
                                          LATITUDE:   37 10 N
                                          LONGITUDE:  94 30 W

[TEMPERATURE DATA]      [PRECIPITATION DATA]       SYMBOLS USED IN COLUMN 16

AVERAGE MONTHLY: 77.4   TOTAL FOR MONTH:   4.60    1 = FOG OR MIST
DPTR FM NORMAL:  -2.3   DPTR FM NORMAL:    1.25    2 = FOG REDUCING VISIBILITY
HIGHEST:    97 ON 31    GRTST 24HR  1.47 ON  5- 6      TO 1/4 MILE OR LESS
LOWEST:     54 ON 17                               3 = THUNDER
                        SNOW, ICE PELLETS, HAIL    4 = ICE PELLETS
                        TOTAL MONTH:   0.0 INCH    5 = HAIL
                        GRTST 24HR     0.0         6 = FREEZING RAIN OR DRIZZLE
                        GRTST DEPTH:   0           7 = DUSTSTORM OR SANDSTORM:
                                                       VSBY 1/2 MILE OR LESS
                                                   8 = SMOKE OR HAZE
[NO. OF DAYS WITH]      [WEATHER - DAYS WITH]      9 = BLOWING SNOW
                                                   X = TORNADO
MAX 32 OR BELOW:   0    0.01 INCH OR MORE:   9
MAX 90 OR ABOVE:  14    0.10 INCH OR MORE:   7
MIN 32 OR BELOW:   0    0.50 INCH OR MORE:   4
MIN  0 OR BELOW:   0    1.00 INCH OR MORE:   2

[HDD (BASE 65) ]
TOTAL THIS MO.     0    CLEAR  (SCALE 0-3)  26
DPTR FM NORMAL    -1    PTCLDY (SCALE 4-7)   5
TOTAL FM JUL 1     0    CLOUDY (SCALE 8-10)  0
DPTR FM NORMAL    -1

[CDD (BASE 65) ]
TOTAL THIS MO.   389
DPTR FM NORMAL   -67    [PRESSURE DATA]
TOTAL FM JAN 1  1264    HIGHEST SLP M ON M
DPTR FM NORMAL  -163    LOWEST  SLP 29.78 ON 31

[REMARKS]
#FINAL-08-13#
