000
CXUS53 KSGF 010629
CF6JLN
PRELIMINARY LOCAL CLIMATOLOGICAL DATA (WS FORM: F-6)
STATION: JOPLIN MO
MONTH: AUGUST
YEAR: 2020
LATITUDE: 37 10 N
LONGITUDE: 94 30 W
TEMPERATURE IN F: :PCPN: SNOW: WIND :SUNSHINE: SKY :PK WND
================================================================================
1 2 3 4 5 6A 6B 7 8 9 10 11 12 13 14 15 16 17 18
12Z AVG MX 2MIN
DY MAX MIN AVG DEP HDD CDD WTR SNW DPTH SPD SPD DIR MIN PSBL S-S WX SPD DR
================================================================================
1 84 60 72 -9 0 7 0.00 M M 3.4 13 360 M M 2 18 360
2 86 67 77 -4 0 12 0.00 M M 6.0 18 350 M M 4 25 10
3 81 59 70 -11 0 5 0.00 M M 8.0 17 360 M M 2 1 23 360
4 79 57 68 -13 0 3 0.00 M M 5.9 13 30 M M 2 18 40
5 85 57 71 -10 0 6 0.00 M M 4.6 9 140 M M 1 14 150
6 89 65 77 -4 0 12 0.18 M M 6.4 15 260 M M 2 13 20 250
7 86 70 78 -3 0 13 0.54 M M 9.3 18 220 M M 4 13 24 210
8 91 73 82 1 0 17 0.33 M M 14.6 28 200 M M 2 13 38 180
9 93 77 85 4 0 20 T M M 12.9 20 200 M M 2 27 190
10 94 71 83 2 0 18 0.03 M M 10.9 35 250 M M 2 3 46 240
11 89 69 79 -1 0 14 T M M 4.5 17 170 M M 2 3 23 170
12 90 66 78 -2 0 13 0.00 M M 6.1 14 90 M M 0 8 20 110
13 91 72 82 2 0 17 T M M 5.1 13 140 M M 1 18 140
14 94 72 83 3 0 18 0.00 M M 4.7 12 70 M M 2 16 60
15 96 70 83 3 0 18 0.36 M M 4.8 23 170 M M 2 13 30 10
16 87 62 75 -5 0 10 0.00 M M 3.6 12 30 M M 1 1 16 40
17 90 62 76 -4 0 11 0.00 M M 5.8 15 360 M M 1 20 10
18 86 60 73 -7 0 8 0.00 M M 6.4 17 350 M M 0 1 25 350
19 85 57 71 -9 0 6 0.00 M M 4.5 12 50 M M 1 18 50
20 88 58 73 -7 0 8 0.00 M M 6.0 12 170 M M 0 15 150
21 90 61 76 -4 0 11 0.00 M M 4.4 10 310 M M 1 16 280
22 92 60 76 -3 0 11 0.00 M M 3.1 10 300 M M 0 1 15 270
23 94 66 80 1 0 15 0.00 M M 5.4 16 220 M M 0 23 270
24 96 67 82 3 0 17 0.00 M M 4.6 13 270 M M 0 17 230
25 97 67 82 3 0 17 0.00 M M 3.7 10 50 M M 0 16 40
26 92 71 82 4 0 17 0.00 M M 7.0 16 170 M M 1 22 170
27 82 69 76 -2 0 11 0.04 M M 4.5 12 180 M M 3 13 15 180
28 96 70 83 5 0 18 0.00 M M 4.3 12 290 M M 3 12 17 290
29 80 68 74 -4 0 9 0.41 M M 6.4 37 330 M M 4 13 53 340
30 82 68 75 -2 0 10 T M M 2.9 10 170 M M 7 1 14 50
31 88 70 79 2 0 14 0.69 M M 9.9 26 310 M M 3 13 36 320
================================================================================
SM 2753 2041 0 386 2.58 M 189.7 M 55
================================================================================
AV 88.8 65.8 6.1 FASTST M M 2 MAX(MPH)
MISC ----> 37 330 53 340
================================================================================
NOTES:
# LAST OF SEVERAL OCCURRENCES
COLUMN 17 PEAK WIND IN M.P.H.
PRELIMINARY LOCAL CLIMATOLOGICAL DATA (WS FORM: F-6) , PAGE 2
STATION: JOPLIN MO
MONTH: AUGUST
YEAR: 2020
LATITUDE: 37 10 N
LONGITUDE: 94 30 W
[TEMPERATURE DATA] [PRECIPITATION DATA] SYMBOLS USED IN COLUMN 16
AVERAGE MONTHLY: 77.3 TOTAL FOR MONTH: 2.58 1 = FOG OR MIST
DPTR FM NORMAL: -2.4 DPTR FM NORMAL: -0.77 2 = FOG REDUCING VISIBILITY
HIGHEST: 97 ON 25 GRTST 24HR 0.72 ON 6- 7 TO 1/4 MILE OR LESS
LOWEST: 57 ON 19, 5 3 = THUNDER
SNOW, ICE PELLETS, HAIL 4 = ICE PELLETS
TOTAL MONTH: M 5 = HAIL
GRTST 24HR M ON M 6 = FREEZING RAIN OR DRIZZLE
GRTST DEPTH: M ON M 7 = DUSTSTORM OR SANDSTORM:
VSBY 1/2 MILE OR LESS
8 = SMOKE OR HAZE
[NO. OF DAYS WITH] [WEATHER - DAYS WITH] 9 = BLOWING SNOW
X = TORNADO
MAX 32 OR BELOW: 0 0.01 INCH OR MORE: 8
MAX 90 OR ABOVE: 15 0.10 INCH OR MORE: 6
MIN 32 OR BELOW: 0 0.50 INCH OR MORE: 2
MIN 0 OR BELOW: 0 1.00 INCH OR MORE: 0
[HDD (BASE 65) ]
TOTAL THIS MO. 0 CLEAR (SCALE 0-3) 26
DPTR FM NORMAL -1 PTCLDY (SCALE 4-7) 5
TOTAL FM JUL 1 0 CLOUDY (SCALE 8-10) 0
DPTR FM NORMAL 0
[CDD (BASE 65) ]
TOTAL THIS MO. 386
DPTR FM NORMAL -70 [PRESSURE DATA]
TOTAL FM JAN 1 1416 HIGHEST SLP M ON M
DPTR FM NORMAL -11 LOWEST SLP 29.69 ON 31
[REMARKS]
#FINAL-08-20#