000
CXUS53 KSGF 270800
CF6JLN
PRELIMINARY LOCAL CLIMATOLOGICAL DATA (WS FORM: F-6)

                                          STATION:   JOPLIN MO
                                          MONTH:     MAY
                                          YEAR:      2016
                                          LATITUDE:   37 10 N
                                          LONGITUDE:  94 30 W

  TEMPERATURE IN F:       :PCPN:    SNOW:  WIND      :SUNSHINE: SKY     :PK WND
================================================================================
1   2   3   4   5  6A  6B    7    8   9   10  11  12  13   14  15   16   17  18
                                     12Z  AVG MX 2MIN
DY MAX MIN AVG DEP HDD CDD  WTR  SNW DPTH SPD SPD DIR MIN PSBL S-S WX    SPD DR
================================================================================

 1  64  43  54  -9  11   0    T    M    M  7.7 18 280   M    M   4        26 250
 2  57  45  51 -12  14   0    T    M    M  5.3 14 360   M    M   8 1      17 360
 3  68  39  54 -10  11   0 0.00    M    M  3.8 12 320   M    M   2 12     19 280
 4  72  47  60  -4   5   0 0.00    M    M 10.4 22 360   M    M   1        28 350
 5  73  42  58  -6   7   0 0.00    M    M  5.2 17 350   M    M   0        24  20
 6  79  45  62  -2   3   0 0.00    M    M  4.4 12 250   M    M   0 8      16 250
 7  84  53  69   4   0   4 0.00    M    M  9.4 22 210   M    M   0        26 210
 8  76  59  68   3   0   3 0.04    M    M 10.8 25 200   M    M   2 3      29 190
 9  77  57  67   2   0   2 0.10  0.0    0 12.8 25 180   M    M   3 13     35 190
10  85  57  71   6   0   6 0.00  0.0    0  6.2 14 230   M    M   3 3      19 130
11  83  65  74   8   0   9 0.00  0.0    0 12.4 28 210   M    M   3 3      34 210
12  74  52  63  -3   2   0 0.30    M    M  7.8 18 310   M    M   3 13     29  10
13  80  49  65  -1   0   0 0.10    M    M 11.3 24 200   M    M   2 13     33  10
14  60  42  51 -15  14   0 0.00    M    M  8.8 22 360   M    M   3        30 350
15  67  40  54 -13  11   0    T    M    M  5.6 14 110   M    M   3        19  60
16  59  51  55 -12  10   0 2.48    M    M  9.0 18 110   M    M  10 13     26 140
17  56  51  54 -13  11   0 1.09    M    M  9.0 20  80   M    M  10 13     27  90
18  69  47  58  -9   7   0    T    M    M  7.5 18  70   M    M   5        24  50
19  67  44  56 -12   9   0 0.19    M    M  5.3 14 150   M    M   4 1      21 160
20  66  53  60  -8   5   0    T    M    M  3.3 17 120   M    M   9 12     23 120
21  76  48  62  -6   3   0 0.00  0.0    0  4.8 10  90   M    M   5 12     15  90
22  80  57  69   1   0   4 0.00    M    M  8.0 14 150   M    M   1        21 130
23  76  61  69   0   0   4 0.02    M    M 11.1 24 180   M    M   2 1      30 200
24  81  64  73   4   0   8 0.45    M    M 10.0 25 190   M    M   2 13     30 190
25  84  63  74   5   0   9 0.42    M    M 11.3 31 220   M    M   5 13     43 220
26  88  65  77   7   0  12 0.00    M    M 12.9 31 180   M    M   5 18     43 190
================================================================================
SM 1901 1339       123  61  5.19     0.0 214.1          M       95
================================================================================
AV 73.1 51.5                               8.2 FASTST   M    M   4    MAX(MPH)
                                 MISC ---->  # 31 220               # 43  220
================================================================================
NOTES:
# LAST OF SEVERAL OCCURRENCES

COLUMN 17 PEAK WIND IN M.P.H.

PRELIMINARY LOCAL CLIMATOLOGICAL DATA (WS FORM: F-6) , PAGE 2

                                          STATION:  JOPLIN MO
                                          MONTH:    MAY
                                          YEAR:     2016
                                          LATITUDE:   37 10 N
                                          LONGITUDE:  94 30 W

[TEMPERATURE DATA]      [PRECIPITATION DATA]       SYMBOLS USED IN COLUMN 16

AVERAGE MONTHLY: 62.3   TOTAL FOR MONTH:   5.19    1 = FOG OR MIST
DPTR FM NORMAL:  -4.0   DPTR FM NORMAL:    0.39    2 = FOG REDUCING VISIBILITY
HIGHEST:    88 ON 26    GRTST 24HR  3.36 ON 16-17      TO 1/4 MILE OR LESS
LOWEST:     39 ON  3                               3 = THUNDER
                        SNOW, ICE PELLETS, HAIL    4 = ICE PELLETS
                        TOTAL MONTH:   0.0 INCH    5 = HAIL
                        GRTST 24HR     0.0         6 = FREEZING RAIN OR DRIZZLE
                        GRTST DEPTH:   0           7 = DUSTSTORM OR SANDSTORM:
                                                       VSBY 1/2 MILE OR LESS
                                                   8 = SMOKE OR HAZE
[NO. OF DAYS WITH]      [WEATHER - DAYS WITH]      9 = BLOWING SNOW
                                                   X = TORNADO
MAX 32 OR BELOW:   0    0.01 INCH OR MORE:  10
MAX 90 OR ABOVE:   0    0.10 INCH OR MORE:   8
MIN 32 OR BELOW:   0    0.50 INCH OR MORE:   2
MIN  0 OR BELOW:   0    1.00 INCH OR MORE:   2

[HDD (BASE 65) ]
TOTAL THIS MO.   123    CLEAR  (SCALE 0-3)  14
DPTR FM NORMAL    62    PTCLDY (SCALE 4-7)   9
TOTAL FM JUL 1  3389    CLOUDY (SCALE 8-10)  3
DPTR FM NORMAL  -675

[CDD (BASE 65) ]
TOTAL THIS MO.    61
DPTR FM NORMAL   -34    [PRESSURE DATA]
TOTAL FM JAN 1    84    HIGHEST SLP M ON M
DPTR FM NORMAL   -65    LOWEST  SLP 29.62 ON  9

[REMARKS]
