000
CDUS43 KSGF 142127
CLIJLN


CLIMATE REPORT
NATIONAL WEATHER SERVICE SPRINGFIELD MO
427 PM CDT MON APR 14 2014


...................................

...THE JOPLIN MO CLIMATE SUMMARY FOR APRIL 14 2014...
VALID AS OF 0400 PM LOCAL TIME.

CLIMATE NORMAL PERIOD 1981 TO 2010
CLIMATE RECORD PERIOD 1902 TO 2014


WEATHER ITEM   OBSERVED TIME   RECORD YEAR NORMAL DEPARTURE LAST
                VALUE   (LST)  VALUE       VALUE  FROM      YEAR
                                                  NORMAL
..................................................................
TEMPERATURE (F)
 TODAY
  MAXIMUM         45    239 PM  88    2006  70    -25       79
  MINIMUM         33   1146 AM  28    2008  46    -13       56
                                      1950
  AVERAGE         39                        58    -19       68

PRECIPITATION (IN)
  TODAY            T             2.58 1999   0.14  -0.14     0.09
  MONTH TO DATE    0.55                      1.79  -1.24     1.17
  SINCE MAR 1      2.43                      5.21  -2.78     3.87
  SINCE JAN 1      3.28                      9.56  -6.28     9.02

DEGREE DAYS
 HEATING
  TODAY           26                         8     18        0
  MONTH TO DATE  150                       141      9      165
  SINCE MAR 1    813                       649    164      822
  SINCE JUL 1   4662                      3903    759     3938

 COOLING
  TODAY            0                         1     -1        3
  MONTH TO DATE   10                        14     -4       14
  SINCE MAR 1     10                        23    -13       14
  SINCE JAN 1     10                        24    -14       15
..................................................................


WIND (MPH)
  HIGHEST WIND SPEED    25   HIGHEST WIND DIRECTION     N (350)
  HIGHEST GUST SPEED    30   HIGHEST GUST DIRECTION     N (350)


SKY COVER
  AVERAGE SKY COVER 0.9


WEATHER CONDITIONS
 THE FOLLOWING WEATHER WAS RECORDED TODAY.
  LIGHT RAIN
  LIGHT SNOW
  FOG


RELATIVE HUMIDITY (PERCENT)
 HIGHEST    92           500 AM
 LOWEST     49           300 PM
 AVERAGE    71

..........................................................


THE JOPLIN MO CLIMATE NORMALS FOR TOMORROW
                         NORMAL    RECORD    YEAR
 MAXIMUM TEMPERATURE (F)   70        86      2006
                                             2002
 MINIMUM TEMPERATURE (F)   47        26      1983


SUNRISE AND SUNSET
APRIL 14 2014.........SUNRISE   645 AM CDT   SUNSET   752 PM CDT
APRIL 15 2014.........SUNRISE   644 AM CDT   SUNSET   753 PM CDT


-  INDICATES NEGATIVE NUMBERS.
R  INDICATES RECORD WAS SET OR TIED.
MM INDICATES DATA IS MISSING.
T  INDICATES TRACE AMOUNT.




$$
