000
CDUS43 KSGF 270633
CLIJLN


CLIMATE REPORT
NATIONAL WEATHER SERVICE SPRINGFIELD MO
133 AM CDT MON JUL 27 2015


...................................

...THE JOPLIN MO CLIMATE SUMMARY FOR JULY 26 2015...

CLIMATE NORMAL PERIOD 1981 TO 2010
CLIMATE RECORD PERIOD 1902 TO 2015


WEATHER ITEM   OBSERVED TIME   RECORD YEAR NORMAL DEPARTURE LAST
                VALUE   (LST)  VALUE       VALUE  FROM      YEAR
                                                  NORMAL
..................................................................
TEMPERATURE (F)
 YESTERDAY
  MAXIMUM         95    305 PM 104    1952  91      4       99
  MINIMUM         77   1147 PM  56    2004  70      7       77
  AVERAGE         86                        81      5       88

PRECIPITATION (IN)
  YESTERDAY        0.00          2.90 1948   0.11  -0.11     0.00
  MONTH TO DATE    5.09                      3.30   1.79     0.62
  SINCE JUN 1     12.76                      9.16   3.60     4.55
  SINCE JAN 1     30.47                     27.11   3.36    13.30

DEGREE DAYS
 HEATING
  YESTERDAY        0                         0      0        0
  MONTH TO DATE    0                         0      0        1
  SINCE JUN 1      0                         5     -5        3
  SINCE JUL 1      0                         0      0        1

 COOLING
  YESTERDAY       21                        16      5       23
  MONTH TO DATE  412                       395     17      287
  SINCE JUN 1    797                       713     84      590
  SINCE JAN 1    941                       893     48      803
..................................................................


WIND (MPH)
  HIGHEST WIND SPEED    17   HIGHEST WIND DIRECTION     S (200)
  HIGHEST GUST SPEED    21   HIGHEST GUST DIRECTION     S (200)
  AVERAGE WIND SPEED     7.3


SKY COVER
  AVERAGE SKY COVER 0.0


WEATHER CONDITIONS
 THE FOLLOWING WEATHER WAS RECORDED YESTERDAY.
  NO SIGNIFICANT WEATHER WAS OBSERVED.


RELATIVE HUMIDITY (PERCENT)
 HIGHEST    91          1200 AM
 LOWEST     44           500 PM
 AVERAGE    68

..........................................................


THE JOPLIN MO CLIMATE NORMALS FOR TODAY
                         NORMAL    RECORD    YEAR
 MAXIMUM TEMPERATURE (F)   91       105      2011
 MINIMUM TEMPERATURE (F)   70        54      2004


SUNRISE AND SUNSET
JULY 27 2015..........SUNRISE   619 AM CDT   SUNSET   830 PM CDT
JULY 28 2015..........SUNRISE   619 AM CDT   SUNSET   829 PM CDT


-  INDICATES NEGATIVE NUMBERS.
R  INDICATES RECORD WAS SET OR TIED.
MM INDICATES DATA IS MISSING.
T  INDICATES TRACE AMOUNT.




$$
