249
CDUS43 KSGF 290631
CLIJLN


CLIMATE REPORT
NATIONAL WEATHER SERVICE SPRINGFIELD MO
130 AM CDT FRI APR 29 2016


...................................

...THE JOPLIN MO CLIMATE SUMMARY FOR APRIL 28 2016...

CLIMATE NORMAL PERIOD 1981 TO 2010
CLIMATE RECORD PERIOD 1902 TO 2016


WEATHER ITEM   OBSERVED TIME   RECORD YEAR NORMAL DEPARTURE LAST
                VALUE   (LST)  VALUE       VALUE  FROM      YEAR
                                                  NORMAL
..................................................................
TEMPERATURE (F)
 YESTERDAY
  MAXIMUM         70    507 PM  86    1970  74     -4       66
  MINIMUM         48    603 AM  34    1979  51     -3       43
  AVERAGE         59                        62     -3       55

PRECIPITATION (IN)
  YESTERDAY        0.00          3.34 1996   0.18  -0.18     0.00
  MONTH TO DATE    2.79                      4.09  -1.30     3.95
  SINCE MAR 1      5.36                      7.51  -2.15     5.78
  SINCE JAN 1      6.03                     11.86  -5.83     7.30

DEGREE DAYS
 HEATING
  YESTERDAY        6                         5      1       10
  MONTH TO DATE  146                       232    -86      183
  SINCE MAR 1    508                       740   -232      673
  SINCE JUL 1   3258                      3994   -736     4209

 COOLING
  YESTERDAY        0                         2     -2        0
  MONTH TO DATE   19                        40    -21       35
  SINCE MAR 1     22                        49    -27       35
  SINCE JAN 1     23                        50    -27       35
..................................................................


WIND (MPH)
  HIGHEST WIND SPEED    14   HIGHEST WIND DIRECTION    NW (300)
  HIGHEST GUST SPEED    18   HIGHEST GUST DIRECTION    NW (310)
  AVERAGE WIND SPEED     6.3


SKY COVER
  AVERAGE SKY COVER 0.0


WEATHER CONDITIONS
 THE FOLLOWING WEATHER WAS RECORDED YESTERDAY.
  NO SIGNIFICANT WEATHER WAS OBSERVED.


RELATIVE HUMIDITY (PERCENT)
 HIGHEST    89          1200 AM
 LOWEST     44           500 PM
 AVERAGE    67

..........................................................


THE JOPLIN MO CLIMATE NORMALS FOR TODAY
                         NORMAL    RECORD    YEAR
 MAXIMUM TEMPERATURE (F)   74        92      1962
 MINIMUM TEMPERATURE (F)   51        36      1969


SUNRISE AND SUNSET
APRIL 29 2016.........SUNRISE   625 AM CDT   SUNSET   806 PM CDT
APRIL 30 2016.........SUNRISE   624 AM CDT   SUNSET   807 PM CDT


-  INDICATES NEGATIVE NUMBERS.
R  INDICATES RECORD WAS SET OR TIED.
MM INDICATES DATA IS MISSING.
T  INDICATES TRACE AMOUNT.




$$
