279
CDUS43 KSGF 170635
CLIJLN


CLIMATE REPORT
NATIONAL WEATHER SERVICE SPRINGFIELD MO
1226 AM CST WED JAN 17 2018


...................................

...THE JOPLIN MO CLIMATE SUMMARY FOR JANUARY 16 2018...

CLIMATE NORMAL PERIOD 1981 TO 2010
CLIMATE RECORD PERIOD 1902 TO 2018


WEATHER ITEM   OBSERVED TIME   RECORD YEAR NORMAL DEPARTURE LAST
                VALUE   (LST)  VALUE       VALUE  FROM      YEAR
                                                  NORMAL
..................................................................
TEMPERATURE (F)
 YESTERDAY
  MAXIMUM          8    424 PM  69    2012  45    -37       63
                                      1952
  MINIMUM         -6R   740 AM  -1    1997  25    -31       41
                                      1977
  AVERAGE          1                        35    -34       52

PRECIPITATION (IN)
  YESTERDAY        0.00          0.97 2004   0.07  -0.07     0.26
  MONTH TO DATE    0.46                      1.07  -0.61     2.47
  SINCE DEC 1      1.83                      3.89  -2.06     3.06
  SINCE JAN 1      0.46                      1.07  -0.61     2.47

DEGREE DAYS
 HEATING
  YESTERDAY       64                        30     34       13
  MONTH TO DATE  628                       480    148      464
  SINCE DEC 1   1469                      1340    129     1341
  SINCE JUL 1   2114                      2097     17     1796

 COOLING
  YESTERDAY        0                         0      0        0
  MONTH TO DATE    0                         0      0        0
  SINCE DEC 1      0                         0      0        0
  SINCE JAN 1      0                         0      0        0
..................................................................


WIND (MPH)
  HIGHEST WIND SPEED    15   HIGHEST WIND DIRECTION     N (340)
  HIGHEST GUST SPEED    19   HIGHEST GUST DIRECTION    NW (330)
  AVERAGE WIND SPEED     6.9


SKY COVER
  AVERAGE SKY COVER 0.0


WEATHER CONDITIONS
 THE FOLLOWING WEATHER WAS RECORDED YESTERDAY.
  FOG


RELATIVE HUMIDITY (PERCENT)
 HIGHEST    91           900 PM
 LOWEST     68          1200 PM
 AVERAGE    80

..........................................................


THE JOPLIN MO CLIMATE NORMALS FOR TODAY
                         NORMAL    RECORD    YEAR
 MAXIMUM TEMPERATURE (F)   45        68      1952
                                             1996
 MINIMUM TEMPERATURE (F)   25        -7      1978


SUNRISE AND SUNSET
JANUARY 17 2018.......SUNRISE   730 AM CST   SUNSET   527 PM CST
JANUARY 18 2018.......SUNRISE   730 AM CST   SUNSET   528 PM CST


-  INDICATES NEGATIVE NUMBERS.
R  INDICATES RECORD WAS SET OR TIED.
MM INDICATES DATA IS MISSING.
T  INDICATES TRACE AMOUNT.




$$
