000
CDUS43 KSGF 242227
CLIJLN


CLIMATE REPORT
NATIONAL WEATHER SERVICE SPRINGFIELD MO
526 PM CDT TUE MAY 24 2016


...................................

...THE JOPLIN MO CLIMATE SUMMARY FOR MAY 24 2016...
VALID TODAY AS OF 0500 PM LOCAL TIME.

CLIMATE NORMAL PERIOD 1981 TO 2010
CLIMATE RECORD PERIOD 1902 TO 2016


WEATHER ITEM   OBSERVED TIME   RECORD YEAR NORMAL DEPARTURE LAST
                VALUE   (LST)  VALUE       VALUE  FROM      YEAR
                                                  NORMAL
..................................................................
TEMPERATURE (F)
 TODAY
  MAXIMUM         81    348 PM  90    1996  80      1       68
  MINIMUM         64    104 AM  45    2001  58      6       61
  AVERAGE         73                        69      4       65

PRECIPITATION (IN)
  TODAY            0.45          2.48 2015   0.16   0.29     2.48
  MONTH TO DATE    4.77                      4.46   0.31     8.83
  SINCE MAR 1     11.89                     12.35  -0.46    14.61
  SINCE JAN 1     12.56                     16.70  -4.14    16.13

DEGREE DAYS
 HEATING
  TODAY            0                         1     -1        0
  MONTH TO DATE  123                        59     64       63
  SINCE MAR 1    639                       808   -169      750
  SINCE JUL 1   3389                      4062   -673     4286

 COOLING
  TODAY            8                         5      3        0
  MONTH TO DATE   40                        84    -44       78
  SINCE MAR 1     62                       137    -75      113
  SINCE JAN 1     63                       138    -75      113
..................................................................


WIND (MPH)
  HIGHEST WIND SPEED    25   HIGHEST WIND DIRECTION     S (190)
  HIGHEST GUST SPEED    30   HIGHEST GUST DIRECTION     S (190)


SKY COVER
  AVERAGE SKY COVER 0.3


WEATHER CONDITIONS
 THE FOLLOWING WEATHER WAS RECORDED TODAY.
  THUNDERSTORM
  RAIN
  LIGHT RAIN
  FOG


RELATIVE HUMIDITY (PERCENT)
 HIGHEST    93           200 AM
 LOWEST     74           900 AM
 AVERAGE    84

..........................................................


THE JOPLIN MO CLIMATE NORMALS FOR TOMORROW
                         NORMAL    RECORD    YEAR
 MAXIMUM TEMPERATURE (F)   80        92      2006
 MINIMUM TEMPERATURE (F)   59        44      1979


SUNRISE AND SUNSET
MAY 24 2016...........SUNRISE   603 AM CDT   SUNSET   827 PM CDT
MAY 25 2016...........SUNRISE   602 AM CDT   SUNSET   828 PM CDT


-  INDICATES NEGATIVE NUMBERS.
R  INDICATES RECORD WAS SET OR TIED.
MM INDICATES DATA IS MISSING.
T  INDICATES TRACE AMOUNT.




$$
