000
CDUS43 KSGF 212326
CLIJLN


CLIMATE REPORT
NATIONAL WEATHER SERVICE SPRINGFIELD MO
526 PM CST TUE FEB 21 2017


...................................

...THE JOPLIN MO CLIMATE SUMMARY FOR FEBRUARY 21 2017...
VALID TODAY AS OF 0500 PM LOCAL TIME.

CLIMATE NORMAL PERIOD 1981 TO 2010
CLIMATE RECORD PERIOD 1902 TO 2017


WEATHER ITEM   OBSERVED TIME   RECORD YEAR NORMAL DEPARTURE LAST
                VALUE   (LST)  VALUE       VALUE  FROM      YEAR
                                                  NORMAL
..................................................................
TEMPERATURE (F)
 TODAY
  MAXIMUM         71    348 PM  76    1996  52     19       65
  MINIMUM         47    701 AM   9    1963  31     16       41
                                      1978
  AVERAGE         59                        42     17       53

PRECIPITATION (IN)
  TODAY            0.00          1.05 2013   0.09  -0.09      T
  MONTH TO DATE    0.26                      1.67  -1.41     0.11
  SINCE DEC 1      4.50                      6.52  -2.02    10.18
  SINCE JAN 1      3.91                      3.70   0.21     0.41

DEGREE DAYS
 HEATING
  TODAY            6                        23    -17       12
  MONTH TO DATE  351                       550   -199      459
  SINCE DEC 1   2008                      2342   -334     1976
  SINCE JUL 1   2463                      3099   -636     2594

 COOLING
  TODAY            0                         0      0        0
  MONTH TO DATE    3                         0      3        1
  SINCE DEC 1      3                         0      3        4
  SINCE JAN 1      3                         0      3        1
..................................................................


WIND (MPH)
  HIGHEST WIND SPEED    16   HIGHEST WIND DIRECTION     N (340)
  HIGHEST GUST SPEED    20   HIGHEST GUST DIRECTION     N (350)


SKY COVER
  AVERAGE SKY COVER 0.3


WEATHER CONDITIONS
 THE FOLLOWING WEATHER WAS RECORDED TODAY.
  FOG
  FOG W/VISIBILITY <= 1/4 MILE


RELATIVE HUMIDITY (PERCENT)
 HIGHEST   100           200 AM
 LOWEST     53           500 PM
 AVERAGE    77

..........................................................


THE JOPLIN MO CLIMATE NORMALS FOR TOMORROW
                         NORMAL    RECORD    YEAR
 MAXIMUM TEMPERATURE (F)   53        87      1996
 MINIMUM TEMPERATURE (F)   31         7      1963


SUNRISE AND SUNSET
FEBRUARY 21 2017......SUNRISE   659 AM CST   SUNSET   604 PM CST
FEBRUARY 22 2017......SUNRISE   658 AM CST   SUNSET   605 PM CST


-  INDICATES NEGATIVE NUMBERS.
R  INDICATES RECORD WAS SET OR TIED.
MM INDICATES DATA IS MISSING.
T  INDICATES TRACE AMOUNT.




$$
