000
CDUS43 KSGF 200629
CLIJLN


CLIMATE REPORT
NATIONAL WEATHER SERVICE SPRINGFIELD MO
129 AM CDT MON OCT 20 2014


...................................

...THE JOPLIN MO CLIMATE SUMMARY FOR OCTOBER 19 2014...

CLIMATE NORMAL PERIOD 1981 TO 2010
CLIMATE RECORD PERIOD 1902 TO 2014


WEATHER ITEM   OBSERVED TIME   RECORD YEAR NORMAL DEPARTURE LAST
                VALUE   (LST)  VALUE       VALUE  FROM      YEAR
                                                  NORMAL
..................................................................
TEMPERATURE (F)
 YESTERDAY
  MAXIMUM         68    255 PM  93    2005  71     -3       59
  MINIMUM         43    546 AM  27    1989  47     -4       35
  AVERAGE         56                        59     -3       47

PRECIPITATION (IN)
  YESTERDAY        T             1.91 1983   0.13  -0.13     0.00
  MONTH TO DATE    7.59                      2.47   5.12     1.52
  SINCE SEP 1     12.12                      7.42   4.70     1.52
  SINCE JAN 1     27.56                     38.39 -10.83    36.98

DEGREE DAYS
 HEATING
  YESTERDAY        9                         7      2       18
  MONTH TO DATE  115                       104     11      119
  SINCE SEP 1    142                       145     -3      130
  SINCE JUL 1    143                       146     -3      130

 COOLING
  YESTERDAY        0                         1     -1        0
  MONTH TO DATE   33                        37     -4       51
  SINCE SEP 1    229                       252    -23      302
  SINCE JAN 1   1562                      1679   -117     1566
..................................................................


WIND (MPH)
  HIGHEST WIND SPEED    15   HIGHEST WIND DIRECTION     S (200)
  HIGHEST GUST SPEED    19   HIGHEST GUST DIRECTION     S (200)
  AVERAGE WIND SPEED     6.8


SKY COVER
  AVERAGE SKY COVER 0.1


WEATHER CONDITIONS
 THE FOLLOWING WEATHER WAS RECORDED YESTERDAY.
  LIGHT RAIN
  FOG


RELATIVE HUMIDITY (PERCENT)
 HIGHEST   100           100 AM
 LOWEST     55           300 PM
 AVERAGE    78

..........................................................


THE JOPLIN MO CLIMATE NORMALS FOR TODAY
                         NORMAL    RECORD    YEAR
 MAXIMUM TEMPERATURE (F)   70        89      1979
 MINIMUM TEMPERATURE (F)   47        24      1989


SUNRISE AND SUNSET
OCTOBER 20 2014.......SUNRISE   731 AM CDT   SUNSET   634 PM CDT
OCTOBER 21 2014.......SUNRISE   731 AM CDT   SUNSET   633 PM CDT


-  INDICATES NEGATIVE NUMBERS.
R  INDICATES RECORD WAS SET OR TIED.
MM INDICATES DATA IS MISSING.
T  INDICATES TRACE AMOUNT.




$$
