000
CDUS43 KSGF 160630
CLIJLN


CLIMATE REPORT
NATIONAL WEATHER SERVICE SPRINGFIELD MO
130 AM CDT MON OCT 16 2017


...................................

...THE JOPLIN MO CLIMATE SUMMARY FOR OCTOBER 15 2017...

CLIMATE NORMAL PERIOD 1981 TO 2010
CLIMATE RECORD PERIOD 1902 TO 2017


WEATHER ITEM   OBSERVED TIME   RECORD YEAR NORMAL DEPARTURE LAST
                VALUE   (LST)  VALUE       VALUE  FROM      YEAR
                                                  NORMAL
..................................................................
TEMPERATURE (F)
 YESTERDAY
  MAXIMUM         64    224 PM  88    1950  72     -8       80
  MINIMUM         42   1145 PM  32    1986  49     -7       64
  AVERAGE         53                        60     -7       72

PRECIPITATION (IN)
  YESTERDAY        0.84          2.44 1980   0.12   0.72     0.00
  MONTH TO DATE    2.80                      1.96   0.84     4.08
  SINCE SEP 1      4.29                      6.91  -2.62     6.82
  SINCE JAN 1     42.97                     37.88   5.09    36.60

DEGREE DAYS
 HEATING
  YESTERDAY       12                         6      6        0
  MONTH TO DATE   35                        76    -41       51
  SINCE SEP 1     42                       117    -75       68
  SINCE JUL 1     42                       118    -76       68

 COOLING
  YESTERDAY        0                         1     -1        7
  MONTH TO DATE   88                        33     55       38
  SINCE SEP 1    310                       248     62      295
  SINCE JAN 1   1742                      1675     67     1782
..................................................................


WIND (MPH)
  HIGHEST WIND SPEED    24   HIGHEST WIND DIRECTION    NW (320)
  HIGHEST GUST SPEED    34   HIGHEST GUST DIRECTION    NW (310)
  AVERAGE WIND SPEED    10.4


SKY COVER
  AVERAGE SKY COVER 0.2


WEATHER CONDITIONS
 THE FOLLOWING WEATHER WAS RECORDED YESTERDAY.
  HEAVY RAIN
  RAIN
  LIGHT RAIN
  FOG


RELATIVE HUMIDITY (PERCENT)
 HIGHEST   100          1200 AM
 LOWEST     43           400 PM
 AVERAGE    72

..........................................................


THE JOPLIN MO CLIMATE NORMALS FOR TODAY
                         NORMAL    RECORD    YEAR
 MAXIMUM TEMPERATURE (F)   71        88      1995
 MINIMUM TEMPERATURE (F)   48        31      1966


SUNRISE AND SUNSET
OCTOBER 16 2017.......SUNRISE   727 AM CDT   SUNSET   639 PM CDT
OCTOBER 17 2017.......SUNRISE   728 AM CDT   SUNSET   638 PM CDT


-  INDICATES NEGATIVE NUMBERS.
R  INDICATES RECORD WAS SET OR TIED.
MM INDICATES DATA IS MISSING.
T  INDICATES TRACE AMOUNT.




$$
