000
CDUS43 KSGF 280640
CLIJLN


CLIMATE REPORT
NATIONAL WEATHER SERVICE SPRINGFIELD MO
138 AM CDT SUN JUN 28 2015


...................................

...THE JOPLIN MO CLIMATE SUMMARY FOR JUNE 27 2015...

CLIMATE NORMAL PERIOD 1981 TO 2010
CLIMATE RECORD PERIOD 1902 TO 2015


WEATHER ITEM   OBSERVED TIME   RECORD YEAR NORMAL DEPARTURE LAST
                VALUE   (LST)  VALUE       VALUE  FROM      YEAR
                                                  NORMAL
..................................................................
TEMPERATURE (F)
 YESTERDAY
  MAXIMUM         82    327 PM 102    1953  89     -7       85
  MINIMUM         63    540 AM  52    1968  68     -5       69
  AVERAGE         73                        78     -5       77

PRECIPITATION (IN)
  YESTERDAY        0.00          3.51 1996   0.17  -0.17     0.00
  MONTH TO DATE    7.67                      5.36   2.31     3.42
  SINCE JUN 1      7.67                      5.36   2.31     3.42
  SINCE JAN 1     25.38                     23.31   2.07    12.17

DEGREE DAYS
 HEATING
  YESTERDAY        0                         0      0        0
  MONTH TO DATE    0                         2     -2        2
  SINCE JUN 1      0                         2     -2        2
  SINCE JUL 1   4290                      4071    219     4883

 COOLING
  YESTERDAY        8                        13     -5       12
  MONTH TO DATE  349                       277     72      259
  SINCE JUN 1    349                       277     72      259
  SINCE JAN 1    493                       457     36      472
..................................................................


WIND (MPH)
  HIGHEST WIND SPEED    12   HIGHEST WIND DIRECTION     N (10)
  HIGHEST GUST SPEED    15   HIGHEST GUST DIRECTION    NE (30)
  AVERAGE WIND SPEED     4.5


SKY COVER
  AVERAGE SKY COVER 0.3


WEATHER CONDITIONS
 THE FOLLOWING WEATHER WAS RECORDED YESTERDAY.
  FOG


RELATIVE HUMIDITY (PERCENT)
 HIGHEST   100           500 AM
 LOWEST     51           500 PM
 AVERAGE    76

..........................................................


THE JOPLIN MO CLIMATE NORMALS FOR TODAY
                         NORMAL    RECORD    YEAR
 MAXIMUM TEMPERATURE (F)   89       102      2012
 MINIMUM TEMPERATURE (F)   68        50      1967


SUNRISE AND SUNSET
JUNE 28 2015..........SUNRISE   600 AM CDT   SUNSET   842 PM CDT
JUNE 29 2015..........SUNRISE   601 AM CDT   SUNSET   842 PM CDT


-  INDICATES NEGATIVE NUMBERS.
R  INDICATES RECORD WAS SET OR TIED.
MM INDICATES DATA IS MISSING.
T  INDICATES TRACE AMOUNT.




$$
