000
CDUS43 KSGF 202132
CLIJLN


CLIMATE REPORT
NATIONAL WEATHER SERVICE SPRINGFIELD MO
432 PM CDT SAT AUG 20 2016


...................................

...THE JOPLIN MO CLIMATE SUMMARY FOR AUGUST 20 2016...
VALID AS OF 0400 PM LOCAL TIME.

CLIMATE NORMAL PERIOD 1981 TO 2010
CLIMATE RECORD PERIOD 1902 TO 2016


WEATHER ITEM   OBSERVED TIME   RECORD YEAR NORMAL DEPARTURE LAST
                VALUE   (LST)  VALUE       VALUE  FROM      YEAR
                                                  NORMAL
..................................................................
TEMPERATURE (F)
 TODAY
  MAXIMUM         80    227 PM 101    2003  91    -11       81
  MINIMUM         68    536 AM  50    1950  68      0       54
  AVERAGE         74                        80     -6       68

PRECIPITATION (IN)
  TODAY            0.06          2.45 2009   0.10  -0.04     0.00
  MONTH TO DATE    2.89                      2.04   0.85     4.07
  SINCE JUN 1     14.31                     11.71   2.60    16.83
  SINCE JAN 1     28.41                     29.66  -1.25    34.54

DEGREE DAYS
 HEATING
  TODAY            0                         0      0        0
  MONTH TO DATE    0                         0      0        1
  SINCE JUN 1      0                         5     -5        1
  SINCE JUL 1      0                         0      0        1

 COOLING
  TODAY            9                        15     -6        3
  MONTH TO DATE  313                       311      2      266
  SINCE JUN 1   1231                      1102    129     1155
  SINCE JAN 1   1345                      1282     63     1299
..................................................................


WIND (MPH)
  HIGHEST WIND SPEED    15   HIGHEST WIND DIRECTION     N (340)
  HIGHEST GUST SPEED    19   HIGHEST GUST DIRECTION    NW (330)


SKY COVER
  AVERAGE SKY COVER 0.9


WEATHER CONDITIONS
 THE FOLLOWING WEATHER WAS RECORDED TODAY.
  RAIN
  LIGHT RAIN
  FOG


RELATIVE HUMIDITY (PERCENT)
 HIGHEST    97           300 AM
 LOWEST     58           300 PM
 AVERAGE    78

..........................................................


THE JOPLIN MO CLIMATE NORMALS FOR TOMORROW
                         NORMAL    RECORD    YEAR
 MAXIMUM TEMPERATURE (F)   91       102      2003
 MINIMUM TEMPERATURE (F)   68        46      1950


SUNRISE AND SUNSET
AUGUST 20 2016........SUNRISE   639 AM CDT   SUNSET   803 PM CDT
AUGUST 21 2016........SUNRISE   640 AM CDT   SUNSET   801 PM CDT


-  INDICATES NEGATIVE NUMBERS.
R  INDICATES RECORD WAS SET OR TIED.
MM INDICATES DATA IS MISSING.
T  INDICATES TRACE AMOUNT.




$$
