000
CDUS43 KSGF 142231
CLIJLN


CLIMATE REPORT
NATIONAL WEATHER SERVICE SPRINGFIELD MO
531 PM CDT THU SEP 14 2017


...................................

...THE JOPLIN MO CLIMATE SUMMARY FOR SEPTEMBER 14 2017...
VALID TODAY AS OF 0500 PM LOCAL TIME.

CLIMATE NORMAL PERIOD 1981 TO 2010
CLIMATE RECORD PERIOD 1902 TO 2017


WEATHER ITEM   OBSERVED TIME   RECORD YEAR NORMAL DEPARTURE LAST
                VALUE   (LST)  VALUE       VALUE  FROM      YEAR
                                                  NORMAL
..................................................................
TEMPERATURE (F)
 TODAY
  MAXIMUM         87    359 PM 100    1956  83      4       86
  MINIMUM         57    629 AM  41    1974  60     -3       67
  AVERAGE         72                        72      0       77

PRECIPITATION (IN)
  TODAY            0.00          2.18 1972   0.17  -0.17      T
  MONTH TO DATE    0.00                      2.29  -2.29     2.62
  SINCE SEP 1      0.00                      2.29  -2.29     2.62
  SINCE JAN 1     38.68                     33.26   5.42    32.40

DEGREE DAYS
 HEATING
  TODAY            0                         1     -1        0
  MONTH TO DATE    4                         3      1        0
  SINCE SEP 1      4                         3      1        0
  SINCE JUL 1      4                         4      0        0

 COOLING
  TODAY            7                         7      0       12
  MONTH TO DATE   67                       133    -66      140
  SINCE SEP 1     67                       133    -66      140
  SINCE JAN 1   1499                      1560    -61     1627
..................................................................


WIND (MPH)
  HIGHEST WIND SPEED    14   HIGHEST WIND DIRECTION    SW (210)
  HIGHEST GUST SPEED    21   HIGHEST GUST DIRECTION     S (180)


SKY COVER
  AVERAGE SKY COVER 0.0


WEATHER CONDITIONS
 THE FOLLOWING WEATHER WAS RECORDED TODAY.
  NO SIGNIFICANT WEATHER WAS OBSERVED.


RELATIVE HUMIDITY (PERCENT)
 HIGHEST    87           300 AM
 LOWEST     31           300 PM
 AVERAGE    59

..........................................................


THE JOPLIN MO CLIMATE NORMALS FOR TOMORROW
                         NORMAL    RECORD    YEAR
 MAXIMUM TEMPERATURE (F)   83        98      1956
 MINIMUM TEMPERATURE (F)   60        41      1961
                                             1993


SUNRISE AND SUNSET
SEPTEMBER 14 2017.....SUNRISE   659 AM CDT   SUNSET   727 PM CDT
SEPTEMBER 15 2017.....SUNRISE   700 AM CDT   SUNSET   725 PM CDT


-  INDICATES NEGATIVE NUMBERS.
R  INDICATES RECORD WAS SET OR TIED.
MM INDICATES DATA IS MISSING.
T  INDICATES TRACE AMOUNT.




$$
