000
CDUS43 KSGF 030630
CLIJLN


CLIMATE REPORT
NATIONAL WEATHER SERVICE SPRINGFIELD MO
129 AM CDT FRI JUL 3 2015


...................................

...THE JOPLIN MO CLIMATE SUMMARY FOR JULY 2 2015...

CLIMATE NORMAL PERIOD 1981 TO 2010
CLIMATE RECORD PERIOD 1902 TO 2015


WEATHER ITEM   OBSERVED TIME   RECORD YEAR NORMAL DEPARTURE LAST
                VALUE   (LST)  VALUE       VALUE  FROM      YEAR
                                                  NORMAL
..................................................................
TEMPERATURE (F)
 YESTERDAY
  MAXIMUM         86    310 PM 103    2011  89     -3       81
                                      1954
  MINIMUM         71   1159 PM  53    2013  69      2       57
  AVERAGE         79                        79      0       69

PRECIPITATION (IN)
  YESTERDAY        T             3.02 1976   0.14  -0.14      T
  MONTH TO DATE    T                         0.29  -0.29      T
  SINCE JUN 1      7.67                      6.15   1.52     3.93
  SINCE JAN 1     25.38                     24.10   1.28    12.68

DEGREE DAYS
 HEATING
  YESTERDAY        0                         0      0        0
  MONTH TO DATE    0                         0      0        0
  SINCE JUN 1      0                         5     -5        2
  SINCE JUL 1      0                         0      0        0

 COOLING
  YESTERDAY       14                        14      0        4
  MONTH TO DATE   31                        28      3       17
  SINCE JUN 1    416                       346     70      320
  SINCE JAN 1    560                       526     34      533
..................................................................


WIND (MPH)
  HIGHEST WIND SPEED    20   HIGHEST WIND DIRECTION    SW (220)
  HIGHEST GUST SPEED    26   HIGHEST GUST DIRECTION    SW (220)
  AVERAGE WIND SPEED     5.8


SKY COVER
  AVERAGE SKY COVER 0.6


WEATHER CONDITIONS
 THE FOLLOWING WEATHER WAS RECORDED YESTERDAY.
  LIGHT RAIN
  FOG
  HAZE


RELATIVE HUMIDITY (PERCENT)
 HIGHEST    93           900 PM
 LOWEST     69           100 AM
 AVERAGE    81

..........................................................


THE JOPLIN MO CLIMATE NORMALS FOR TODAY
                         NORMAL    RECORD    YEAR
 MAXIMUM TEMPERATURE (F)   90       100      2011
                                             1980
 MINIMUM TEMPERATURE (F)   69        50      2014


SUNRISE AND SUNSET
JULY  3 2015..........SUNRISE   602 AM CDT   SUNSET   842 PM CDT
JULY  4 2015..........SUNRISE   603 AM CDT   SUNSET   842 PM CDT


-  INDICATES NEGATIVE NUMBERS.
R  INDICATES RECORD WAS SET OR TIED.
MM INDICATES DATA IS MISSING.
T  INDICATES TRACE AMOUNT.




$$
