000
CDUS43 KSGF 030700
CLIJLN


CLIMATE REPORT
NATIONAL WEATHER SERVICE SPRINGFIELD MO
159 AM CDT THU SEP 3 2015


...................................

...THE JOPLIN MO CLIMATE SUMMARY FOR SEPTEMBER 2 2015...

CLIMATE NORMAL PERIOD 1981 TO 2010
CLIMATE RECORD PERIOD 1902 TO 2015


WEATHER ITEM   OBSERVED TIME   RECORD YEAR NORMAL DEPARTURE LAST
                VALUE   (LST)  VALUE       VALUE  FROM      YEAR
                                                  NORMAL
..................................................................
TEMPERATURE (F)
 YESTERDAY
  MAXIMUM         88    255 PM 105    2000  88      0       81
  MINIMUM         71    628 AM  48    1974  65      6       65
  AVERAGE         80                        76      4       73

PRECIPITATION (IN)
  YESTERDAY        0.00          1.50 1993   0.16  -0.16     1.07
  MONTH TO DATE    0.00                      0.32  -0.32     2.60
  SINCE SEP 1      0.00                      0.32  -0.32     2.60
  SINCE JAN 1     38.70                     31.29   7.41    18.04

DEGREE DAYS
 HEATING
  YESTERDAY        0                         0      0        0
  MONTH TO DATE    0                         0      0        0
  SINCE SEP 1      0                         0      0        0
  SINCE JUL 1      1                         1      0        1

 COOLING
  YESTERDAY       15                        11      4        8
  MONTH TO DATE   29                        23      6       19
  SINCE SEP 1     29                        23      6       19
  SINCE JAN 1   1415                      1450    -35     1352
..................................................................


WIND (MPH)
  HIGHEST WIND SPEED    15   HIGHEST WIND DIRECTION     S (180)
  HIGHEST GUST SPEED    23   HIGHEST GUST DIRECTION     S (200)
  AVERAGE WIND SPEED     9.5


SKY COVER
  AVERAGE SKY COVER 0.1


WEATHER CONDITIONS
 THE FOLLOWING WEATHER WAS RECORDED YESTERDAY.
  NO SIGNIFICANT WEATHER WAS OBSERVED.


RELATIVE HUMIDITY (PERCENT)
 HIGHEST    84           300 AM
 LOWEST     53           400 PM
 AVERAGE    69

..........................................................


THE JOPLIN MO CLIMATE NORMALS FOR TODAY
                         NORMAL    RECORD    YEAR
 MAXIMUM TEMPERATURE (F)   88       102      1954
                                             2000
 MINIMUM TEMPERATURE (F)   65        45      1974


SUNRISE AND SUNSET
SEPTEMBER  3 2015.....SUNRISE   650 AM CDT   SUNSET   744 PM CDT
SEPTEMBER  4 2015.....SUNRISE   651 AM CDT   SUNSET   743 PM CDT


-  INDICATES NEGATIVE NUMBERS.
R  INDICATES RECORD WAS SET OR TIED.
MM INDICATES DATA IS MISSING.
T  INDICATES TRACE AMOUNT.




$$
