000
CDUS43 KSGF 172135
CLIJLN


CLIMATE REPORT
NATIONAL WEATHER SERVICE SPRINGFIELD MO
435 PM CDT TUE OCT 17 2017


...................................

...THE JOPLIN MO CLIMATE SUMMARY FOR OCTOBER 17 2017...
VALID AS OF 0400 PM LOCAL TIME.

CLIMATE NORMAL PERIOD 1981 TO 2010
CLIMATE RECORD PERIOD 1902 TO 2017


WEATHER ITEM   OBSERVED TIME   RECORD YEAR NORMAL DEPARTURE LAST
                VALUE   (LST)  VALUE       VALUE  FROM      YEAR
                                                  NORMAL
..................................................................
TEMPERATURE (F)
 TODAY
  MAXIMUM         71    259 PM  88    1964  71      0       87
  MINIMUM         43   1248 AM  26    1976  48     -5       73
  AVERAGE         57                        60     -3       80

PRECIPITATION (IN)
  TODAY            0.00          1.39 1981   0.13  -0.13     0.00
  MONTH TO DATE    2.80                      2.21   0.59     4.08
  SINCE SEP 1      4.29                      7.16  -2.87     6.82
  SINCE JAN 1     42.97                     38.13   4.84    36.60

DEGREE DAYS
 HEATING
  TODAY            8                         7      1        0
  MONTH TO DATE   55                        90    -35       51
  SINCE SEP 1     62                       131    -69       68
  SINCE JUL 1     62                       132    -70       68

 COOLING
  TODAY            0                         1     -1       15
  MONTH TO DATE   88                        35     53       66
  SINCE SEP 1    310                       250     60      323
  SINCE JAN 1   1742                      1677     65     1810
..................................................................


WIND (MPH)
  HIGHEST WIND SPEED    21   HIGHEST WIND DIRECTION    SW (210)
  HIGHEST GUST SPEED    26   HIGHEST GUST DIRECTION     S (200)


SKY COVER
  AVERAGE SKY COVER 0.0


WEATHER CONDITIONS
 THE FOLLOWING WEATHER WAS RECORDED TODAY.
  NO SIGNIFICANT WEATHER WAS OBSERVED.


RELATIVE HUMIDITY (PERCENT)
 HIGHEST   100          1200 AM
 LOWEST     40           200 PM
 AVERAGE    70

..........................................................


THE JOPLIN MO CLIMATE NORMALS FOR TOMORROW
                         NORMAL    RECORD    YEAR
 MAXIMUM TEMPERATURE (F)   71        90      2005
 MINIMUM TEMPERATURE (F)   48        28      1948


SUNRISE AND SUNSET
OCTOBER 17 2017.......SUNRISE   728 AM CDT   SUNSET   638 PM CDT
OCTOBER 18 2017.......SUNRISE   729 AM CDT   SUNSET   637 PM CDT


-  INDICATES NEGATIVE NUMBERS.
R  INDICATES RECORD WAS SET OR TIED.
MM INDICATES DATA IS MISSING.
T  INDICATES TRACE AMOUNT.




$$
