000
CDUS43 KSGF 190627
CLIJLN


CLIMATE REPORT
NATIONAL WEATHER SERVICE SPRINGFIELD MO
1226 AM CST WED NOV 19 2014


...................................

...THE JOPLIN MO CLIMATE SUMMARY FOR NOVEMBER 18 2014...

CLIMATE NORMAL PERIOD 1981 TO 2010
CLIMATE RECORD PERIOD 1902 TO 2014


WEATHER ITEM   OBSERVED TIME   RECORD YEAR NORMAL DEPARTURE LAST
                VALUE   (LST)  VALUE       VALUE  FROM      YEAR
                                                  NORMAL
..................................................................
TEMPERATURE (F)
 YESTERDAY
  MAXIMUM         41   1159 PM  76    1999  58    -17       59
  MINIMUM          6R   500 AM  17    1951  37    -31       35
  AVERAGE         24                        47    -23       47

PRECIPITATION (IN)
  YESTERDAY        0.00          2.21 1985   0.12  -0.12     0.00
  MONTH TO DATE    1.42                      2.35  -0.93     1.62
  SINCE SEP 1     13.90                     11.33   2.57     6.34
  SINCE JAN 1     29.34                     42.30 -12.96    41.80

DEGREE DAYS
 HEATING
  YESTERDAY       41                        18     23       18
  MONTH TO DATE  460                       255    205      282
  SINCE SEP 1    672                       506    166      559
  SINCE JUL 1    673                       507    166      559

 COOLING
  YESTERDAY        0                         0      0        0
  MONTH TO DATE    0                         5     -5        0
  SINCE SEP 1    250                       269    -19      304
  SINCE JAN 1   1583                      1696   -113     1568
..................................................................


WIND (MPH)
  HIGHEST WIND SPEED    23   HIGHEST WIND DIRECTION    SW (210)
  HIGHEST GUST SPEED    35   HIGHEST GUST DIRECTION    SW (210)
  AVERAGE WIND SPEED     8.4


SKY COVER
  AVERAGE SKY COVER 0.0


WEATHER CONDITIONS
 THE FOLLOWING WEATHER WAS RECORDED YESTERDAY.
  NO SIGNIFICANT WEATHER WAS OBSERVED.


RELATIVE HUMIDITY (PERCENT)
 HIGHEST    88           500 AM
 LOWEST     45          1000 PM
 AVERAGE    67

..........................................................


THE JOPLIN MO CLIMATE NORMALS FOR TODAY
                         NORMAL    RECORD    YEAR
 MAXIMUM TEMPERATURE (F)   57        75      1950
 MINIMUM TEMPERATURE (F)   37        21      1969


SUNRISE AND SUNSET
NOVEMBER 19 2014......SUNRISE   701 AM CST   SUNSET   505 PM CST
NOVEMBER 20 2014......SUNRISE   702 AM CST   SUNSET   505 PM CST


-  INDICATES NEGATIVE NUMBERS.
R  INDICATES RECORD WAS SET OR TIED.
MM INDICATES DATA IS MISSING.
T  INDICATES TRACE AMOUNT.




$$
