000
CDUS43 KSGF 110641
CLIJLN


CLIMATE REPORT
NATIONAL WEATHER SERVICE SPRINGFIELD MO
141 AM CDT FRI JUL 11 2014


...................................

...THE JOPLIN MO CLIMATE SUMMARY FOR JULY 10 2014...

CLIMATE NORMAL PERIOD 1981 TO 2010
CLIMATE RECORD PERIOD 1902 TO 2014


WEATHER ITEM   OBSERVED TIME   RECORD YEAR NORMAL DEPARTURE LAST
                VALUE   (LST)  VALUE       VALUE  FROM      YEAR
                                                  NORMAL
..................................................................
TEMPERATURE (F)
 YESTERDAY
  MAXIMUM         83    307 PM 106    2011  90     -7       98
  MINIMUM         63    244 AM  57    1956  70     -7       76
  AVERAGE         73                        80     -7       87

PRECIPITATION (IN)
  YESTERDAY        0.04          2.25 2002   0.14  -0.10      T
  MONTH TO DATE    0.46                      1.41  -0.95     0.09
  SINCE JUN 1      4.39                      7.27  -2.88     5.48
  SINCE JAN 1     13.14                     25.22 -12.08    27.87

DEGREE DAYS
 HEATING
  YESTERDAY        0                         0      0        0
  MONTH TO DATE    0                         0      0        0
  SINCE JUN 1      2                         5     -3       12
  SINCE JUL 1      0                         0      0        0

 COOLING
  YESTERDAY        8                        15     -7       22
  MONTH TO DATE  100                       146    -46      125
  SINCE JUN 1    403                       464    -61      448
  SINCE JAN 1    616                       644    -28      592
..................................................................


WIND (MPH)
  HIGHEST WIND SPEED    21   HIGHEST WIND DIRECTION    SE (140)
  HIGHEST GUST SPEED    25   HIGHEST GUST DIRECTION    SE (140)
  AVERAGE WIND SPEED     6.7


SKY COVER
  AVERAGE SKY COVER 0.3


WEATHER CONDITIONS
 THE FOLLOWING WEATHER WAS RECORDED YESTERDAY.
  THUNDERSTORM
  LIGHT RAIN
  FOG


RELATIVE HUMIDITY (PERCENT)
 HIGHEST    93          1100 PM
 LOWEST     58           300 PM
 AVERAGE    76

..........................................................


THE JOPLIN MO CLIMATE NORMALS FOR TODAY
                         NORMAL    RECORD    YEAR
 MAXIMUM TEMPERATURE (F)   90       109      1954
 MINIMUM TEMPERATURE (F)   70        58      1975


SUNRISE AND SUNSET
JULY 11 2014..........SUNRISE   607 AM CDT   SUNSET   840 PM CDT
JULY 12 2014..........SUNRISE   608 AM CDT   SUNSET   839 PM CDT


-  INDICATES NEGATIVE NUMBERS.
R  INDICATES RECORD WAS SET OR TIED.
MM INDICATES DATA IS MISSING.
T  INDICATES TRACE AMOUNT.




$$
