000
CDUS43 KSGF 240626
CLIJLN


CLIMATE REPORT
NATIONAL WEATHER SERVICE SPRINGFIELD MO
126 AM CDT SUN AUG 24 2014


...................................

...THE JOPLIN MO CLIMATE SUMMARY FOR AUGUST 23 2014...

CLIMATE NORMAL PERIOD 1981 TO 2010
CLIMATE RECORD PERIOD 1902 TO 2014


WEATHER ITEM   OBSERVED TIME   RECORD YEAR NORMAL DEPARTURE LAST
                VALUE   (LST)  VALUE       VALUE  FROM      YEAR
                                                  NORMAL
..................................................................
TEMPERATURE (F)
 YESTERDAY
  MAXIMUM        100    342 PM 102    1947  91      9       92
  MINIMUM         78    547 AM  53    2009  68     10       68
  AVERAGE         89                        79     10       80

PRECIPITATION (IN)
  YESTERDAY        0.00          1.47 1988   0.11  -0.11     0.00
  MONTH TO DATE    1.49                      2.37  -0.88     4.60
  SINCE JUN 1      6.66                     12.04  -5.38    13.07
  SINCE JAN 1     15.41                     29.99 -14.58    35.46

DEGREE DAYS
 HEATING
  YESTERDAY        0                         0      0        0
  MONTH TO DATE    0                         0      0        0
  SINCE JUN 1      3                         5     -2       12
  SINCE JUL 1      1                         0      1        0

 COOLING
  YESTERDAY       24                        14     10       15
  MONTH TO DATE  331                       354    -23      246
  SINCE JUN 1    964                      1145   -181      977
  SINCE JAN 1   1177                      1325   -148     1121
..................................................................


WIND (MPH)
  HIGHEST WIND SPEED    20   HIGHEST WIND DIRECTION     S (200)
  HIGHEST GUST SPEED    25   HIGHEST GUST DIRECTION    SW (220)
  AVERAGE WIND SPEED    12.3


SKY COVER
  AVERAGE SKY COVER 0.1


WEATHER CONDITIONS
 THE FOLLOWING WEATHER WAS RECORDED YESTERDAY.
  NO SIGNIFICANT WEATHER WAS OBSERVED.


RELATIVE HUMIDITY (PERCENT)
 HIGHEST    79           200 AM
 LOWEST     24           400 PM
 AVERAGE    52

..........................................................


THE JOPLIN MO CLIMATE NORMALS FOR TODAY
                         NORMAL    RECORD    YEAR
 MAXIMUM TEMPERATURE (F)   90       102      1947
 MINIMUM TEMPERATURE (F)   67        53      1961


SUNRISE AND SUNSET
AUGUST 24 2014........SUNRISE   642 AM CDT   SUNSET   758 PM CDT
AUGUST 25 2014........SUNRISE   643 AM CDT   SUNSET   757 PM CDT


-  INDICATES NEGATIVE NUMBERS.
R  INDICATES RECORD WAS SET OR TIED.
MM INDICATES DATA IS MISSING.
T  INDICATES TRACE AMOUNT.




$$
