000
CDUS43 KSGF 272126
CLIJLN


CLIMATE REPORT
NATIONAL WEATHER SERVICE SPRINGFIELD MO
426 PM CDT SAT SEP 27 2014


...................................

...THE JOPLIN MO CLIMATE SUMMARY FOR SEPTEMBER 27 2014...
VALID AS OF 0400 PM LOCAL TIME.

CLIMATE NORMAL PERIOD 1981 TO 2010
CLIMATE RECORD PERIOD 1902 TO 2014


WEATHER ITEM   OBSERVED TIME   RECORD YEAR NORMAL DEPARTURE LAST
                VALUE   (LST)  VALUE       VALUE  FROM      YEAR
                                                  NORMAL
..................................................................
TEMPERATURE (F)
 TODAY
  MAXIMUM         82    226 PM  95    1953  78      4       86
  MINIMUM         58    632 AM  41    1967  54      4       66
                                      1985
                                      1989
  AVERAGE         70                        66      4       76

PRECIPITATION (IN)
  TODAY            0.00          2.46 1959   0.17  -0.17     0.00
  MONTH TO DATE    4.53                      4.48   0.05      T
  SINCE SEP 1      4.53                      4.48   0.05      T
  SINCE JAN 1     19.97                     35.45 -15.48    35.46

DEGREE DAYS
 HEATING
  TODAY            0                         3     -3        0
  MONTH TO DATE   27                        28     -1        9
  SINCE SEP 1     27                        28     -1        9
  SINCE JUL 1     28                        29     -1        9

 COOLING
  TODAY            5                         4      1       11
  MONTH TO DATE  177                       203    -26      249
  SINCE SEP 1    177                       203    -26      249
  SINCE JAN 1   1510                      1630   -120     1513
..................................................................


WIND (MPH)
  HIGHEST WIND SPEED    12   HIGHEST WIND DIRECTION     S (160)
  HIGHEST GUST SPEED    17   HIGHEST GUST DIRECTION    SE (150)


SKY COVER
  AVERAGE SKY COVER 0.2


WEATHER CONDITIONS
 THE FOLLOWING WEATHER WAS RECORDED TODAY.
  NO SIGNIFICANT WEATHER WAS OBSERVED.


RELATIVE HUMIDITY (PERCENT)
 HIGHEST    93           400 AM
 LOWEST     45          1200 PM
 AVERAGE    69

..........................................................


THE JOPLIN MO CLIMATE NORMALS FOR TOMORROW
                         NORMAL    RECORD    YEAR
 MAXIMUM TEMPERATURE (F)   77       104      1953
 MINIMUM TEMPERATURE (F)   54        37      1967


SUNRISE AND SUNSET
SEPTEMBER 27 2014.....SUNRISE   710 AM CDT   SUNSET   707 PM CDT
SEPTEMBER 28 2014.....SUNRISE   711 AM CDT   SUNSET   706 PM CDT


-  INDICATES NEGATIVE NUMBERS.
R  INDICATES RECORD WAS SET OR TIED.
MM INDICATES DATA IS MISSING.
T  INDICATES TRACE AMOUNT.




$$
