000
CDUS43 KSGF 170628
CLIJLN


CLIMATE REPORT
NATIONAL WEATHER SERVICE SPRINGFIELD MO
1228 AM CST FRI NOV 17 2017


...................................

...THE JOPLIN MO CLIMATE SUMMARY FOR NOVEMBER 16 2017...

CLIMATE NORMAL PERIOD 1981 TO 2010
CLIMATE RECORD PERIOD 1902 TO 2017


WEATHER ITEM   OBSERVED TIME   RECORD YEAR NORMAL DEPARTURE LAST
                VALUE   (LST)  VALUE       VALUE  FROM      YEAR
                                                  NORMAL
..................................................................
TEMPERATURE (F)
 YESTERDAY
  MAXIMUM         63    321 PM  82    2016  59      4       82
  MINIMUM         34    526 AM  14    1959  38     -4       44
  AVERAGE         49                        48      1       63

PRECIPITATION (IN)
  YESTERDAY        0.00          1.75 1996   0.12  -0.12     0.00
  MONTH TO DATE    0.16                      2.10  -1.94     0.74
  SINCE SEP 1      5.96                     11.08  -5.12     8.73
  SINCE JAN 1     44.64                     42.05   2.59    38.51

DEGREE DAYS
 HEATING
  YESTERDAY       16                        17     -1        2
  MONTH TO DATE  226                       220      6      125
  SINCE SEP 1    457                       471    -14      227
  SINCE JUL 1    457                       472    -15      227

 COOLING
  YESTERDAY        0                         0      0        0
  MONTH TO DATE    1                         5     -4       20
  SINCE SEP 1    318                       269     49      384
  SINCE JAN 1   1750                      1696     54     1871
..................................................................


WIND (MPH)
  HIGHEST WIND SPEED    15   HIGHEST WIND DIRECTION     S (170)
  HIGHEST GUST SPEED    22   HIGHEST GUST DIRECTION     S (160)
  AVERAGE WIND SPEED     6.9


SKY COVER
  AVERAGE SKY COVER 0.2


WEATHER CONDITIONS
 THE FOLLOWING WEATHER WAS RECORDED YESTERDAY.
  NO SIGNIFICANT WEATHER WAS OBSERVED.


RELATIVE HUMIDITY (PERCENT)
 HIGHEST   100           300 AM
 LOWEST     32           200 PM
 AVERAGE    66

..........................................................


THE JOPLIN MO CLIMATE NORMALS FOR TODAY
                         NORMAL    RECORD    YEAR
 MAXIMUM TEMPERATURE (F)   58        79      2016
 MINIMUM TEMPERATURE (F)   37         8      1959


SUNRISE AND SUNSET
NOVEMBER 17 2017......SUNRISE   659 AM CST   SUNSET   506 PM CST
NOVEMBER 18 2017......SUNRISE   700 AM CST   SUNSET   506 PM CST


-  INDICATES NEGATIVE NUMBERS.
R  INDICATES RECORD WAS SET OR TIED.
MM INDICATES DATA IS MISSING.
T  INDICATES TRACE AMOUNT.




$$
