000
CDUS43 KSGF 310626
CLIJLN


CLIMATE REPORT
NATIONAL WEATHER SERVICE SPRINGFIELD MO
126 AM CDT SUN MAY 31 2015


...................................

...THE JOPLIN MO CLIMATE SUMMARY FOR MAY 30 2015...

CLIMATE NORMAL PERIOD 1981 TO 2010
CLIMATE RECORD PERIOD 1902 TO 2015


WEATHER ITEM   OBSERVED TIME   RECORD YEAR NORMAL DEPARTURE LAST
                VALUE   (LST)  VALUE       VALUE  FROM      YEAR
                                                  NORMAL
..................................................................
TEMPERATURE (F)
 YESTERDAY
  MAXIMUM         66   1002 AM  94    1982  81    -15       83
  MINIMUM         59   1159 PM  41    1984  60     -1       64
  AVERAGE         63                        71     -8       74

PRECIPITATION (IN)
  YESTERDAY        0.00          2.53 1997   0.18  -0.18      T
  MONTH TO DATE   10.35                      5.52   4.83     4.77
  SINCE MAR 1     16.13                     13.41   2.72     7.90
  SINCE JAN 1     17.65                     17.76  -0.11     8.75

DEGREE DAYS
 HEATING
  YESTERDAY        2                         1      1        0
  MONTH TO DATE   65                        65      0      103
  SINCE MAR 1    752                       814    -62     1032
  SINCE JUL 1   4288                      4068    220     4881

 COOLING
  YESTERDAY        0                         6     -6        9
  MONTH TO DATE  109                       119    -10      180
  SINCE MAR 1    144                       172    -28      203
  SINCE JAN 1    144                       173    -29      203
..................................................................


WIND (MPH)
  HIGHEST WIND SPEED    16   HIGHEST WIND DIRECTION    NW (320)
  HIGHEST GUST SPEED    21   HIGHEST GUST DIRECTION     N (340)
  AVERAGE WIND SPEED     7.5


SKY COVER
  AVERAGE SKY COVER 1.0


WEATHER CONDITIONS
 THE FOLLOWING WEATHER WAS RECORDED YESTERDAY.
  FOG


RELATIVE HUMIDITY (PERCENT)
 HIGHEST   100          1200 AM
 LOWEST     84           300 PM
 AVERAGE    92

..........................................................


THE JOPLIN MO CLIMATE NORMALS FOR TODAY
                         NORMAL    RECORD    YEAR
 MAXIMUM TEMPERATURE (F)   82        95      1949
 MINIMUM TEMPERATURE (F)   61        46      1983


SUNRISE AND SUNSET
MAY 31 2015...........SUNRISE   600 AM CDT   SUNSET   832 PM CDT
JUNE  1 2015..........SUNRISE   600 AM CDT   SUNSET   832 PM CDT


-  INDICATES NEGATIVE NUMBERS.
R  INDICATES RECORD WAS SET OR TIED.
MM INDICATES DATA IS MISSING.
T  INDICATES TRACE AMOUNT.




$$
