144
CDUS43 KSGF 170626
CLIJLN


CLIMATE REPORT
NATIONAL WEATHER SERVICE SPRINGFIELD MO
1226 AM CST SAT FEB 17 2018


...................................

...THE JOPLIN MO CLIMATE SUMMARY FOR FEBRUARY 16 2018...

CLIMATE NORMAL PERIOD 1981 TO 2010
CLIMATE RECORD PERIOD 1902 TO 2018


WEATHER ITEM   OBSERVED TIME   RECORD YEAR NORMAL DEPARTURE LAST
                VALUE   (LST)  VALUE       VALUE  FROM      YEAR
                                                  NORMAL
..................................................................
TEMPERATURE (F)
 YESTERDAY
  MAXIMUM         51   1207 AM  81    1961  51      0       65
  MINIMUM         33    909 AM   4    1958  29      4       35
                                      1978
                                      1979
  AVERAGE         42                        40      2       50

PRECIPITATION (IN)
  YESTERDAY        T             1.19 2008   0.08  -0.08     0.00
  MONTH TO DATE    0.01                      1.22  -1.21     0.13
  SINCE DEC 1      1.85                      6.07  -4.22     4.37
  SINCE JAN 1      0.48                      3.25  -2.77     3.78

DEGREE DAYS
 HEATING
  YESTERDAY       23                        25     -2       15
  MONTH TO DATE  485                       430     55      322
  SINCE DEC 1   2309                      2222     87     1979
  SINCE JUL 1   2954                      2979    -25     2434

 COOLING
  YESTERDAY        0                         0      0        0
  MONTH TO DATE    0                         0      0        3
  SINCE DEC 1      0                         0      0        3
  SINCE JAN 1      0                         0      0        3
..................................................................


WIND (MPH)
  HIGHEST WIND SPEED    26   HIGHEST WIND DIRECTION     N (360)
  HIGHEST GUST SPEED    36   HIGHEST GUST DIRECTION     N (360)
  AVERAGE WIND SPEED    12.8


SKY COVER
  AVERAGE SKY COVER 0.4


WEATHER CONDITIONS
 THE FOLLOWING WEATHER WAS RECORDED YESTERDAY.
  NO SIGNIFICANT WEATHER WAS OBSERVED.


RELATIVE HUMIDITY (PERCENT)
 HIGHEST    85           400 AM
 LOWEST     50           500 PM
 AVERAGE    68

..........................................................


THE JOPLIN MO CLIMATE NORMALS FOR TODAY
                         NORMAL    RECORD    YEAR
 MAXIMUM TEMPERATURE (F)   51        74      2011
 MINIMUM TEMPERATURE (F)   30         4      1993


SUNRISE AND SUNSET
FEBRUARY 17 2018......SUNRISE   704 AM CST   SUNSET   600 PM CST
FEBRUARY 18 2018......SUNRISE   703 AM CST   SUNSET   601 PM CST


-  INDICATES NEGATIVE NUMBERS.
R  INDICATES RECORD WAS SET OR TIED.
MM INDICATES DATA IS MISSING.
T  INDICATES TRACE AMOUNT.




$$
