000
CDUS43 KSGF 270626
CLIJLN


CLIMATE REPORT
NATIONAL WEATHER SERVICE SPRINGFIELD MO
126 AM CDT SUN JUL 27 2014


...................................

...THE JOPLIN MO CLIMATE SUMMARY FOR JULY 26 2014...

CLIMATE NORMAL PERIOD 1981 TO 2010
CLIMATE RECORD PERIOD 1902 TO 2014


WEATHER ITEM   OBSERVED TIME   RECORD YEAR NORMAL DEPARTURE LAST
                VALUE   (LST)  VALUE       VALUE  FROM      YEAR
                                                  NORMAL
..................................................................
TEMPERATURE (F)
 YESTERDAY
  MAXIMUM         99    252 PM 104    1952  91      8       77
  MINIMUM         77    639 AM  56    2004  70      7       64
  AVERAGE         88                        81      7       71

PRECIPITATION (IN)
  YESTERDAY        0.00          2.90 1948   0.11  -0.11     0.37
  MONTH TO DATE    0.62                      3.30  -2.68     0.59
  SINCE JUN 1      4.55                      9.16  -4.61     5.98
  SINCE JAN 1     13.30                     27.11 -13.81    28.37

DEGREE DAYS
 HEATING
  YESTERDAY        0                         0      0        0
  MONTH TO DATE    1                         0      1        0
  SINCE JUN 1      3                         5     -2       12
  SINCE JUL 1      1                         0      1        0

 COOLING
  YESTERDAY       23                        16      7        6
  MONTH TO DATE  287                       395   -108      364
  SINCE JUN 1    590                       713   -123      687
  SINCE JAN 1    803                       893    -90      831
..................................................................


WIND (MPH)
  HIGHEST WIND SPEED    24   HIGHEST WIND DIRECTION     S (200)
  HIGHEST GUST SPEED    33   HIGHEST GUST DIRECTION    SW (210)
  AVERAGE WIND SPEED    16.6


SKY COVER
  AVERAGE SKY COVER 0.0


WEATHER CONDITIONS
 THE FOLLOWING WEATHER WAS RECORDED YESTERDAY.
  NO SIGNIFICANT WEATHER WAS OBSERVED.


RELATIVE HUMIDITY (PERCENT)
 HIGHEST    82           300 AM
 LOWEST     35           300 PM
 AVERAGE    59

..........................................................


THE JOPLIN MO CLIMATE NORMALS FOR TODAY
                         NORMAL    RECORD    YEAR
 MAXIMUM TEMPERATURE (F)   91       105      2011
 MINIMUM TEMPERATURE (F)   70        54      2004


SUNRISE AND SUNSET
JULY 27 2014..........SUNRISE   619 AM CDT   SUNSET   830 PM CDT
JULY 28 2014..........SUNRISE   620 AM CDT   SUNSET   829 PM CDT


-  INDICATES NEGATIVE NUMBERS.
R  INDICATES RECORD WAS SET OR TIED.
MM INDICATES DATA IS MISSING.
T  INDICATES TRACE AMOUNT.




$$
