000
CDUS43 KSGF 060627
CLIJLN


CLIMATE REPORT
NATIONAL WEATHER SERVICE SPRINGFIELD MO
127 AM CDT FRI MAY 6 2016


...................................

...THE JOPLIN MO CLIMATE SUMMARY FOR MAY 5 2016...

CLIMATE NORMAL PERIOD 1981 TO 2010
CLIMATE RECORD PERIOD 1902 TO 2016


WEATHER ITEM   OBSERVED TIME   RECORD YEAR NORMAL DEPARTURE LAST
                VALUE   (LST)  VALUE       VALUE  FROM      YEAR
                                                  NORMAL
..................................................................
TEMPERATURE (F)
 YESTERDAY
  MAXIMUM         73    414 PM  91    2014  75     -2       81
  MINIMUM         42    544 AM  35    2013  53    -11       61
  AVERAGE         58                        64     -6       71

PRECIPITATION (IN)
  YESTERDAY        0.00          3.38 1960   0.20  -0.20      T
  MONTH TO DATE    T                         0.97  -0.97      T
  SINCE MAR 1      7.12                      8.86  -1.74     5.78
  SINCE JAN 1      7.79                     13.21  -5.42     7.30

DEGREE DAYS
 HEATING
  YESTERDAY        7                         3      4        0
  MONTH TO DATE   48                        19     29        6
  SINCE MAR 1    564                       768   -204      693
  SINCE JUL 1   3314                      4022   -708     4229

 COOLING
  YESTERDAY        0                         3     -3        6
  MONTH TO DATE    0                        11    -11       19
  SINCE MAR 1     22                        64    -42       54
  SINCE JAN 1     23                        65    -42       54
..................................................................


WIND (MPH)
  HIGHEST WIND SPEED    17   HIGHEST WIND DIRECTION     N (350)
  HIGHEST GUST SPEED    24   HIGHEST GUST DIRECTION     N (20)
  AVERAGE WIND SPEED     5.2


SKY COVER
  AVERAGE SKY COVER 0.0


WEATHER CONDITIONS
 THE FOLLOWING WEATHER WAS RECORDED YESTERDAY.
  NO SIGNIFICANT WEATHER WAS OBSERVED.


RELATIVE HUMIDITY (PERCENT)
 HIGHEST    96           400 AM
 LOWEST     35           300 PM
 AVERAGE    66

..........................................................


THE JOPLIN MO CLIMATE NORMALS FOR TODAY
                         NORMAL    RECORD    YEAR
 MAXIMUM TEMPERATURE (F)   75        90      2007
                                             1956
                                             1952
 MINIMUM TEMPERATURE (F)   53        33      1992


SUNRISE AND SUNSET
MAY  6 2016...........SUNRISE   617 AM CDT   SUNSET   812 PM CDT
MAY  7 2016...........SUNRISE   616 AM CDT   SUNSET   813 PM CDT


-  INDICATES NEGATIVE NUMBERS.
R  INDICATES RECORD WAS SET OR TIED.
MM INDICATES DATA IS MISSING.
T  INDICATES TRACE AMOUNT.




$$
