563
CDUS43 KSGF 290633
CLIJLN


CLIMATE REPORT
NATIONAL WEATHER SERVICE SPRINGFIELD MO
133 AM CDT SUN MAY 29 2016


...................................

...THE JOPLIN MO CLIMATE SUMMARY FOR MAY 28 2016...

CLIMATE NORMAL PERIOD 1981 TO 2010
CLIMATE RECORD PERIOD 1902 TO 2016


WEATHER ITEM   OBSERVED TIME   RECORD YEAR NORMAL DEPARTURE LAST
                VALUE   (LST)  VALUE       VALUE  FROM      YEAR
                                                  NORMAL
..................................................................
TEMPERATURE (F)
 YESTERDAY
  MAXIMUM         80    308 PM  92    1983  81     -1       77
  MINIMUM         62    107 AM  43    1984  60      2       64
  AVERAGE         71                        70      1       71

PRECIPITATION (IN)
  YESTERDAY        0.00          1.38 1977   0.18  -0.18     0.24
  MONTH TO DATE    5.48                      5.16   0.32     9.22
  SINCE MAR 1     12.60                     13.05  -0.45    15.00
  SINCE JAN 1     13.27                     17.40  -4.13    16.52

DEGREE DAYS
 HEATING
  YESTERDAY        0                         1     -1        0
  MONTH TO DATE  123                        63     60       63
  SINCE MAR 1    639                       812   -173      750
  SINCE JUL 1   3389                      4066   -677     4286

 COOLING
  YESTERDAY        6                         6      0        6
  MONTH TO DATE   69                       107    -38      106
  SINCE MAR 1     91                       160    -69      141
  SINCE JAN 1     92                       161    -69      141
..................................................................


WIND (MPH)
  HIGHEST WIND SPEED    24   HIGHEST WIND DIRECTION    SW (220)
  HIGHEST GUST SPEED    31   HIGHEST GUST DIRECTION    SW (220)
  AVERAGE WIND SPEED    10.7


SKY COVER
  AVERAGE SKY COVER 0.3


WEATHER CONDITIONS
 THE FOLLOWING WEATHER WAS RECORDED YESTERDAY.
  NO SIGNIFICANT WEATHER WAS OBSERVED.


RELATIVE HUMIDITY (PERCENT)
 HIGHEST    93           200 AM
 LOWEST     62           300 PM
 AVERAGE    78

..........................................................


THE JOPLIN MO CLIMATE NORMALS FOR TODAY
                         NORMAL    RECORD    YEAR
 MAXIMUM TEMPERATURE (F)   81        94      1982
 MINIMUM TEMPERATURE (F)   60        40      1984


SUNRISE AND SUNSET
MAY 29 2016...........SUNRISE   600 AM CDT   SUNSET   831 PM CDT
MAY 30 2016...........SUNRISE   600 AM CDT   SUNSET   832 PM CDT


-  INDICATES NEGATIVE NUMBERS.
R  INDICATES RECORD WAS SET OR TIED.
MM INDICATES DATA IS MISSING.
T  INDICATES TRACE AMOUNT.




$$
