000
CDUS43 KSGF 190646
CLIJLN


CLIMATE REPORT
NATIONAL WEATHER SERVICE SPRINGFIELD MO
144 AM CDT TUE MAY 19 2015


...................................

...THE JOPLIN MO CLIMATE SUMMARY FOR MAY 18 2015...

CLIMATE NORMAL PERIOD 1981 TO 2010
CLIMATE RECORD PERIOD 1902 TO 2015


WEATHER ITEM   OBSERVED TIME   RECORD YEAR NORMAL DEPARTURE LAST
                VALUE   (LST)  VALUE       VALUE  FROM      YEAR
                                                  NORMAL
..................................................................
TEMPERATURE (F)
 YESTERDAY
  MAXIMUM         81    101 PM  90    1987  78      3       73
  MINIMUM         59   1159 PM  39    2002  57      2       45
  AVERAGE         70                        67      3       59

PRECIPITATION (IN)
  YESTERDAY        0.00          1.47 1978   0.18  -0.18     0.00
  MONTH TO DATE    5.30                      3.40   1.90     1.63
  SINCE MAR 1     11.08                     11.29  -0.21     4.76
  SINCE JAN 1     12.60                     15.64  -3.04     5.61

DEGREE DAYS
 HEATING
  YESTERDAY        0                         2     -2        6
  MONTH TO DATE   32                        51    -19      103
  SINCE MAR 1    719                       800    -81     1032
  SINCE JUL 1   4255                      4054    201     4881

 COOLING
  YESTERDAY        5                         4      1        0
  MONTH TO DATE   77                        56     21       79
  SINCE MAR 1    112                       109      3      102
  SINCE JAN 1    112                       110      2      102
..................................................................


WIND (MPH)
  HIGHEST WIND SPEED    17   HIGHEST WIND DIRECTION     N (360)
  HIGHEST GUST SPEED    22   HIGHEST GUST DIRECTION     N (350)
  AVERAGE WIND SPEED     8.1


SKY COVER
  AVERAGE SKY COVER 0.1


WEATHER CONDITIONS
 THE FOLLOWING WEATHER WAS RECORDED YESTERDAY.
  HAZE


RELATIVE HUMIDITY (PERCENT)
 HIGHEST   100           600 AM
 LOWEST     64           400 PM
 AVERAGE    82

..........................................................


THE JOPLIN MO CLIMATE NORMALS FOR TODAY
                         NORMAL    RECORD    YEAR
 MAXIMUM TEMPERATURE (F)   78        91      1987
                                             2006
 MINIMUM TEMPERATURE (F)   57        43      1993
                                             2002


SUNRISE AND SUNSET
MAY 19 2015...........SUNRISE   607 AM CDT   SUNSET   823 PM CDT
MAY 20 2015...........SUNRISE   606 AM CDT   SUNSET   824 PM CDT


-  INDICATES NEGATIVE NUMBERS.
R  INDICATES RECORD WAS SET OR TIED.
MM INDICATES DATA IS MISSING.
T  INDICATES TRACE AMOUNT.




$$
