603
CDUS43 KSGF 182331
CLIJLN


CLIMATE REPORT
NATIONAL WEATHER SERVICE SPRINGFIELD MO
531 PM CST SAT NOV 18 2017


...................................

...THE JOPLIN MO CLIMATE SUMMARY FOR NOVEMBER 18 2017...
VALID TODAY AS OF 0500 PM LOCAL TIME.

CLIMATE NORMAL PERIOD 1981 TO 2010
CLIMATE RECORD PERIOD 1902 TO 2017


WEATHER ITEM   OBSERVED TIME   RECORD YEAR NORMAL DEPARTURE LAST
                VALUE   (LST)  VALUE       VALUE  FROM      YEAR
                                                  NORMAL
..................................................................
TEMPERATURE (F)
 TODAY
  MAXIMUM         73    314 AM  76    1999  58     15       71
  MINIMUM         44   1251 PM   6    2014  37      7       36
  AVERAGE         59                        47     12       54

PRECIPITATION (IN)
  TODAY            0.10          2.21 1985   0.12  -0.02     0.01
  MONTH TO DATE    0.26                      2.35  -2.09     0.75
  SINCE SEP 1      6.06                     11.33  -5.27     8.74
  SINCE JAN 1     44.74                     42.30   2.44    38.52

DEGREE DAYS
 HEATING
  TODAY            6                        18    -12       11
  MONTH TO DATE  232                       255    -23      136
  SINCE SEP 1    463                       506    -43      238
  SINCE JUL 1    463                       507    -44      238

 COOLING
  TODAY            0                         0      0        0
  MONTH TO DATE    1                         5     -4       27
  SINCE SEP 1    318                       269     49      391
  SINCE JAN 1   1750                      1696     54     1878
..................................................................


WIND (MPH)
  HIGHEST WIND SPEED    31   HIGHEST WIND DIRECTION    NW (320)
  HIGHEST GUST SPEED    45   HIGHEST GUST DIRECTION    NW (330)


SKY COVER
  AVERAGE SKY COVER 0.5


WEATHER CONDITIONS
 THE FOLLOWING WEATHER WAS RECORDED TODAY.
  HEAVY RAIN
  LIGHT RAIN
  FOG


RELATIVE HUMIDITY (PERCENT)
 HIGHEST   100           800 AM
 LOWEST     56           400 PM
 AVERAGE    78

..........................................................


THE JOPLIN MO CLIMATE NORMALS FOR TOMORROW
                         NORMAL    RECORD    YEAR
 MAXIMUM TEMPERATURE (F)   57        75      1950
 MINIMUM TEMPERATURE (F)   37        21      1969


SUNRISE AND SUNSET
NOVEMBER 18 2017......SUNRISE   700 AM CST   SUNSET   506 PM CST
NOVEMBER 19 2017......SUNRISE   701 AM CST   SUNSET   505 PM CST


-  INDICATES NEGATIVE NUMBERS.
R  INDICATES RECORD WAS SET OR TIED.
MM INDICATES DATA IS MISSING.
T  INDICATES TRACE AMOUNT.




$$
