000
CDUS43 KSGF 130632
CLIJLN


CLIMATE REPORT
NATIONAL WEATHER SERVICE SPRINGFIELD MO
1232 AM CST MON NOV 13 2017


...................................

...THE JOPLIN MO CLIMATE SUMMARY FOR NOVEMBER 12 2017...

CLIMATE NORMAL PERIOD 1981 TO 2010
CLIMATE RECORD PERIOD 1902 TO 2017


WEATHER ITEM   OBSERVED TIME   RECORD YEAR NORMAL DEPARTURE LAST
                VALUE   (LST)  VALUE       VALUE  FROM      YEAR
                                                  NORMAL
..................................................................
TEMPERATURE (F)
 YESTERDAY
  MAXIMUM         53    251 PM  81    1999  61     -8       57
  MINIMUM         48   1159 PM  14    1976  40      8       36
                                      1986
  AVERAGE         51                        50      1       47

PRECIPITATION (IN)
  YESTERDAY        0.01          3.24 1985   0.14  -0.13     0.00
  MONTH TO DATE    0.01                      1.59  -1.58     0.74
  SINCE SEP 1      5.81                     10.57  -4.76     8.73
  SINCE JAN 1     44.49                     41.54   2.95    38.51

DEGREE DAYS
 HEATING
  YESTERDAY       14                        15     -1       18
  MONTH TO DATE  171                       155     16       90
  SINCE SEP 1    402                       406     -4      192
  SINCE JUL 1    402                       407     -5      192

 COOLING
  YESTERDAY        0                         0      0        0
  MONTH TO DATE    1                         5     -4       20
  SINCE SEP 1    318                       269     49      384
  SINCE JAN 1   1750                      1696     54     1871
..................................................................


WIND (MPH)
  HIGHEST WIND SPEED    15   HIGHEST WIND DIRECTION     N (360)
  HIGHEST GUST SPEED    19   HIGHEST GUST DIRECTION     N (360)
  AVERAGE WIND SPEED     5.6


SKY COVER
  AVERAGE SKY COVER 1.0


WEATHER CONDITIONS
 THE FOLLOWING WEATHER WAS RECORDED YESTERDAY.
  LIGHT RAIN
  FOG


RELATIVE HUMIDITY (PERCENT)
 HIGHEST   100          1200 AM
 LOWEST     77           200 PM
 AVERAGE    89

..........................................................


THE JOPLIN MO CLIMATE NORMALS FOR TODAY
                         NORMAL    RECORD    YEAR
 MAXIMUM TEMPERATURE (F)   60        82      1999
 MINIMUM TEMPERATURE (F)   39         9      1986


SUNRISE AND SUNSET
NOVEMBER 13 2017......SUNRISE   655 AM CST   SUNSET   509 PM CST
NOVEMBER 14 2017......SUNRISE   656 AM CST   SUNSET   508 PM CST


-  INDICATES NEGATIVE NUMBERS.
R  INDICATES RECORD WAS SET OR TIED.
MM INDICATES DATA IS MISSING.
T  INDICATES TRACE AMOUNT.




$$
