000
CDUS43 KSGF 280627
CLIJLN


CLIMATE REPORT
NATIONAL WEATHER SERVICE SPRINGFIELD MO
126 AM CDT MON JUL 28 2014


...................................

...THE JOPLIN MO CLIMATE SUMMARY FOR JULY 27 2014...

CLIMATE NORMAL PERIOD 1981 TO 2010
CLIMATE RECORD PERIOD 1902 TO 2014


WEATHER ITEM   OBSERVED TIME   RECORD YEAR NORMAL DEPARTURE LAST
                VALUE   (LST)  VALUE       VALUE  FROM      YEAR
                                                  NORMAL
..................................................................
TEMPERATURE (F)
 YESTERDAY
  MAXIMUM         94   1240 PM 105    2011  91      3       79
  MINIMUM         67   1024 PM  54    2004  70     -3       60
  AVERAGE         81                        81      0       70

PRECIPITATION (IN)
  YESTERDAY        T             1.62 2001   0.10  -0.10     0.00
  MONTH TO DATE    0.62                      3.40  -2.78     0.59
  SINCE JUN 1      4.55                      9.26  -4.71     5.98
  SINCE JAN 1     13.30                     27.21 -13.91    28.37

DEGREE DAYS
 HEATING
  YESTERDAY        0                         0      0        0
  MONTH TO DATE    1                         0      1        0
  SINCE JUN 1      3                         5     -2       12
  SINCE JUL 1      1                         0      1        0

 COOLING
  YESTERDAY       16                        16      0        5
  MONTH TO DATE  303                       411   -108      369
  SINCE JUN 1    606                       729   -123      692
  SINCE JAN 1    819                       909    -90      836
..................................................................


WIND (MPH)
  HIGHEST WIND SPEED    17   HIGHEST WIND DIRECTION    NE (40)
  HIGHEST GUST SPEED    24   HIGHEST GUST DIRECTION    SW (210)
  AVERAGE WIND SPEED     8.5


SKY COVER
  AVERAGE SKY COVER 0.1


WEATHER CONDITIONS
 THE FOLLOWING WEATHER WAS RECORDED YESTERDAY.
  LIGHT RAIN


RELATIVE HUMIDITY (PERCENT)
 HIGHEST    79           600 AM
 LOWEST     36           100 PM
 AVERAGE    58

..........................................................


THE JOPLIN MO CLIMATE NORMALS FOR TODAY
                         NORMAL    RECORD    YEAR
 MAXIMUM TEMPERATURE (F)   91       104      2011
 MINIMUM TEMPERATURE (F)   70        56      2005


SUNRISE AND SUNSET
JULY 28 2014..........SUNRISE   620 AM CDT   SUNSET   829 PM CDT
JULY 29 2014..........SUNRISE   620 AM CDT   SUNSET   828 PM CDT


-  INDICATES NEGATIVE NUMBERS.
R  INDICATES RECORD WAS SET OR TIED.
MM INDICATES DATA IS MISSING.
T  INDICATES TRACE AMOUNT.




$$
