072
CDUS43 KSGF 142326
CLIJLN


CLIMATE REPORT
NATIONAL WEATHER SERVICE SPRINGFIELD MO
526 PM CST WED FEB 14 2018


...................................

...THE JOPLIN MO CLIMATE SUMMARY FOR FEBRUARY 14 2018...
VALID TODAY AS OF 0500 PM LOCAL TIME.

CLIMATE NORMAL PERIOD 1981 TO 2010
CLIMATE RECORD PERIOD 1902 TO 2018


WEATHER ITEM   OBSERVED TIME   RECORD YEAR NORMAL DEPARTURE LAST
                VALUE   (LST)  VALUE       VALUE  FROM      YEAR
                                                  NORMAL
..................................................................
TEMPERATURE (F)
 TODAY
  MAXIMUM         65    414 PM  76    1954  50     15       48
  MINIMUM         45    534 AM   9    1986  29     16       40
  AVERAGE         55                        40     15       44

PRECIPITATION (IN)
  TODAY            0.00          1.54 1992   0.08  -0.08     0.02
  MONTH TO DATE    0.01                      1.06  -1.05     0.13
  SINCE DEC 1      1.85                      5.91  -4.06     4.37
  SINCE JAN 1      0.48                      3.09  -2.61     3.78

DEGREE DAYS
 HEATING
  TODAY           10                        25    -15       21
  MONTH TO DATE  461                       380     81      283
  SINCE DEC 1   2285                      2172    113     1940
  SINCE JUL 1   2930                      2929      1     2395

 COOLING
  TODAY            0                         0      0        0
  MONTH TO DATE    0                         0      0        3
  SINCE DEC 1      0                         0      0        3
  SINCE JAN 1      0                         0      0        3
..................................................................


WIND (MPH)
  HIGHEST WIND SPEED    25   HIGHEST WIND DIRECTION     S (200)
  HIGHEST GUST SPEED    32   HIGHEST GUST DIRECTION     S (200)


SKY COVER
  AVERAGE SKY COVER 0.7


WEATHER CONDITIONS
 THE FOLLOWING WEATHER WAS RECORDED TODAY.
  FOG


RELATIVE HUMIDITY (PERCENT)
 HIGHEST   100           200 AM
 LOWEST     60           400 PM
 AVERAGE    80

..........................................................


THE JOPLIN MO CLIMATE NORMALS FOR TOMORROW
                         NORMAL    RECORD    YEAR
 MAXIMUM TEMPERATURE (F)   51        72      1976
                                             2006
 MINIMUM TEMPERATURE (F)   29         8      1986


SUNRISE AND SUNSET
FEBRUARY 14 2018......SUNRISE   708 AM CST   SUNSET   557 PM CST
FEBRUARY 15 2018......SUNRISE   707 AM CST   SUNSET   558 PM CST


-  INDICATES NEGATIVE NUMBERS.
R  INDICATES RECORD WAS SET OR TIED.
MM INDICATES DATA IS MISSING.
T  INDICATES TRACE AMOUNT.




$$
