000
CDUS43 KSGF 160627
CLIJLN


CLIMATE REPORT
NATIONAL WEATHER SERVICE SPRINGFIELD MO
126 AM CDT TUE AUG 16 2016


...................................

...THE JOPLIN MO CLIMATE SUMMARY FOR AUGUST 15 2016...

CLIMATE NORMAL PERIOD 1981 TO 2010
CLIMATE RECORD PERIOD 1902 TO 2016


WEATHER ITEM   OBSERVED TIME   RECORD YEAR NORMAL DEPARTURE LAST
                VALUE   (LST)  VALUE       VALUE  FROM      YEAR
                                                  NORMAL
..................................................................
TEMPERATURE (F)
 YESTERDAY
  MAXIMUM         77    617 PM 104    1956  92    -15       89
  MINIMUM         63    551 AM  49    1994  69     -6       63
  AVERAGE         70                        80    -10       76

PRECIPITATION (IN)
  YESTERDAY        0.00          2.68 2005   0.10  -0.10     0.00
  MONTH TO DATE    2.67                      1.52   1.15     1.65
  SINCE JUN 1     14.09                     11.19   2.90    14.41
  SINCE JAN 1     28.19                     29.14  -0.95    32.12

DEGREE DAYS
 HEATING
  YESTERDAY        0                         0      0        0
  MONTH TO DATE    0                         0      0        0
  SINCE JUN 1      0                         5     -5        0
  SINCE JUL 1      0                         0      0        0

 COOLING
  YESTERDAY        5                        15    -10       11
  MONTH TO DATE  254                       236     18      218
  SINCE JUN 1   1172                      1027    145     1107
  SINCE JAN 1   1286                      1207     79     1251
..................................................................


WIND (MPH)
  HIGHEST WIND SPEED     7   HIGHEST WIND DIRECTION    NW (330)
  HIGHEST GUST SPEED     9   HIGHEST GUST DIRECTION    NE (60)
  AVERAGE WIND SPEED     1.9


SKY COVER
  AVERAGE SKY COVER 0.2


WEATHER CONDITIONS
 THE FOLLOWING WEATHER WAS RECORDED YESTERDAY.
  FOG


RELATIVE HUMIDITY (PERCENT)
 HIGHEST   100          1100 PM
 LOWEST     74           400 PM
 AVERAGE    87

..........................................................


THE JOPLIN MO CLIMATE NORMALS FOR TODAY
                         NORMAL    RECORD    YEAR
 MAXIMUM TEMPERATURE (F)   92       105      1956
 MINIMUM TEMPERATURE (F)   69        49      1992


SUNRISE AND SUNSET
AUGUST 16 2016........SUNRISE   636 AM CDT   SUNSET   808 PM CDT
AUGUST 17 2016........SUNRISE   637 AM CDT   SUNSET   807 PM CDT


-  INDICATES NEGATIVE NUMBERS.
R  INDICATES RECORD WAS SET OR TIED.
MM INDICATES DATA IS MISSING.
T  INDICATES TRACE AMOUNT.




$$
