869
CDUS43 KSGF 160638
CLIJLN


CLIMATE REPORT
NATIONAL WEATHER SERVICE SPRINGFIELD MO
1238 AM CST FRI FEB 16 2018


...................................

...THE JOPLIN MO CLIMATE SUMMARY FOR FEBRUARY 15 2018...

CLIMATE NORMAL PERIOD 1981 TO 2010
CLIMATE RECORD PERIOD 1902 TO 2018


WEATHER ITEM   OBSERVED TIME   RECORD YEAR NORMAL DEPARTURE LAST
                VALUE   (LST)  VALUE       VALUE  FROM      YEAR
                                                  NORMAL
..................................................................
TEMPERATURE (F)
 YESTERDAY
  MAXIMUM         77    205 PM  78    1911  51     26       52
  MINIMUM         51   1159 PM   8    1986  29     22       30
  AVERAGE         64                        40     24       41

PRECIPITATION (IN)
  YESTERDAY        T             1.55 1957   0.08  -0.08     0.00
  MONTH TO DATE    0.01                      1.14  -1.13     0.13
  SINCE DEC 1      1.85                      5.99  -4.14     4.37
  SINCE JAN 1      0.48                      3.17  -2.69     3.78

DEGREE DAYS
 HEATING
  YESTERDAY        1                        25    -24       24
  MONTH TO DATE  462                       405     57      307
  SINCE DEC 1   2286                      2197     89     1964
  SINCE JUL 1   2931                      2954    -23     2419

 COOLING
  YESTERDAY        0                         0      0        0
  MONTH TO DATE    0                         0      0        3
  SINCE DEC 1      0                         0      0        3
  SINCE JAN 1      0                         0      0        3
..................................................................


WIND (MPH)
  HIGHEST WIND SPEED    35   HIGHEST WIND DIRECTION    SW (210)
  HIGHEST GUST SPEED    47   HIGHEST GUST DIRECTION    SW (210)
  AVERAGE WIND SPEED    22.0


SKY COVER
  AVERAGE SKY COVER 0.3


WEATHER CONDITIONS
 THE FOLLOWING WEATHER WAS RECORDED YESTERDAY.
  LIGHT RAIN


RELATIVE HUMIDITY (PERCENT)
 HIGHEST    97          1200 AM
 LOWEST     50           200 PM
 AVERAGE    74

..........................................................


THE JOPLIN MO CLIMATE NORMALS FOR TODAY
                         NORMAL    RECORD    YEAR
 MAXIMUM TEMPERATURE (F)   51        81      1961
 MINIMUM TEMPERATURE (F)   29         4      1958
                                             1978
                                             1979


SUNRISE AND SUNSET
FEBRUARY 16 2018......SUNRISE   706 AM CST   SUNSET   559 PM CST
FEBRUARY 17 2018......SUNRISE   704 AM CST   SUNSET   600 PM CST


-  INDICATES NEGATIVE NUMBERS.
R  INDICATES RECORD WAS SET OR TIED.
MM INDICATES DATA IS MISSING.
T  INDICATES TRACE AMOUNT.




$$
