000
CDUS43 KSGF 190626
CLIJLN


CLIMATE REPORT
NATIONAL WEATHER SERVICE SPRINGFIELD MO
126 AM CDT THU MAY 19 2016


...................................

...THE JOPLIN MO CLIMATE SUMMARY FOR MAY 18 2016...

CLIMATE NORMAL PERIOD 1981 TO 2010
CLIMATE RECORD PERIOD 1902 TO 2016


WEATHER ITEM   OBSERVED TIME   RECORD YEAR NORMAL DEPARTURE LAST
                VALUE   (LST)  VALUE       VALUE  FROM      YEAR
                                                  NORMAL
..................................................................
TEMPERATURE (F)
 YESTERDAY
  MAXIMUM         69    416 PM  90    1987  78     -9       81
  MINIMUM         47    433 AM  39    2002  57    -10       59
  AVERAGE         58                        67     -9       70

PRECIPITATION (IN)
  YESTERDAY        T             1.47 1978   0.18  -0.18     0.00
  MONTH TO DATE    4.11                      3.40   0.71     5.30
  SINCE MAR 1     11.23                     11.29  -0.06    11.08
  SINCE JAN 1     11.90                     15.64  -3.74    12.60

DEGREE DAYS
 HEATING
  YESTERDAY        7                         2      5        0
  MONTH TO DATE  106                        51     55       32
  SINCE MAR 1    622                       800   -178      719
  SINCE JUL 1   3372                      4054   -682     4255

 COOLING
  YESTERDAY        0                         4     -4        5
  MONTH TO DATE   24                        56    -32       77
  SINCE MAR 1     46                       109    -63      112
  SINCE JAN 1     47                       110    -63      112
..................................................................


WIND (MPH)
  HIGHEST WIND SPEED    18   HIGHEST WIND DIRECTION     E (70)
  HIGHEST GUST SPEED    24   HIGHEST GUST DIRECTION    NE (50)
  AVERAGE WIND SPEED     7.5


SKY COVER
  AVERAGE SKY COVER 0.5


WEATHER CONDITIONS
 THE FOLLOWING WEATHER WAS RECORDED YESTERDAY.
  LIGHT RAIN


RELATIVE HUMIDITY (PERCENT)
 HIGHEST    93           300 AM
 LOWEST     49           300 PM
 AVERAGE    71

..........................................................


THE JOPLIN MO CLIMATE NORMALS FOR TODAY
                         NORMAL    RECORD    YEAR
 MAXIMUM TEMPERATURE (F)   78        91      1987
                                             2006
 MINIMUM TEMPERATURE (F)   57        43      1993
                                             2002


SUNRISE AND SUNSET
MAY 19 2016...........SUNRISE   606 AM CDT   SUNSET   823 PM CDT
MAY 20 2016...........SUNRISE   605 AM CDT   SUNSET   824 PM CDT


-  INDICATES NEGATIVE NUMBERS.
R  INDICATES RECORD WAS SET OR TIED.
MM INDICATES DATA IS MISSING.
T  INDICATES TRACE AMOUNT.




$$
