000
CDUS43 KSGF 110631
CLIJLN


CLIMATE REPORT
NATIONAL WEATHER SERVICE SPRINGFIELD MO
131 AM CDT FRI APR 11 2014


...................................

...THE JOPLIN MO CLIMATE SUMMARY FOR APRIL 10 2014...

CLIMATE NORMAL PERIOD 1981 TO 2010
CLIMATE RECORD PERIOD 1902 TO 2014


WEATHER ITEM   OBSERVED TIME   RECORD YEAR NORMAL DEPARTURE LAST
                VALUE   (LST)  VALUE       VALUE  FROM      YEAR
                                                  NORMAL
..................................................................
TEMPERATURE (F)
 YESTERDAY
  MAXIMUM         80    225 PM  84    2011  68     12       70
  MINIMUM         55   1159 PM  27    1989  45     10       35
                                      2003
  AVERAGE         68                        57     11       53

PRECIPITATION (IN)
  YESTERDAY        0.00          1.59 1978   0.13  -0.13     0.94
  MONTH TO DATE    0.17                      1.24  -1.07     1.08
  SINCE MAR 1      2.05                      4.66  -2.61     3.78
  SINCE JAN 1      2.90                      9.01  -6.11     8.93

DEGREE DAYS
 HEATING
  YESTERDAY        0                         9     -9       12
  MONTH TO DATE  117                       106     11      107
  SINCE MAR 1    780                       614    166      764
  SINCE JUL 1   4629                      3868    761     3880

 COOLING
  YESTERDAY        3                         1      2        0
  MONTH TO DATE    3                        10     -7       11
  SINCE MAR 1      3                        19    -16       11
  SINCE JAN 1      3                        20    -17       12
..................................................................


WIND (MPH)
  HIGHEST WIND SPEED    31   HIGHEST WIND DIRECTION    SW (230)
  HIGHEST GUST SPEED    44   HIGHEST GUST DIRECTION     S (180)
  AVERAGE WIND SPEED    16.0


SKY COVER
  AVERAGE SKY COVER 0.1


WEATHER CONDITIONS
 THE FOLLOWING WEATHER WAS RECORDED YESTERDAY.
  NO SIGNIFICANT WEATHER WAS OBSERVED.


RELATIVE HUMIDITY (PERCENT)
 HIGHEST    55          1100 PM
 LOWEST     28          1100 AM
 AVERAGE    42

..........................................................


THE JOPLIN MO CLIMATE NORMALS FOR TODAY
                         NORMAL    RECORD    YEAR
 MAXIMUM TEMPERATURE (F)   69        86      1972
                                             1996
 MINIMUM TEMPERATURE (F)   45        26      1989


SUNRISE AND SUNSET
APRIL 11 2014.........SUNRISE   649 AM CDT   SUNSET   749 PM CDT
APRIL 12 2014.........SUNRISE   648 AM CDT   SUNSET   750 PM CDT


-  INDICATES NEGATIVE NUMBERS.
R  INDICATES RECORD WAS SET OR TIED.
MM INDICATES DATA IS MISSING.
T  INDICATES TRACE AMOUNT.




$$
