000
CDUS43 KSGF 230626
CLIJLN


CLIMATE REPORT
NATIONAL WEATHER SERVICE SPRINGFIELD MO
1226 AM CST FRI JAN 23 2015


...................................

...THE JOPLIN MO CLIMATE SUMMARY FOR JANUARY 22 2015...

CLIMATE NORMAL PERIOD 1981 TO 2010
CLIMATE RECORD PERIOD 1902 TO 2015


WEATHER ITEM   OBSERVED TIME   RECORD YEAR NORMAL DEPARTURE LAST
                VALUE   (LST)  VALUE       VALUE  FROM      YEAR
                                                  NORMAL
..................................................................
TEMPERATURE (F)
 YESTERDAY
  MAXIMUM         46    256 PM  73    1967  45      1       39
  MINIMUM         27   1114 PM   3    1963  25      2       14
  AVERAGE         37                        35      2       27

PRECIPITATION (IN)
  YESTERDAY        0.00          0.50 1982   0.06  -0.06     0.00
  MONTH TO DATE    0.45                      1.45  -1.00     0.57
  SINCE DEC 1      2.29                      4.27  -1.98     1.95
  SINCE JAN 1      0.45                      1.45  -1.00     0.57

DEGREE DAYS
 HEATING
  YESTERDAY       28                        30     -2       38
  MONTH TO DATE  724                       660     64      736
  SINCE DEC 1   1497                      1520    -23     1718
  SINCE JUL 1   2410                      2277    133     2606

 COOLING
  YESTERDAY        0                         0      0        0
  MONTH TO DATE    0                         0      0        0
  SINCE DEC 1      0                         0      0        0
  SINCE JAN 1      0                         0      0        0
..................................................................


WIND (MPH)
  HIGHEST WIND SPEED    14   HIGHEST WIND DIRECTION    NE (50)
  HIGHEST GUST SPEED    17   HIGHEST GUST DIRECTION     N (20)
  AVERAGE WIND SPEED     6.1


SKY COVER
  AVERAGE SKY COVER 0.3


WEATHER CONDITIONS
 THE FOLLOWING WEATHER WAS RECORDED YESTERDAY.
  NO SIGNIFICANT WEATHER WAS OBSERVED.


RELATIVE HUMIDITY (PERCENT)
 HIGHEST    85          1100 PM
 LOWEST     49           300 PM
 AVERAGE    67

..........................................................


THE JOPLIN MO CLIMATE NORMALS FOR TODAY
                         NORMAL    RECORD    YEAR
 MAXIMUM TEMPERATURE (F)   45        72      1967
 MINIMUM TEMPERATURE (F)   25        -7      1963


SUNRISE AND SUNSET
JANUARY 23 2015.......SUNRISE   727 AM CST   SUNSET   533 PM CST
JANUARY 24 2015.......SUNRISE   727 AM CST   SUNSET   534 PM CST


-  INDICATES NEGATIVE NUMBERS.
R  INDICATES RECORD WAS SET OR TIED.
MM INDICATES DATA IS MISSING.
T  INDICATES TRACE AMOUNT.




$$
