000
CDUS43 KSGF 222226
CLIJLN


CLIMATE REPORT
NATIONAL WEATHER SERVICE SPRINGFIELD MO
525 PM CDT THU JUN 22 2017


...................................

...THE JOPLIN MO CLIMATE SUMMARY FOR JUNE 22 2017...
VALID TODAY AS OF 0500 PM LOCAL TIME.

CLIMATE NORMAL PERIOD 1981 TO 2010
CLIMATE RECORD PERIOD 1902 TO 2017


WEATHER ITEM   OBSERVED TIME   RECORD YEAR NORMAL DEPARTURE LAST
                VALUE   (LST)  VALUE       VALUE  FROM      YEAR
                                                  NORMAL
..................................................................
TEMPERATURE (F)
 TODAY
  MAXIMUM         89    321 PM  98    2016  88      1       98
  MINIMUM         68    247 AM  53    1992  67      1       77
  AVERAGE         79                        77      2       88

PRECIPITATION (IN)
  TODAY            0.00          3.76 1985   0.21  -0.21     0.00
  MONTH TO DATE    2.47                      4.45  -1.98     1.19
  SINCE JUN 1      2.47                      4.45  -1.98     1.19
  SINCE JAN 1     28.40                     22.40   6.00    15.29

DEGREE DAYS
 HEATING
  TODAY            0                         0      0        0
  MONTH TO DATE    0                         2     -2        0
  SINCE JUN 1      0                         2     -2        0
  SINCE JUL 1   3169                      4071   -902     3389

 COOLING
  TODAY           14                        12      2       23
  MONTH TO DATE  241                       212     29      295
  SINCE JUN 1    241                       212     29      295
  SINCE JAN 1    448                       392     56      409
..................................................................


WIND (MPH)
  HIGHEST WIND SPEED    13   HIGHEST WIND DIRECTION     S (200)
  HIGHEST GUST SPEED    17   HIGHEST GUST DIRECTION    SE (150)


SKY COVER
  AVERAGE SKY COVER 0.6


WEATHER CONDITIONS
 THE FOLLOWING WEATHER WAS RECORDED TODAY.
  NO SIGNIFICANT WEATHER WAS OBSERVED.


RELATIVE HUMIDITY (PERCENT)
 HIGHEST    90           100 AM
 LOWEST     59           300 PM
 AVERAGE    75

..........................................................


THE JOPLIN MO CLIMATE NORMALS FOR TOMORROW
                         NORMAL    RECORD    YEAR
 MAXIMUM TEMPERATURE (F)   88        98      2009
                                             1988
 MINIMUM TEMPERATURE (F)   67        52      2004


SUNRISE AND SUNSET
JUNE 22 2017..........SUNRISE   558 AM CDT   SUNSET   842 PM CDT
JUNE 23 2017..........SUNRISE   559 AM CDT   SUNSET   842 PM CDT


-  INDICATES NEGATIVE NUMBERS.
R  INDICATES RECORD WAS SET OR TIED.
MM INDICATES DATA IS MISSING.
T  INDICATES TRACE AMOUNT.




$$
