614
CDUS43 KSGF 210631
CLIJLN


CLIMATE REPORT
NATIONAL WEATHER SERVICE SPRINGFIELD MO
130 AM CDT SUN MAY 21 2017


...................................

...THE JOPLIN MO CLIMATE SUMMARY FOR MAY 20 2017...

CLIMATE NORMAL PERIOD 1981 TO 2010
CLIMATE RECORD PERIOD 1902 TO 2017


WEATHER ITEM   OBSERVED TIME   RECORD YEAR NORMAL DEPARTURE LAST
                VALUE   (LST)  VALUE       VALUE  FROM      YEAR
                                                  NORMAL
..................................................................
TEMPERATURE (F)
 YESTERDAY
  MAXIMUM         71    442 PM  92    1956  79     -8       66
  MINIMUM         51   1155 PM  40    1981  57     -6       53
  AVERAGE         61                        68     -7       60

PRECIPITATION (IN)
  YESTERDAY        0.62          2.09 2011   0.18   0.44      T
  MONTH TO DATE    6.59                      3.77   2.82     4.30
  SINCE MAR 1     20.53                     11.66   8.87    11.42
  SINCE JAN 1     24.52                     16.01   8.51    12.09

DEGREE DAYS
 HEATING
  YESTERDAY        4                         2      2        5
  MONTH TO DATE   48                        55     -7      120
  SINCE MAR 1    603                       804   -201      636
  SINCE JUL 1   3155                      4058   -903     3386

 COOLING
  YESTERDAY        0                         4     -4        0
  MONTH TO DATE   85                        64     21       24
  SINCE MAR 1    149                       117     32       46
  SINCE JAN 1    159                       118     41       47
..................................................................


WIND (MPH)
  HIGHEST WIND SPEED    22   HIGHEST WIND DIRECTION    SE (130)
  HIGHEST GUST SPEED    28   HIGHEST GUST DIRECTION    SE (130)
  AVERAGE WIND SPEED    10.1


SKY COVER
  AVERAGE SKY COVER 0.5


WEATHER CONDITIONS
 THE FOLLOWING WEATHER WAS RECORDED YESTERDAY.
  THUNDERSTORM
  HEAVY RAIN
  RAIN
  LIGHT RAIN
  FOG


RELATIVE HUMIDITY (PERCENT)
 HIGHEST   100           200 AM
 LOWEST     59           600 PM
 AVERAGE    80

..........................................................


THE JOPLIN MO CLIMATE NORMALS FOR TODAY
                         NORMAL    RECORD    YEAR
 MAXIMUM TEMPERATURE (F)   79        91      1987
 MINIMUM TEMPERATURE (F)   58        40      1968


SUNRISE AND SUNSET
MAY 21 2017...........SUNRISE   605 AM CDT   SUNSET   825 PM CDT
MAY 22 2017...........SUNRISE   604 AM CDT   SUNSET   826 PM CDT


-  INDICATES NEGATIVE NUMBERS.
R  INDICATES RECORD WAS SET OR TIED.
MM INDICATES DATA IS MISSING.
T  INDICATES TRACE AMOUNT.




$$
