000
CDUS43 KSGF 092140
CLIJLN


CLIMATE REPORT
NATIONAL WEATHER SERVICE SPRINGFIELD MO
440 PM CDT WED AUG 9 2017


...................................

...THE JOPLIN MO CLIMATE SUMMARY FOR AUGUST 9 2017...
VALID AS OF 0400 PM LOCAL TIME.

CLIMATE NORMAL PERIOD 1981 TO 2010
CLIMATE RECORD PERIOD 1902 TO 2017


WEATHER ITEM   OBSERVED TIME   RECORD YEAR NORMAL DEPARTURE LAST
                VALUE   (LST)  VALUE       VALUE  FROM      YEAR
                                                  NORMAL
..................................................................
TEMPERATURE (F)
 TODAY
  MAXIMUM         87    240 PM 102    1980  92     -5       95
                                      2006
  MINIMUM         66    425 AM  53    1989  70     -4       75
  AVERAGE         77                        81     -4       85

PRECIPITATION (IN)
  TODAY            0.00          2.94 1984   0.11  -0.11     0.00
  MONTH TO DATE    1.53                      0.90   0.63     2.58
  SINCE JUN 1      8.82                     10.57  -1.75    14.00
  SINCE JAN 1     34.75                     28.52   6.23    28.10

DEGREE DAYS
 HEATING
  TODAY            0                         0      0        0
  MONTH TO DATE    0                         0      0        0
  SINCE JUN 1      0                         5     -5        0
  SINCE JUL 1      0                         0      0        0

 COOLING
  TODAY           12                        16     -4       20
  MONTH TO DATE  100                       144    -44      170
  SINCE JUN 1    966                       935     31     1088
  SINCE JAN 1   1173                      1115     58     1202
..................................................................


WIND (MPH)
  HIGHEST WIND SPEED    12   HIGHEST WIND DIRECTION    SE (150)
  HIGHEST GUST SPEED    19   HIGHEST GUST DIRECTION     S (160)


SKY COVER
  AVERAGE SKY COVER 0.3


WEATHER CONDITIONS
 THE FOLLOWING WEATHER WAS RECORDED TODAY.
  HAZE


RELATIVE HUMIDITY (PERCENT)
 HIGHEST    93           100 AM
 LOWEST     48           300 PM
 AVERAGE    71

..........................................................


THE JOPLIN MO CLIMATE NORMALS FOR TOMORROW
                         NORMAL    RECORD    YEAR
 MAXIMUM TEMPERATURE (F)   92       101      1980
 MINIMUM TEMPERATURE (F)   69        55      1965


SUNRISE AND SUNSET
AUGUST  9 2017........SUNRISE   630 AM CDT   SUNSET   817 PM CDT
AUGUST 10 2017........SUNRISE   631 AM CDT   SUNSET   815 PM CDT


-  INDICATES NEGATIVE NUMBERS.
R  INDICATES RECORD WAS SET OR TIED.
MM INDICATES DATA IS MISSING.
T  INDICATES TRACE AMOUNT.




$$
