000
CDUS43 KSGF 110632
CLIJLN


CLIMATE REPORT
NATIONAL WEATHER SERVICE SPRINGFIELD MO
1232 AM CST THU JAN 11 2018


...................................

...THE JOPLIN MO CLIMATE SUMMARY FOR JANUARY 10 2018...

CLIMATE NORMAL PERIOD 1981 TO 2010
CLIMATE RECORD PERIOD 1902 TO 2018


WEATHER ITEM   OBSERVED TIME   RECORD YEAR NORMAL DEPARTURE LAST
                VALUE   (LST)  VALUE       VALUE  FROM      YEAR
                                                  NORMAL
..................................................................
TEMPERATURE (F)
 YESTERDAY
  MAXIMUM         65    246 PM  69    1990  44     21       67
  MINIMUM         32   1210 AM -10    1982  25      7       42
  AVERAGE         49                        34     15       55

PRECIPITATION (IN)
  YESTERDAY        0.00          1.04 1949   0.07  -0.07     0.00
  MONTH TO DATE    0.42                      0.70  -0.28     0.04
  SINCE DEC 1      1.79                      3.52  -1.73     0.63
  SINCE JAN 1      0.42                      0.70  -0.28     0.04

DEGREE DAYS
 HEATING
  YESTERDAY       16                        30    -14       10
  MONTH TO DATE  365                       300     65      323
  SINCE DEC 1   1206                      1160     46     1200
  SINCE JUL 1   1851                      1917    -66     1655

 COOLING
  YESTERDAY        0                         0      0        0
  MONTH TO DATE    0                         0      0        0
  SINCE DEC 1      0                         0      0        0
  SINCE JAN 1      0                         0      0        0
..................................................................


WIND (MPH)
  HIGHEST WIND SPEED    31   HIGHEST WIND DIRECTION     S (190)
  HIGHEST GUST SPEED    40   HIGHEST GUST DIRECTION    SW (220)
  AVERAGE WIND SPEED    15.8


SKY COVER
  AVERAGE SKY COVER 0.2


WEATHER CONDITIONS
 THE FOLLOWING WEATHER WAS RECORDED YESTERDAY.
  FOG


RELATIVE HUMIDITY (PERCENT)
 HIGHEST   100          1200 AM
 LOWEST     40           300 PM
 AVERAGE    70

..........................................................


THE JOPLIN MO CLIMATE NORMALS FOR TODAY
                         NORMAL    RECORD    YEAR
 MAXIMUM TEMPERATURE (F)   44        76      1911
 MINIMUM TEMPERATURE (F)   25        -8      1977


SUNRISE AND SUNSET
JANUARY 11 2018.......SUNRISE   732 AM CST   SUNSET   521 PM CST
JANUARY 12 2018.......SUNRISE   731 AM CST   SUNSET   522 PM CST


-  INDICATES NEGATIVE NUMBERS.
R  INDICATES RECORD WAS SET OR TIED.
MM INDICATES DATA IS MISSING.
T  INDICATES TRACE AMOUNT.




$$
