000
CDUS43 KSGF 262125
CLIJLN


CLIMATE REPORT
NATIONAL WEATHER SERVICE SPRINGFIELD MO
425 PM CDT TUE AUG 26 2014


...................................

...THE JOPLIN MO CLIMATE SUMMARY FOR AUGUST 26 2014...
VALID AS OF 0400 PM LOCAL TIME.

CLIMATE NORMAL PERIOD 1981 TO 2010
CLIMATE RECORD PERIOD 1902 TO 2014


WEATHER ITEM   OBSERVED TIME   RECORD YEAR NORMAL DEPARTURE LAST
                VALUE   (LST)  VALUE       VALUE  FROM      YEAR
                                                  NORMAL
..................................................................
TEMPERATURE (F)
 TODAY
  MAXIMUM         99    148 PM 101    1983  90      9       91
                                      2000
                                      2003
  MINIMUM         72    540 AM  51    1962  67      5       73
  AVERAGE         86                        78      8       82

PRECIPITATION (IN)
  TODAY            0.00          3.16 1950   0.13  -0.13     0.00
  MONTH TO DATE    1.49                      2.73  -1.24     4.60
  SINCE JUN 1      6.66                     12.40  -5.74    13.07
  SINCE JAN 1     15.41                     30.35 -14.94    35.46

DEGREE DAYS
 HEATING
  TODAY            0                         0      0        0
  MONTH TO DATE    0                         0      0        0
  SINCE JUN 1      3                         5     -2       12
  SINCE JUL 1      1                         0      1        0

 COOLING
  TODAY           21                        13      8       17
  MONTH TO DATE  395                       395      0      297
  SINCE JUN 1   1028                      1186   -158     1028
  SINCE JAN 1   1241                      1366   -125     1172
..................................................................


WIND (MPH)
  HIGHEST WIND SPEED    10   HIGHEST WIND DIRECTION    SW (220)
  HIGHEST GUST SPEED    15   HIGHEST GUST DIRECTION    SW (220)


SKY COVER
  AVERAGE SKY COVER 0.1


WEATHER CONDITIONS
 THE FOLLOWING WEATHER WAS RECORDED TODAY.
  NO SIGNIFICANT WEATHER WAS OBSERVED.


RELATIVE HUMIDITY (PERCENT)
 HIGHEST    79           500 AM
 LOWEST     31           300 PM
 AVERAGE    55

..........................................................


THE JOPLIN MO CLIMATE NORMALS FOR TOMORROW
                         NORMAL    RECORD    YEAR
 MAXIMUM TEMPERATURE (F)   90       103      1954
                                             2000
 MINIMUM TEMPERATURE (F)   67        52      1962
                                             1967
                                             1992


SUNRISE AND SUNSET
AUGUST 26 2014........SUNRISE   644 AM CDT   SUNSET   755 PM CDT
AUGUST 27 2014........SUNRISE   645 AM CDT   SUNSET   754 PM CDT


-  INDICATES NEGATIVE NUMBERS.
R  INDICATES RECORD WAS SET OR TIED.
MM INDICATES DATA IS MISSING.
T  INDICATES TRACE AMOUNT.




$$
