000
CDUS43 KSGF 222226
CLIJLN


CLIMATE REPORT
NATIONAL WEATHER SERVICE SPRINGFIELD MO
526 PM CDT SUN MAY 22 2016


...................................

...THE JOPLIN MO CLIMATE SUMMARY FOR MAY 22 2016...
VALID TODAY AS OF 0500 PM LOCAL TIME.

CLIMATE NORMAL PERIOD 1981 TO 2010
CLIMATE RECORD PERIOD 1902 TO 2016


WEATHER ITEM   OBSERVED TIME   RECORD YEAR NORMAL DEPARTURE LAST
                VALUE   (LST)  VALUE       VALUE  FROM      YEAR
                                                  NORMAL
..................................................................
TEMPERATURE (F)
 TODAY
  MAXIMUM         80    359 PM  93    1953  79      1       66
  MINIMUM         57    516 AM  44    2015  58     -1       44
                                      2001
  AVERAGE         69                        68      1       55

PRECIPITATION (IN)
  TODAY            0.00          1.86 1971   0.17  -0.17      T
  MONTH TO DATE    4.30                      4.13   0.17     5.89
  SINCE MAR 1     11.42                     12.02  -0.60    11.67
  SINCE JAN 1     12.09                     16.37  -4.28    13.19

DEGREE DAYS
 HEATING
  TODAY            0                         1     -1       10
  MONTH TO DATE  123                        57     66       63
  SINCE MAR 1    639                       806   -167      750
  SINCE JUL 1   3389                      4060   -671     4286

 COOLING
  TODAY            4                         5     -1        0
  MONTH TO DATE   28                        74    -46       77
  SINCE MAR 1     50                       127    -77      112
  SINCE JAN 1     51                       128    -77      112
..................................................................


WIND (MPH)
  HIGHEST WIND SPEED    14   HIGHEST WIND DIRECTION    SE (150)
  HIGHEST GUST SPEED    21   HIGHEST GUST DIRECTION    SE (130)


SKY COVER
  AVERAGE SKY COVER 0.1


WEATHER CONDITIONS
 THE FOLLOWING WEATHER WAS RECORDED TODAY.
  NO SIGNIFICANT WEATHER WAS OBSERVED.


RELATIVE HUMIDITY (PERCENT)
 HIGHEST    86           300 AM
 LOWEST     54           100 PM
 AVERAGE    70

..........................................................


THE JOPLIN MO CLIMATE NORMALS FOR TOMORROW
                         NORMAL    RECORD    YEAR
 MAXIMUM TEMPERATURE (F)   79        92      1996
 MINIMUM TEMPERATURE (F)   58        41      1963


SUNRISE AND SUNSET
MAY 22 2016...........SUNRISE   604 AM CDT   SUNSET   826 PM CDT
MAY 23 2016...........SUNRISE   604 AM CDT   SUNSET   827 PM CDT


-  INDICATES NEGATIVE NUMBERS.
R  INDICATES RECORD WAS SET OR TIED.
MM INDICATES DATA IS MISSING.
T  INDICATES TRACE AMOUNT.




$$
