323
CDUS43 KSGF 200626
CLIJLN


CLIMATE REPORT
NATIONAL WEATHER SERVICE SPRINGFIELD MO
126 AM CDT WED JUL 20 2016


...................................

...THE JOPLIN MO CLIMATE SUMMARY FOR JULY 19 2016...

CLIMATE NORMAL PERIOD 1981 TO 2010
CLIMATE RECORD PERIOD 1902 TO 2016


WEATHER ITEM   OBSERVED TIME   RECORD YEAR NORMAL DEPARTURE LAST
                VALUE   (LST)  VALUE       VALUE  FROM      YEAR
                                                  NORMAL
..................................................................
TEMPERATURE (F)
 YESTERDAY
  MAXIMUM         93    427 PM 108    1954  91      2       92
  MINIMUM         74    439 AM  56    2014  70      4       76
                                      2009
  AVERAGE         84                        80      4       84

PRECIPITATION (IN)
  YESTERDAY        0.00          1.36 1966   0.11  -0.11     0.00
  MONTH TO DATE    4.77                      2.53   2.24     4.90
  SINCE JUN 1     10.89                      8.39   2.50    12.57
  SINCE JAN 1     24.99                     26.34  -1.35    30.28

DEGREE DAYS
 HEATING
  YESTERDAY        0                         0      0        0
  MONTH TO DATE    0                         0      0        0
  SINCE JUN 1      0                         5     -5        0
  SINCE JUL 1      0                         0      0        0

 COOLING
  YESTERDAY       19                        16      3       19
  MONTH TO DATE  282                       283     -1      285
  SINCE JUN 1    705                       601    104      670
  SINCE JAN 1    819                       781     38      814
..................................................................


WIND (MPH)
  HIGHEST WIND SPEED    13   HIGHEST WIND DIRECTION    SW (210)
  HIGHEST GUST SPEED    16   HIGHEST GUST DIRECTION    SW (210)
  AVERAGE WIND SPEED     6.3


SKY COVER
  AVERAGE SKY COVER 0.1


WEATHER CONDITIONS
 THE FOLLOWING WEATHER WAS RECORDED YESTERDAY.
  NO SIGNIFICANT WEATHER WAS OBSERVED.


RELATIVE HUMIDITY (PERCENT)
 HIGHEST    94           600 AM
 LOWEST     52           200 PM
 AVERAGE    73

..........................................................


THE JOPLIN MO CLIMATE NORMALS FOR TODAY
                         NORMAL    RECORD    YEAR
 MAXIMUM TEMPERATURE (F)   91       104      2006
 MINIMUM TEMPERATURE (F)   70        56      1971


SUNRISE AND SUNSET
JULY 20 2016..........SUNRISE   614 AM CDT   SUNSET   835 PM CDT
JULY 21 2016..........SUNRISE   615 AM CDT   SUNSET   834 PM CDT


-  INDICATES NEGATIVE NUMBERS.
R  INDICATES RECORD WAS SET OR TIED.
MM INDICATES DATA IS MISSING.
T  INDICATES TRACE AMOUNT.




$$
