000
CDUS43 KSGF 100625
CLIJLN


CLIMATE REPORT
NATIONAL WEATHER SERVICE SPRINGFIELD MO
125 AM CDT THU APR 10 2014


...................................

...THE JOPLIN MO CLIMATE SUMMARY FOR APRIL 9 2014...

CLIMATE NORMAL PERIOD 1981 TO 2010
CLIMATE RECORD PERIOD 1902 TO 2014


WEATHER ITEM   OBSERVED TIME   RECORD YEAR NORMAL DEPARTURE LAST
                VALUE   (LST)  VALUE       VALUE  FROM      YEAR
                                                  NORMAL
..................................................................
TEMPERATURE (F)
 YESTERDAY
  MAXIMUM         74    423 PM  88    2011  68      6       77
  MINIMUM         33    426 AM  29    1997  45    -12       65
  AVERAGE         54                        56     -2       71

PRECIPITATION (IN)
  YESTERDAY        0.00          1.56 2008   0.13  -0.13     0.00
  MONTH TO DATE    0.17                      1.11  -0.94     0.14
  SINCE MAR 1      2.05                      4.53  -2.48     2.84
  SINCE JAN 1      2.90                      8.88  -5.98     7.99

DEGREE DAYS
 HEATING
  YESTERDAY       11                        10      1        0
  MONTH TO DATE  117                        97     20       95
  SINCE MAR 1    780                       605    175      752
  SINCE JUL 1   4629                      3859    770     3868

 COOLING
  YESTERDAY        0                         1     -1        6
  MONTH TO DATE    0                         9     -9       11
  SINCE MAR 1      0                        18    -18       11
  SINCE JAN 1      0                        19    -19       12
..................................................................


WIND (MPH)
  HIGHEST WIND SPEED    25   HIGHEST WIND DIRECTION     S (190)
  HIGHEST GUST SPEED    31   HIGHEST GUST DIRECTION     S (180)
  AVERAGE WIND SPEED    12.8


SKY COVER
  AVERAGE SKY COVER 0.0


WEATHER CONDITIONS
 THE FOLLOWING WEATHER WAS RECORDED YESTERDAY.
  NO SIGNIFICANT WEATHER WAS OBSERVED.


RELATIVE HUMIDITY (PERCENT)
 HIGHEST    82           400 AM
 LOWEST     19           200 PM
 AVERAGE    51

..........................................................


THE JOPLIN MO CLIMATE NORMALS FOR TODAY
                         NORMAL    RECORD    YEAR
 MAXIMUM TEMPERATURE (F)   68        84      2011
 MINIMUM TEMPERATURE (F)   45        27      1989
                                             2003


SUNRISE AND SUNSET
APRIL 10 2014.........SUNRISE   651 AM CDT   SUNSET   749 PM CDT
APRIL 11 2014.........SUNRISE   649 AM CDT   SUNSET   749 PM CDT


-  INDICATES NEGATIVE NUMBERS.
R  INDICATES RECORD WAS SET OR TIED.
MM INDICATES DATA IS MISSING.
T  INDICATES TRACE AMOUNT.




$$
