000
CDUS43 KSGF 150644
CLIJLN


CLIMATE REPORT
NATIONAL WEATHER SERVICE SPRINGFIELD MO
144 AM CDT WED MAR 15 2017


...................................

...THE JOPLIN MO CLIMATE SUMMARY FOR MARCH 14 2017...

CLIMATE NORMAL PERIOD 1981 TO 2010
CLIMATE RECORD PERIOD 1902 TO 2017


WEATHER ITEM   OBSERVED TIME   RECORD YEAR NORMAL DEPARTURE LAST
                VALUE   (LST)  VALUE       VALUE  FROM      YEAR
                                                  NORMAL
..................................................................
TEMPERATURE (F)
 YESTERDAY
  MAXIMUM         33    454 PM  80    2002  59    -26       78
                                      1971
  MINIMUM         24   1141 PM   8    1975  37    -13       46
  AVERAGE         29                        48    -19       62

PRECIPITATION (IN)
  YESTERDAY        T             2.32 1990   0.11  -0.11     0.00
  MONTH TO DATE    1.25                      1.45  -0.20     1.30
  SINCE MAR 1      1.25                      1.45  -0.20     1.30
  SINCE JAN 1      5.24                      5.80  -0.56     1.97

DEGREE DAYS
 HEATING
  YESTERDAY       36                        17     19        3
  MONTH TO DATE  243                       264    -21      135
  SINCE MAR 1    243                       264    -21      135
  SINCE JUL 1   2795                      3518   -723     2885

 COOLING
  YESTERDAY        0                         0      0        0
  MONTH TO DATE    0                         0      0        1
  SINCE MAR 1      0                         0      0        1
  SINCE JAN 1     10                         1      9        2
..................................................................


WIND (MPH)
  HIGHEST WIND SPEED    13   HIGHEST WIND DIRECTION     N (360)
  HIGHEST GUST SPEED    15   HIGHEST GUST DIRECTION    NE (30)
  AVERAGE WIND SPEED     7.2


SKY COVER
  AVERAGE SKY COVER 0.8


WEATHER CONDITIONS
 THE FOLLOWING WEATHER WAS RECORDED YESTERDAY.
  LIGHT SNOW
  FOG
  HAZE


RELATIVE HUMIDITY (PERCENT)
 HIGHEST    85           600 AM
 LOWEST     69           300 PM
 AVERAGE    77

..........................................................


THE JOPLIN MO CLIMATE NORMALS FOR TODAY
                         NORMAL    RECORD    YEAR
 MAXIMUM TEMPERATURE (F)   60        81      2012
 MINIMUM TEMPERATURE (F)   38        16      1988


SUNRISE AND SUNSET
MARCH 15 2017.........SUNRISE   729 AM CDT   SUNSET   726 PM CDT
MARCH 16 2017.........SUNRISE   727 AM CDT   SUNSET   727 PM CDT


-  INDICATES NEGATIVE NUMBERS.
R  INDICATES RECORD WAS SET OR TIED.
MM INDICATES DATA IS MISSING.
T  INDICATES TRACE AMOUNT.




$$
