000
CDUS43 KSGF 090627
CLIJLN


CLIMATE REPORT
NATIONAL WEATHER SERVICE SPRINGFIELD MO
127 AM CDT WED AUG 9 2017


...................................

...THE JOPLIN MO CLIMATE SUMMARY FOR AUGUST 8 2017...

CLIMATE NORMAL PERIOD 1981 TO 2010
CLIMATE RECORD PERIOD 1902 TO 2017


WEATHER ITEM   OBSERVED TIME   RECORD YEAR NORMAL DEPARTURE LAST
                VALUE   (LST)  VALUE       VALUE  FROM      YEAR
                                                  NORMAL
..................................................................
TEMPERATURE (F)
 YESTERDAY
  MAXIMUM         86    308 PM 106    1970  92     -6       89
  MINIMUM         65    618 AM  50    1989  70     -5       72
  AVERAGE         76                        81     -5       81

PRECIPITATION (IN)
  YESTERDAY        0.00          1.07 2011   0.10  -0.10     0.79
  MONTH TO DATE    1.53                      0.79   0.74     2.58
  SINCE JUN 1      8.82                     10.46  -1.64    14.00
  SINCE JAN 1     34.75                     28.41   6.34    28.10

DEGREE DAYS
 HEATING
  YESTERDAY        0                         0      0        0
  MONTH TO DATE    0                         0      0        0
  SINCE JUN 1      0                         5     -5        0
  SINCE JUL 1      0                         0      0        0

 COOLING
  YESTERDAY       11                        16     -5       16
  MONTH TO DATE   88                       128    -40      150
  SINCE JUN 1    954                       919     35     1068
  SINCE JAN 1   1161                      1099     62     1182
..................................................................


WIND (MPH)
  HIGHEST WIND SPEED    13   HIGHEST WIND DIRECTION    NE (50)
  HIGHEST GUST SPEED    20   HIGHEST GUST DIRECTION    NE (50)
  AVERAGE WIND SPEED     6.3


SKY COVER
  AVERAGE SKY COVER 0.1


WEATHER CONDITIONS
 THE FOLLOWING WEATHER WAS RECORDED YESTERDAY.
  NO SIGNIFICANT WEATHER WAS OBSERVED.


RELATIVE HUMIDITY (PERCENT)
 HIGHEST   100           200 AM
 LOWEST     48           300 PM
 AVERAGE    74

..........................................................


THE JOPLIN MO CLIMATE NORMALS FOR TODAY
                         NORMAL    RECORD    YEAR
 MAXIMUM TEMPERATURE (F)   92       102      1980
                                             2006
 MINIMUM TEMPERATURE (F)   70        53      1989


SUNRISE AND SUNSET
AUGUST  9 2017........SUNRISE   630 AM CDT   SUNSET   817 PM CDT
AUGUST 10 2017........SUNRISE   631 AM CDT   SUNSET   815 PM CDT


-  INDICATES NEGATIVE NUMBERS.
R  INDICATES RECORD WAS SET OR TIED.
MM INDICATES DATA IS MISSING.
T  INDICATES TRACE AMOUNT.




$$
