000
CDUS43 KSGF 240626
CLIJLN


CLIMATE REPORT
NATIONAL WEATHER SERVICE SPRINGFIELD MO
1226 AM CST SAT JAN 24 2015


...................................

...THE JOPLIN MO CLIMATE SUMMARY FOR JANUARY 23 2015...

CLIMATE NORMAL PERIOD 1981 TO 2010
CLIMATE RECORD PERIOD 1902 TO 2015


WEATHER ITEM   OBSERVED TIME   RECORD YEAR NORMAL DEPARTURE LAST
                VALUE   (LST)  VALUE       VALUE  FROM      YEAR
                                                  NORMAL
..................................................................
TEMPERATURE (F)
 YESTERDAY
  MAXIMUM         44    421 PM  72    1967  45     -1       26
  MINIMUM         21    756 AM  -7    1963  25     -4        3
  AVERAGE         33                        35     -2       15

PRECIPITATION (IN)
  YESTERDAY        0.00          1.34 1949   0.07  -0.07     0.00
  MONTH TO DATE    0.45                      1.52  -1.07     0.57
  SINCE DEC 1      2.29                      4.34  -2.05     1.95
  SINCE JAN 1      0.45                      1.52  -1.07     0.57

DEGREE DAYS
 HEATING
  YESTERDAY       32                        30      2       50
  MONTH TO DATE  756                       690     66      786
  SINCE DEC 1   1529                      1550    -21     1768
  SINCE JUL 1   2442                      2307    135     2656

 COOLING
  YESTERDAY        0                         0      0        0
  MONTH TO DATE    0                         0      0        0
  SINCE DEC 1      0                         0      0        0
  SINCE JAN 1      0                         0      0        0
..................................................................


WIND (MPH)
  HIGHEST WIND SPEED    14   HIGHEST WIND DIRECTION    NW (310)
  HIGHEST GUST SPEED    25   HIGHEST GUST DIRECTION     S (190)
  AVERAGE WIND SPEED     5.5


SKY COVER
  AVERAGE SKY COVER 0.0


WEATHER CONDITIONS
 THE FOLLOWING WEATHER WAS RECORDED YESTERDAY.
  FOG


RELATIVE HUMIDITY (PERCENT)
 HIGHEST    92           500 AM
 LOWEST     49           100 PM
 AVERAGE    71

..........................................................


THE JOPLIN MO CLIMATE NORMALS FOR TODAY
                         NORMAL    RECORD    YEAR
 MAXIMUM TEMPERATURE (F)   45        77      1950
 MINIMUM TEMPERATURE (F)   25        -7      1963


SUNRISE AND SUNSET
JANUARY 24 2015.......SUNRISE   727 AM CST   SUNSET   534 PM CST
JANUARY 25 2015.......SUNRISE   726 AM CST   SUNSET   535 PM CST


-  INDICATES NEGATIVE NUMBERS.
R  INDICATES RECORD WAS SET OR TIED.
MM INDICATES DATA IS MISSING.
T  INDICATES TRACE AMOUNT.




$$
