000
CDUS43 KSGF 162126
CLIJLN


CLIMATE REPORT
NATIONAL WEATHER SERVICE SPRINGFIELD MO
426 PM CDT FRI SEP 16 2016


...................................

...THE JOPLIN MO CLIMATE SUMMARY FOR SEPTEMBER 16 2016...
VALID AS OF 0400 PM LOCAL TIME.

CLIMATE NORMAL PERIOD 1981 TO 2010
CLIMATE RECORD PERIOD 1902 TO 2016


WEATHER ITEM   OBSERVED TIME   RECORD YEAR NORMAL DEPARTURE LAST
                VALUE   (LST)  VALUE       VALUE  FROM      YEAR
                                                  NORMAL
..................................................................
TEMPERATURE (F)
 TODAY
  MAXIMUM         80    828 AM  98    1954  82     -2       87
                                      1980
  MINIMUM         65    259 PM  42    1979  59      6       66
  AVERAGE         73                        71      2       77

PRECIPITATION (IN)
  TODAY            0.11          3.38 1958   0.18  -0.07     0.00
  MONTH TO DATE    2.73                      2.64   0.09     0.96
  SINCE SEP 1      2.73                      2.64   0.09     0.96
  SINCE JAN 1     32.51                     33.61  -1.10    39.66

DEGREE DAYS
 HEATING
  TODAY            0                         1     -1        0
  MONTH TO DATE    0                         5     -5        5
  SINCE SEP 1      0                         5     -5        5
  SINCE JUL 1      0                         6     -6        6

 COOLING
  TODAY            8                         7      1       12
  MONTH TO DATE  160                       147     13      174
  SINCE SEP 1    160                       147     13      174
  SINCE JAN 1   1647                      1574     73     1560
..................................................................


WIND (MPH)
  HIGHEST WIND SPEED    24   HIGHEST WIND DIRECTION     N (340)
  HIGHEST GUST SPEED    33   HIGHEST GUST DIRECTION     N (340)


SKY COVER
  AVERAGE SKY COVER 0.4


WEATHER CONDITIONS
 THE FOLLOWING WEATHER WAS RECORDED TODAY.
  THUNDERSTORM
  HEAVY RAIN
  RAIN
  LIGHT RAIN
  FOG


RELATIVE HUMIDITY (PERCENT)
 HIGHEST   100          1100 AM
 LOWEST     76           800 AM
 AVERAGE    88

..........................................................


THE JOPLIN MO CLIMATE NORMALS FOR TOMORROW
                         NORMAL    RECORD    YEAR
 MAXIMUM TEMPERATURE (F)   82        95      1953
 MINIMUM TEMPERATURE (F)   59        41      1981


SUNRISE AND SUNSET
SEPTEMBER 16 2016.....SUNRISE   701 AM CDT   SUNSET   723 PM CDT
SEPTEMBER 17 2016.....SUNRISE   702 AM CDT   SUNSET   722 PM CDT


-  INDICATES NEGATIVE NUMBERS.
R  INDICATES RECORD WAS SET OR TIED.
MM INDICATES DATA IS MISSING.
T  INDICATES TRACE AMOUNT.




$$
