000
CDUS43 KSGF 260645
CLIJLN


CLIMATE REPORT
NATIONAL WEATHER SERVICE SPRINGFIELD MO
145 AM CDT WED APR 26 2017


...................................

...THE JOPLIN MO CLIMATE SUMMARY FOR APRIL 25 2017...

CLIMATE NORMAL PERIOD 1981 TO 2010
CLIMATE RECORD PERIOD 1902 TO 2017


WEATHER ITEM   OBSERVED TIME   RECORD YEAR NORMAL DEPARTURE LAST
                VALUE   (LST)  VALUE       VALUE  FROM      YEAR
                                                  NORMAL
..................................................................
TEMPERATURE (F)
 YESTERDAY
  MAXIMUM         81    301 PM  87    1949  73      8       78
                                      1986
  MINIMUM         55    446 AM  31    1976  50      5       63
  AVERAGE         68                        61      7       71

PRECIPITATION (IN)
  YESTERDAY        0.56          3.45 1999   0.18   0.38     0.00
  MONTH TO DATE    5.57                      3.56   2.01     1.86
  SINCE MAR 1      8.27                      6.98   1.29     4.43
  SINCE JAN 1     12.26                     11.33   0.93     5.10

DEGREE DAYS
 HEATING
  YESTERDAY        0                         6     -6        0
  MONTH TO DATE  132                       217    -85      138
  SINCE MAR 1    512                       725   -213      500
  SINCE JUL 1   3064                      3979   -915     3250

 COOLING
  YESTERDAY        3                         2      1        6
  MONTH TO DATE   47                        34     13       16
  SINCE MAR 1     64                        43     21       19
  SINCE JAN 1     74                        44     30       20
..................................................................


WIND (MPH)
  HIGHEST WIND SPEED    29   HIGHEST WIND DIRECTION    SW (240)
  HIGHEST GUST SPEED    39   HIGHEST GUST DIRECTION     W (250)
  AVERAGE WIND SPEED    14.4


SKY COVER
  AVERAGE SKY COVER 0.2


WEATHER CONDITIONS
 THE FOLLOWING WEATHER WAS RECORDED YESTERDAY.
  THUNDERSTORM
  HEAVY RAIN
  RAIN
  FOG


RELATIVE HUMIDITY (PERCENT)
 HIGHEST    73           900 PM
 LOWEST     48           100 PM
 AVERAGE    61

..........................................................


THE JOPLIN MO CLIMATE NORMALS FOR TODAY
                         NORMAL    RECORD    YEAR
 MAXIMUM TEMPERATURE (F)   73        90      1987
                                             1989
 MINIMUM TEMPERATURE (F)   50        27      1976


SUNRISE AND SUNSET
APRIL 26 2017.........SUNRISE   629 AM CDT   SUNSET   803 PM CDT
APRIL 27 2017.........SUNRISE   628 AM CDT   SUNSET   804 PM CDT


-  INDICATES NEGATIVE NUMBERS.
R  INDICATES RECORD WAS SET OR TIED.
MM INDICATES DATA IS MISSING.
T  INDICATES TRACE AMOUNT.




$$
