000
CDUS43 KSGF 130631
CLIJLN


CLIMATE REPORT
NATIONAL WEATHER SERVICE SPRINGFIELD MO
1231 AM CST TUE FEB 13 2018


...................................

...THE JOPLIN MO CLIMATE SUMMARY FOR FEBRUARY 12 2018...

CLIMATE NORMAL PERIOD 1981 TO 2010
CLIMATE RECORD PERIOD 1902 TO 2018


WEATHER ITEM   OBSERVED TIME   RECORD YEAR NORMAL DEPARTURE LAST
                VALUE   (LST)  VALUE       VALUE  FROM      YEAR
                                                  NORMAL
..................................................................
TEMPERATURE (F)
 YESTERDAY
  MAXIMUM         40    312 PM  82    1962  50    -10       58
  MINIMUM         12    741 AM   3    1988  28    -16       36
  AVERAGE         26                        39    -13       47

PRECIPITATION (IN)
  YESTERDAY        0.00          0.93 2007   0.08  -0.08     0.00
  MONTH TO DATE    0.01                      0.89  -0.88      T
  SINCE DEC 1      1.85                      5.74  -3.89     4.24
  SINCE JAN 1      0.48                      2.92  -2.44     3.65

DEGREE DAYS
 HEATING
  YESTERDAY       39                        26     13       18
  MONTH TO DATE  429                       329    100      245
  SINCE DEC 1   2253                      2121    132     1902
  SINCE JUL 1   2898                      2878     20     2357

 COOLING
  YESTERDAY        0                         0      0        0
  MONTH TO DATE    0                         0      0        3
  SINCE DEC 1      0                         0      0        3
  SINCE JAN 1      0                         0      0        3
..................................................................


WIND (MPH)
  HIGHEST WIND SPEED    14   HIGHEST WIND DIRECTION     E (100)
  HIGHEST GUST SPEED    19   HIGHEST GUST DIRECTION    NE (40)
  AVERAGE WIND SPEED     5.2


SKY COVER
  AVERAGE SKY COVER 0.0


WEATHER CONDITIONS
 THE FOLLOWING WEATHER WAS RECORDED YESTERDAY.
  FOG


RELATIVE HUMIDITY (PERCENT)
 HIGHEST   100           700 AM
 LOWEST     54           400 PM
 AVERAGE    77

..........................................................


THE JOPLIN MO CLIMATE NORMALS FOR TODAY
                         NORMAL    RECORD    YEAR
 MAXIMUM TEMPERATURE (F)   50        78      1962
 MINIMUM TEMPERATURE (F)   29        11      1958


SUNRISE AND SUNSET
FEBRUARY 13 2018......SUNRISE   709 AM CST   SUNSET   556 PM CST
FEBRUARY 14 2018......SUNRISE   708 AM CST   SUNSET   557 PM CST


-  INDICATES NEGATIVE NUMBERS.
R  INDICATES RECORD WAS SET OR TIED.
MM INDICATES DATA IS MISSING.
T  INDICATES TRACE AMOUNT.




$$
