000
CDUS43 KSGF 250626
CLIJLN


CLIMATE REPORT
NATIONAL WEATHER SERVICE SPRINGFIELD MO
1226 AM CST SUN JAN 25 2015


...................................

...THE JOPLIN MO CLIMATE SUMMARY FOR JANUARY 24 2015...

CLIMATE NORMAL PERIOD 1981 TO 2010
CLIMATE RECORD PERIOD 1902 TO 2015


WEATHER ITEM   OBSERVED TIME   RECORD YEAR NORMAL DEPARTURE LAST
                VALUE   (LST)  VALUE       VALUE  FROM      YEAR
                                                  NORMAL
..................................................................
TEMPERATURE (F)
 YESTERDAY
  MAXIMUM         57    334 PM  77    1950  45     12       36
  MINIMUM         27    804 AM  -7    1963  25      2        2
  AVERAGE         42                        35      7       19

PRECIPITATION (IN)
  YESTERDAY        0.00          0.30 1967   0.06  -0.06     0.00
  MONTH TO DATE    0.45                      1.58  -1.13     0.57
  SINCE DEC 1      2.29                      4.40  -2.11     1.95
  SINCE JAN 1      0.45                      1.58  -1.13     0.57

DEGREE DAYS
 HEATING
  YESTERDAY       23                        30     -7       46
  MONTH TO DATE  779                       720     59      832
  SINCE DEC 1   1552                      1580    -28     1814
  SINCE JUL 1   2465                      2337    128     2702

 COOLING
  YESTERDAY        0                         0      0        0
  MONTH TO DATE    0                         0      0        0
  SINCE DEC 1      0                         0      0        0
  SINCE JAN 1      0                         0      0        0
..................................................................


WIND (MPH)
  HIGHEST WIND SPEED    25   HIGHEST WIND DIRECTION    SW (230)
  HIGHEST GUST SPEED    40   HIGHEST GUST DIRECTION    SW (230)
  AVERAGE WIND SPEED    10.0


SKY COVER
  AVERAGE SKY COVER 0.0


WEATHER CONDITIONS
 THE FOLLOWING WEATHER WAS RECORDED YESTERDAY.
  NO SIGNIFICANT WEATHER WAS OBSERVED.


RELATIVE HUMIDITY (PERCENT)
 HIGHEST    75          1200 AM
 LOWEST     41           400 PM
 AVERAGE    58

..........................................................


THE JOPLIN MO CLIMATE NORMALS FOR TODAY
                         NORMAL    RECORD    YEAR
 MAXIMUM TEMPERATURE (F)   46        70      1950
                                             1950
 MINIMUM TEMPERATURE (F)   25         4      1961


SUNRISE AND SUNSET
JANUARY 25 2015.......SUNRISE   726 AM CST   SUNSET   535 PM CST
JANUARY 26 2015.......SUNRISE   725 AM CST   SUNSET   536 PM CST


-  INDICATES NEGATIVE NUMBERS.
R  INDICATES RECORD WAS SET OR TIED.
MM INDICATES DATA IS MISSING.
T  INDICATES TRACE AMOUNT.




$$
