000
CDUS43 KSGF 182226
CLIJLN


CLIMATE REPORT
NATIONAL WEATHER SERVICE SPRINGFIELD MO
526 PM CDT FRI JUL 18 2014


...................................

...THE JOPLIN MO CLIMATE SUMMARY FOR JULY 18 2014...
VALID TODAY AS OF 0500 PM LOCAL TIME.

CLIMATE NORMAL PERIOD 1981 TO 2010
CLIMATE RECORD PERIOD 1902 TO 2014


WEATHER ITEM   OBSERVED TIME   RECORD YEAR NORMAL DEPARTURE LAST
                VALUE   (LST)  VALUE       VALUE  FROM      YEAR
                                                  NORMAL
..................................................................
TEMPERATURE (F)
 TODAY
  MAXIMUM         81    310 PM 110    1954  91    -10       97
  MINIMUM         58    540 AM  54    2009  70    -12       69
  AVERAGE         70                        80    -10       83

PRECIPITATION (IN)
  TODAY            T             1.95 1948   0.12  -0.12     0.00
  MONTH TO DATE    0.51                      2.42  -1.91     0.11
  SINCE JUN 1      4.44                      8.28  -3.84     5.50
  SINCE JAN 1     13.19                     26.23 -13.04    27.89

DEGREE DAYS
 HEATING
  TODAY            0                         0      0        0
  MONTH TO DATE    1                         0      1        0
  SINCE JUN 1      3                         5     -2       12
  SINCE JUL 1      1                         0      1        0

 COOLING
  TODAY            5                        16    -11       18
  MONTH TO DATE  173                       267    -94      253
  SINCE JUN 1    476                       585   -109      576
  SINCE JAN 1    689                       765    -76      720
..................................................................


WIND (MPH)
  HIGHEST WIND SPEED    16   HIGHEST WIND DIRECTION     E (80)
  HIGHEST GUST SPEED    21   HIGHEST GUST DIRECTION     E (80)


SKY COVER
  AVERAGE SKY COVER 0.5


WEATHER CONDITIONS
 THE FOLLOWING WEATHER WAS RECORDED TODAY.
  LIGHT RAIN
  FOG
  FOG W/VISIBILITY <= 1/4 MILE


RELATIVE HUMIDITY (PERCENT)
 HIGHEST   100           200 AM
 LOWEST     42           300 PM
 AVERAGE    71

..........................................................


THE JOPLIN MO CLIMATE NORMALS FOR TOMORROW
                         NORMAL    RECORD    YEAR
 MAXIMUM TEMPERATURE (F)   91       108      1954
 MINIMUM TEMPERATURE (F)   70        56      2009


SUNRISE AND SUNSET
JULY 18 2014..........SUNRISE   612 AM CDT   SUNSET   836 PM CDT
JULY 19 2014..........SUNRISE   613 AM CDT   SUNSET   836 PM CDT


-  INDICATES NEGATIVE NUMBERS.
R  INDICATES RECORD WAS SET OR TIED.
MM INDICATES DATA IS MISSING.
T  INDICATES TRACE AMOUNT.




$$
