000
CDUS43 KSGF 060631
CLIJLN


CLIMATE REPORT
NATIONAL WEATHER SERVICE SPRINGFIELD MO
1231 AM CST SAT JAN 6 2018


...................................

...THE JOPLIN MO CLIMATE SUMMARY FOR JANUARY 5 2018...

CLIMATE NORMAL PERIOD 1981 TO 2010
CLIMATE RECORD PERIOD 1902 TO 2018


WEATHER ITEM   OBSERVED TIME   RECORD YEAR NORMAL DEPARTURE LAST
                VALUE   (LST)  VALUE       VALUE  FROM      YEAR
                                                  NORMAL
..................................................................
TEMPERATURE (F)
 YESTERDAY
  MAXIMUM         43    253 PM  71    2008  44     -1       25
  MINIMUM         14    144 AM  -5    1959  25    -11       12
  AVERAGE         29                        35     -6       19

PRECIPITATION (IN)
  YESTERDAY        0.00          1.33 2005   0.07  -0.07     0.02
  MONTH TO DATE    0.00                      0.36  -0.36     0.04
  SINCE DEC 1      1.37                      3.18  -1.81     0.63
  SINCE JAN 1      0.00                      0.36  -0.36     0.04

DEGREE DAYS
 HEATING
  YESTERDAY       36                        30      6       46
  MONTH TO DATE  232                       150     82      153
  SINCE DEC 1   1073                      1010     63     1030
  SINCE JUL 1   1718                      1767    -49     1485

 COOLING
  YESTERDAY        0                         0      0        0
  MONTH TO DATE    0                         0      0        0
  SINCE DEC 1      0                         0      0        0
  SINCE JAN 1      0                         0      0        0
..................................................................


WIND (MPH)
  HIGHEST WIND SPEED    14   HIGHEST WIND DIRECTION     W (250)
  HIGHEST GUST SPEED    19   HIGHEST GUST DIRECTION    SW (240)
  AVERAGE WIND SPEED     6.2


SKY COVER
  AVERAGE SKY COVER 0.0


WEATHER CONDITIONS
 THE FOLLOWING WEATHER WAS RECORDED YESTERDAY.
  NO SIGNIFICANT WEATHER WAS OBSERVED.


RELATIVE HUMIDITY (PERCENT)
 HIGHEST    80          1200 AM
 LOWEST     39           200 PM
 AVERAGE    60

..........................................................


THE JOPLIN MO CLIMATE NORMALS FOR TODAY
                         NORMAL    RECORD    YEAR
 MAXIMUM TEMPERATURE (F)   44        74      2008
 MINIMUM TEMPERATURE (F)   25        -9      2014


SUNRISE AND SUNSET
JANUARY  6 2018.......SUNRISE   732 AM CST   SUNSET   516 PM CST
JANUARY  7 2018.......SUNRISE   732 AM CST   SUNSET   517 PM CST


-  INDICATES NEGATIVE NUMBERS.
R  INDICATES RECORD WAS SET OR TIED.
MM INDICATES DATA IS MISSING.
T  INDICATES TRACE AMOUNT.




$$
