000
CDUS43 KSGF 290628
CLIJLN


CLIMATE REPORT
NATIONAL WEATHER SERVICE SPRINGFIELD MO
128 AM CDT WED JUL 29 2015


...................................

...THE JOPLIN MO CLIMATE SUMMARY FOR JULY 28 2015...

CLIMATE NORMAL PERIOD 1981 TO 2010
CLIMATE RECORD PERIOD 1902 TO 2015


WEATHER ITEM   OBSERVED TIME   RECORD YEAR NORMAL DEPARTURE LAST
                VALUE   (LST)  VALUE       VALUE  FROM      YEAR
                                                  NORMAL
..................................................................
TEMPERATURE (F)
 YESTERDAY
  MAXIMUM         96    208 PM 104    2011  91      5       87
  MINIMUM         78    555 AM  56    2005  70      8       60
  AVERAGE         87                        81      6       74

PRECIPITATION (IN)
  YESTERDAY        0.00          1.43 2006   0.11  -0.11     0.00
  MONTH TO DATE    5.09                      3.51   1.58     0.62
  SINCE JUN 1     12.76                      9.37   3.39     4.55
  SINCE JAN 1     30.47                     27.32   3.15    13.30

DEGREE DAYS
 HEATING
  YESTERDAY        0                         0      0        0
  MONTH TO DATE    0                         0      0        1
  SINCE JUN 1      0                         5     -5        3
  SINCE JUL 1      0                         0      0        1

 COOLING
  YESTERDAY       22                        16      6        9
  MONTH TO DATE  455                       427     28      312
  SINCE JUN 1    840                       745     95      615
  SINCE JAN 1    984                       925     59      828
..................................................................


WIND (MPH)
  HIGHEST WIND SPEED    21   HIGHEST WIND DIRECTION     S (200)
  HIGHEST GUST SPEED    28   HIGHEST GUST DIRECTION    SW (210)
  AVERAGE WIND SPEED    11.3


SKY COVER
  AVERAGE SKY COVER 0.0


WEATHER CONDITIONS
 THE FOLLOWING WEATHER WAS RECORDED YESTERDAY.
  NO SIGNIFICANT WEATHER WAS OBSERVED.


RELATIVE HUMIDITY (PERCENT)
 HIGHEST    85          1000 PM
 LOWEST     46           100 PM
 AVERAGE    66

..........................................................


THE JOPLIN MO CLIMATE NORMALS FOR TODAY
                         NORMAL    RECORD    YEAR
 MAXIMUM TEMPERATURE (F)   91       109      2012
 MINIMUM TEMPERATURE (F)   70        57      1965
                                             1994


SUNRISE AND SUNSET
JULY 29 2015..........SUNRISE   620 AM CDT   SUNSET   828 PM CDT
JULY 30 2015..........SUNRISE   621 AM CDT   SUNSET   827 PM CDT


-  INDICATES NEGATIVE NUMBERS.
R  INDICATES RECORD WAS SET OR TIED.
MM INDICATES DATA IS MISSING.
T  INDICATES TRACE AMOUNT.




$$
