000
CDUS43 KSGF 082226
CLIJLN


CLIMATE REPORT
NATIONAL WEATHER SERVICE SPRINGFIELD MO
425 PM CST WED NOV 8 2017


...................................

...THE JOPLIN MO CLIMATE SUMMARY FOR NOVEMBER 8 2017...
VALID AS OF 0400 PM LOCAL TIME.

CLIMATE NORMAL PERIOD 1981 TO 2010
CLIMATE RECORD PERIOD 1902 TO 2017


WEATHER ITEM   OBSERVED TIME   RECORD YEAR NORMAL DEPARTURE LAST
                VALUE   (LST)  VALUE       VALUE  FROM      YEAR
                                                  NORMAL
..................................................................
TEMPERATURE (F)
 TODAY
  MAXIMUM         54    337 PM  83    1980  63     -9       62
                                      2006
  MINIMUM         35    811 AM   8    1991  41     -6       51
  AVERAGE         45                        52     -7       57

PRECIPITATION (IN)
  TODAY            0.00          1.91 2011   0.13  -0.13     0.15
  MONTH TO DATE    T                         1.05  -1.05     0.74
  SINCE SEP 1      5.80                     10.03  -4.23     8.73
  SINCE JAN 1     44.48                     41.00   3.48    38.51

DEGREE DAYS
 HEATING
  TODAY           20                        13      7        8
  MONTH TO DATE   94                        97     -3       32
  SINCE SEP 1    325                       348    -23      134
  SINCE JUL 1    325                       349    -24      134

 COOLING
  TODAY            0                         0      0        0
  MONTH TO DATE    1                         5     -4       20
  SINCE SEP 1    318                       269     49      384
  SINCE JAN 1   1750                      1696     54     1871
..................................................................


WIND (MPH)
  HIGHEST WIND SPEED    13   HIGHEST WIND DIRECTION     N (20)
  HIGHEST GUST SPEED    17   HIGHEST GUST DIRECTION    NE (40)


SKY COVER
  AVERAGE SKY COVER 0.3


WEATHER CONDITIONS
 THE FOLLOWING WEATHER WAS RECORDED TODAY.
  NO SIGNIFICANT WEATHER WAS OBSERVED.


RELATIVE HUMIDITY (PERCENT)
 HIGHEST   100           400 AM
 LOWEST     41           400 PM
 AVERAGE    71

..........................................................


THE JOPLIN MO CLIMATE NORMALS FOR TOMORROW
                         NORMAL    RECORD    YEAR
 MAXIMUM TEMPERATURE (F)   62        87      2006
 MINIMUM TEMPERATURE (F)   41        21      1991


SUNRISE AND SUNSET
NOVEMBER  8 2017......SUNRISE   650 AM CST   SUNSET   513 PM CST
NOVEMBER  9 2017......SUNRISE   651 AM CST   SUNSET   512 PM CST


-  INDICATES NEGATIVE NUMBERS.
R  INDICATES RECORD WAS SET OR TIED.
MM INDICATES DATA IS MISSING.
T  INDICATES TRACE AMOUNT.




$$
