000
CDUS43 KSGF 212133
CLIJLN


CLIMATE REPORT
NATIONAL WEATHER SERVICE SPRINGFIELD MO
432 PM CDT SAT MAR 21 2015


...................................

...THE JOPLIN MO CLIMATE SUMMARY FOR MARCH 21 2015...
VALID AS OF 0400 PM LOCAL TIME.

CLIMATE NORMAL PERIOD 1981 TO 2010
CLIMATE RECORD PERIOD 1902 TO 2015


WEATHER ITEM   OBSERVED TIME   RECORD YEAR NORMAL DEPARTURE LAST
                VALUE   (LST)  VALUE       VALUE  FROM      YEAR
                                                  NORMAL
..................................................................
TEMPERATURE (F)
 TODAY
  MAXIMUM         69    227 PM  84    1997  62      7       72
  MINIMUM         40    637 AM  13    1974  39      1       48
  AVERAGE         55                        50      5       60

PRECIPITATION (IN)
  TODAY            0.00          1.18 1949   0.11  -0.11     0.00
  MONTH TO DATE    1.26                      2.22  -0.96     1.74
  SINCE MAR 1      1.26                      2.22  -0.96     1.74
  SINCE JAN 1      2.78                      6.57  -3.79     2.59

DEGREE DAYS
 HEATING
  TODAY           10                        15     -5        5
  MONTH TO DATE  384                       374     10      472
  SINCE MAR 1    384                       374     10      472
  SINCE JUL 1   3920                      3628    292     4321

 COOLING
  TODAY            0                         0      0        0
  MONTH TO DATE    0                         0      0        0
  SINCE MAR 1      0                         0      0        0
  SINCE JAN 1      0                         1     -1        0
..................................................................


WIND (MPH)
  HIGHEST WIND SPEED     8   HIGHEST WIND DIRECTION     S (190)
  HIGHEST GUST SPEED    14   HIGHEST GUST DIRECTION    NE (50)


SKY COVER
  AVERAGE SKY COVER 0.0


WEATHER CONDITIONS
 THE FOLLOWING WEATHER WAS RECORDED TODAY.
  NO SIGNIFICANT WEATHER WAS OBSERVED.


RELATIVE HUMIDITY (PERCENT)
 HIGHEST    89           400 AM
 LOWEST     29          1200 PM
 AVERAGE    59

..........................................................


THE JOPLIN MO CLIMATE NORMALS FOR TOMORROW
                         NORMAL    RECORD    YEAR
 MAXIMUM TEMPERATURE (F)   62        90      1995
 MINIMUM TEMPERATURE (F)   39        11      1955


SUNRISE AND SUNSET
MARCH 21 2015.........SUNRISE   720 AM CDT   SUNSET   731 PM CDT
MARCH 22 2015.........SUNRISE   719 AM CDT   SUNSET   731 PM CDT


-  INDICATES NEGATIVE NUMBERS.
R  INDICATES RECORD WAS SET OR TIED.
MM INDICATES DATA IS MISSING.
T  INDICATES TRACE AMOUNT.




$$
