000
CDUS43 KSGF 220706
CLIJLN


CLIMATE REPORT
NATIONAL WEATHER SERVICE SPRINGFIELD MO
106 AM CST SUN FEB 22 2015


...................................

...THE JOPLIN MO CLIMATE SUMMARY FOR FEBRUARY 21 2015...

CLIMATE NORMAL PERIOD 1981 TO 2010
CLIMATE RECORD PERIOD 1902 TO 2015


WEATHER ITEM   OBSERVED TIME   RECORD YEAR NORMAL DEPARTURE LAST
                VALUE   (LST)  VALUE       VALUE  FROM      YEAR
                                                  NORMAL
..................................................................
TEMPERATURE (F)
 YESTERDAY
  MAXIMUM         48    349 PM  76    1996  52     -4       60
  MINIMUM         31    718 AM   9    1963  31      0       30
                                      1978
  AVERAGE         40                        42     -2       45

PRECIPITATION (IN)
  YESTERDAY        0.06          1.05 2013   0.09  -0.03     0.00
  MONTH TO DATE    0.50                      1.67  -1.17     0.24
  SINCE DEC 1      3.04                      6.52  -3.48     2.21
  SINCE JAN 1      1.20                      3.70  -2.50     0.83

DEGREE DAYS
 HEATING
  YESTERDAY       25                        23      2       20
  MONTH TO DATE  658                       550    108      710
  SINCE DEC 1   2344                      2342      2     2754
  SINCE JUL 1   3257                      3099    158     3642

 COOLING
  YESTERDAY        0                         0      0        0
  MONTH TO DATE    0                         0      0        0
  SINCE DEC 1      0                         0      0        0
  SINCE JAN 1      0                         0      0        0
..................................................................


WIND (MPH)
  HIGHEST WIND SPEED    14   HIGHEST WIND DIRECTION     N (360)
  HIGHEST GUST SPEED    19   HIGHEST GUST DIRECTION     E (100)
  AVERAGE WIND SPEED     6.6


SKY COVER
  AVERAGE SKY COVER 0.7


WEATHER CONDITIONS
 THE FOLLOWING WEATHER WAS RECORDED YESTERDAY.
  FREEZING RAIN
  LT FREEZING RAIN
  FOG
  HAZE


RELATIVE HUMIDITY (PERCENT)
 HIGHEST   100           400 AM
 LOWEST     71           400 PM
 AVERAGE    86

..........................................................


THE JOPLIN MO CLIMATE NORMALS FOR TODAY
                         NORMAL    RECORD    YEAR
 MAXIMUM TEMPERATURE (F)   53        87      1996
 MINIMUM TEMPERATURE (F)   31         7      1963


SUNRISE AND SUNSET
FEBRUARY 22 2015......SUNRISE   659 AM CST   SUNSET   605 PM CST
FEBRUARY 23 2015......SUNRISE   657 AM CST   SUNSET   606 PM CST


-  INDICATES NEGATIVE NUMBERS.
R  INDICATES RECORD WAS SET OR TIED.
MM INDICATES DATA IS MISSING.
T  INDICATES TRACE AMOUNT.




$$
