000
CDUS43 KSGF 050630
CLIJLN


CLIMATE REPORT
NATIONAL WEATHER SERVICE SPRINGFIELD MO
1230 AM CST FRI FEB 5 2016


...................................

...THE JOPLIN MO CLIMATE SUMMARY FOR FEBRUARY 4 2016...

CLIMATE NORMAL PERIOD 1981 TO 2010
CLIMATE RECORD PERIOD 1902 TO 2016


WEATHER ITEM   OBSERVED TIME   RECORD YEAR NORMAL DEPARTURE LAST
                VALUE   (LST)  VALUE       VALUE  FROM      YEAR
                                                  NORMAL
..................................................................
TEMPERATURE (F)
 YESTERDAY
  MAXIMUM         46    406 PM  78    2008  47     -1       46
  MINIMUM         17    730 AM  -4    1996  27    -10       19
  AVERAGE         32                        37     -5       33

PRECIPITATION (IN)
  YESTERDAY        0.00          1.09 1971   0.06  -0.06      T
  MONTH TO DATE    0.11                      0.26  -0.15     0.39
  SINCE DEC 1     10.18                      5.11   5.07     2.93
  SINCE JAN 1      0.41                      2.29  -1.88     1.09

DEGREE DAYS
 HEATING
  YESTERDAY       33                        28      5       32
  MONTH TO DATE  102                       113    -11      136
  SINCE DEC 1   1619                      1905   -286     1822
  SINCE JUL 1   2237                      2662   -425     2735

 COOLING
  YESTERDAY        0                         0      0        0
  MONTH TO DATE    0                         0      0        0
  SINCE DEC 1      3                         0      3        0
  SINCE JAN 1      0                         0      0        0
..................................................................


WIND (MPH)
  HIGHEST WIND SPEED    18   HIGHEST WIND DIRECTION     W (250)
  HIGHEST GUST SPEED    26   HIGHEST GUST DIRECTION     W (250)
  AVERAGE WIND SPEED     7.1


SKY COVER
  AVERAGE SKY COVER 0.0


WEATHER CONDITIONS
 THE FOLLOWING WEATHER WAS RECORDED YESTERDAY.
  NO SIGNIFICANT WEATHER WAS OBSERVED.


RELATIVE HUMIDITY (PERCENT)
 HIGHEST    92           400 AM
 LOWEST     31           500 PM
 AVERAGE    62

..........................................................


THE JOPLIN MO CLIMATE NORMALS FOR TODAY
                         NORMAL    RECORD    YEAR
 MAXIMUM TEMPERATURE (F)   48        69      1963
 MINIMUM TEMPERATURE (F)   27         1      1979


SUNRISE AND SUNSET
FEBRUARY  5 2016......SUNRISE   718 AM CST   SUNSET   547 PM CST
FEBRUARY  6 2016......SUNRISE   717 AM CST   SUNSET   548 PM CST


-  INDICATES NEGATIVE NUMBERS.
R  INDICATES RECORD WAS SET OR TIED.
MM INDICATES DATA IS MISSING.
T  INDICATES TRACE AMOUNT.




$$
