000
CDUS43 KSGF 222228
CLIJLN


CLIMATE REPORT
NATIONAL WEATHER SERVICE SPRINGFIELD MO
527 PM CDT TUE JUL 22 2014


...................................

...THE JOPLIN MO CLIMATE SUMMARY FOR JULY 22 2014...
VALID TODAY AS OF 0500 PM LOCAL TIME.

CLIMATE NORMAL PERIOD 1981 TO 2010
CLIMATE RECORD PERIOD 1902 TO 2014


WEATHER ITEM   OBSERVED TIME   RECORD YEAR NORMAL DEPARTURE LAST
                VALUE   (LST)  VALUE       VALUE  FROM      YEAR
                                                  NORMAL
..................................................................
TEMPERATURE (F)
 TODAY
  MAXIMUM         96    341 PM 108    1954  91      5       88
  MINIMUM         71    538 AM  51    1970  70      1       67
  AVERAGE         84                        81      3       78

PRECIPITATION (IN)
  TODAY            0.00          1.50 2000   0.11  -0.11    MM
  MONTH TO DATE    0.51                      2.87  -2.36     0.11
  SINCE JUN 1      4.44                      8.73  -4.29     5.50
  SINCE JAN 1     13.19                     26.68 -13.49    27.89

DEGREE DAYS
 HEATING
  TODAY            0                         0      0        0
  MONTH TO DATE    1                         0      1        0
  SINCE JUN 1      3                         5     -2       12
  SINCE JUL 1      1                         0      1        0

 COOLING
  TODAY           19                        16      3       13
  MONTH TO DATE  219                       331   -112      316
  SINCE JUN 1    522                       649   -127      639
  SINCE JAN 1    735                       829    -94      783
..................................................................


WIND (MPH)
  HIGHEST WIND SPEED    15   HIGHEST WIND DIRECTION    SW (230)
  HIGHEST GUST SPEED    20   HIGHEST GUST DIRECTION     W (250)


SKY COVER
  AVERAGE SKY COVER 0.0


WEATHER CONDITIONS
 THE FOLLOWING WEATHER WAS RECORDED TODAY.
  NO SIGNIFICANT WEATHER WAS OBSERVED.


RELATIVE HUMIDITY (PERCENT)
 HIGHEST    93           100 AM
 LOWEST     49           400 PM
 AVERAGE    71

..........................................................


THE JOPLIN MO CLIMATE NORMALS FOR TOMORROW
                         NORMAL    RECORD    YEAR
 MAXIMUM TEMPERATURE (F)   91       105      2011
 MINIMUM TEMPERATURE (F)   70        57      1970
                                             2000


SUNRISE AND SUNSET
JULY 22 2014..........SUNRISE   615 AM CDT   SUNSET   834 PM CDT
JULY 23 2014..........SUNRISE   616 AM CDT   SUNSET   833 PM CDT


-  INDICATES NEGATIVE NUMBERS.
R  INDICATES RECORD WAS SET OR TIED.
MM INDICATES DATA IS MISSING.
T  INDICATES TRACE AMOUNT.




$$
