000
CDUS43 KSGF 220633
CLIJLN


CLIMATE REPORT
NATIONAL WEATHER SERVICE SPRINGFIELD MO
133 AM CDT WED JUL 22 2015


...................................

...THE JOPLIN MO CLIMATE SUMMARY FOR JULY 21 2015...

CLIMATE NORMAL PERIOD 1981 TO 2010
CLIMATE RECORD PERIOD 1902 TO 2015


WEATHER ITEM   OBSERVED TIME   RECORD YEAR NORMAL DEPARTURE LAST
                VALUE   (LST)  VALUE       VALUE  FROM      YEAR
                                                  NORMAL
..................................................................
TEMPERATURE (F)
 YESTERDAY
  MAXIMUM         86    342 PM 102    2011  91     -5       93
                                      1974
  MINIMUM         71   1159 PM  52    1970  70      1       67
  AVERAGE         79                        81     -2       80

PRECIPITATION (IN)
  YESTERDAY        T             2.75 1994   0.12  -0.12     0.00
  MONTH TO DATE    4.90                      2.76   2.14     0.51
  SINCE JUN 1     12.57                      8.62   3.95     4.44
  SINCE JAN 1     30.28                     26.57   3.71    13.19

DEGREE DAYS
 HEATING
  YESTERDAY        0                         0      0        0
  MONTH TO DATE    0                         0      0        1
  SINCE JUN 1      0                         5     -5        3
  SINCE JUL 1      0                         0      0        1

 COOLING
  YESTERDAY       14                        16     -2       15
  MONTH TO DATE  320                       315      5      200
  SINCE JUN 1    705                       633     72      503
  SINCE JAN 1    849                       813     36      716
..................................................................


WIND (MPH)
  HIGHEST WIND SPEED    13   HIGHEST WIND DIRECTION    SE (140)
  HIGHEST GUST SPEED    22   HIGHEST GUST DIRECTION    NE (30)
  AVERAGE WIND SPEED     5.7


SKY COVER
  AVERAGE SKY COVER 0.7


WEATHER CONDITIONS
 THE FOLLOWING WEATHER WAS RECORDED YESTERDAY.
  THUNDERSTORM
  LIGHT RAIN


RELATIVE HUMIDITY (PERCENT)
 HIGHEST    94          1200 AM
 LOWEST     65           100 PM
 AVERAGE    80

..........................................................


THE JOPLIN MO CLIMATE NORMALS FOR TODAY
                         NORMAL    RECORD    YEAR
 MAXIMUM TEMPERATURE (F)   91       108      1954
 MINIMUM TEMPERATURE (F)   70        51      1970


SUNRISE AND SUNSET
JULY 22 2015..........SUNRISE   615 AM CDT   SUNSET   834 PM CDT
JULY 23 2015..........SUNRISE   615 AM CDT   SUNSET   833 PM CDT


-  INDICATES NEGATIVE NUMBERS.
R  INDICATES RECORD WAS SET OR TIED.
MM INDICATES DATA IS MISSING.
T  INDICATES TRACE AMOUNT.




$$
