000
CDUS43 KSGF 200640
CLIJLN


CLIMATE REPORT
NATIONAL WEATHER SERVICE SPRINGFIELD MO
139 AM CDT SAT AUG 20 2016


...................................

...THE JOPLIN MO CLIMATE SUMMARY FOR AUGUST 19 2016...

CLIMATE NORMAL PERIOD 1981 TO 2010
CLIMATE RECORD PERIOD 1902 TO 2016


WEATHER ITEM   OBSERVED TIME   RECORD YEAR NORMAL DEPARTURE LAST
                VALUE   (LST)  VALUE       VALUE  FROM      YEAR
                                                  NORMAL
..................................................................
TEMPERATURE (F)
 YESTERDAY
  MAXIMUM         89    400 PM 101    1962  91     -2       71
                                      2003
  MINIMUM         68   1159 PM  55    1950  68      0       56
  AVERAGE         79                        80     -1       64

PRECIPITATION (IN)
  YESTERDAY        0.16          3.13 2009   0.11   0.05     1.09
  MONTH TO DATE    2.83                      1.94   0.89     4.07
  SINCE JUN 1     14.25                     11.61   2.64    16.83
  SINCE JAN 1     28.35                     29.56  -1.21    34.54

DEGREE DAYS
 HEATING
  YESTERDAY        0                         0      0        1
  MONTH TO DATE    0                         0      0        1
  SINCE JUN 1      0                         5     -5        1
  SINCE JUL 1      0                         0      0        1

 COOLING
  YESTERDAY       14                        15     -1        0
  MONTH TO DATE  304                       296      8      263
  SINCE JUN 1   1222                      1087    135     1152
  SINCE JAN 1   1336                      1267     69     1296
..................................................................


WIND (MPH)
  HIGHEST WIND SPEED    29   HIGHEST WIND DIRECTION    NW (300)
  HIGHEST GUST SPEED    36   HIGHEST GUST DIRECTION    NW (300)
  AVERAGE WIND SPEED     9.3


SKY COVER
  AVERAGE SKY COVER 0.6


WEATHER CONDITIONS
 THE FOLLOWING WEATHER WAS RECORDED YESTERDAY.
  RAIN
  LIGHT RAIN
  FOG
  HAZE


RELATIVE HUMIDITY (PERCENT)
 HIGHEST   100           600 AM
 LOWEST     50           200 PM
 AVERAGE    75

..........................................................


THE JOPLIN MO CLIMATE NORMALS FOR TODAY
                         NORMAL    RECORD    YEAR
 MAXIMUM TEMPERATURE (F)   91       101      2003
 MINIMUM TEMPERATURE (F)   68        50      1950


SUNRISE AND SUNSET
AUGUST 20 2016........SUNRISE   639 AM CDT   SUNSET   803 PM CDT
AUGUST 21 2016........SUNRISE   640 AM CDT   SUNSET   801 PM CDT


-  INDICATES NEGATIVE NUMBERS.
R  INDICATES RECORD WAS SET OR TIED.
MM INDICATES DATA IS MISSING.
T  INDICATES TRACE AMOUNT.




$$
