000
CDUS43 KSGF 200629
CLIJLN


CLIMATE REPORT
NATIONAL WEATHER SERVICE SPRINGFIELD MO
129 AM CDT WED APR 20 2016


...................................

...THE JOPLIN MO CLIMATE SUMMARY FOR APRIL 19 2016...

CLIMATE NORMAL PERIOD 1981 TO 2010
CLIMATE RECORD PERIOD 1902 TO 2016


WEATHER ITEM   OBSERVED TIME   RECORD YEAR NORMAL DEPARTURE LAST
                VALUE   (LST)  VALUE       VALUE  FROM      YEAR
                                                  NORMAL
..................................................................
TEMPERATURE (F)
 YESTERDAY
  MAXIMUM         68    313 PM  93    1987  71     -3       67
  MINIMUM         58    550 AM  31    1953  48     10       50
                                      1988
  AVERAGE         63                        60      3       59

PRECIPITATION (IN)
  YESTERDAY        0.42          1.31 1976   0.15   0.27     0.14
  MONTH TO DATE    1.85                      2.54  -0.69     3.74
  SINCE MAR 1      4.42                      5.96  -1.54     5.57
  SINCE JAN 1      5.09                     10.31  -5.22     7.09

DEGREE DAYS
 HEATING
  YESTERDAY        2                         7     -5        6
  MONTH TO DATE  124                       179    -55      105
  SINCE MAR 1    486                       687   -201      595
  SINCE JUL 1   3236                      3941   -705     4131

 COOLING
  YESTERDAY        0                         2     -2        0
  MONTH TO DATE    7                        22    -15       34
  SINCE MAR 1     10                        31    -21       34
  SINCE JAN 1     11                        32    -21       34
..................................................................


WIND (MPH)
  HIGHEST WIND SPEED    10   HIGHEST WIND DIRECTION    SE (120)
  HIGHEST GUST SPEED    19   HIGHEST GUST DIRECTION     N (10)
  AVERAGE WIND SPEED     4.5


SKY COVER
  AVERAGE SKY COVER 0.9


WEATHER CONDITIONS
 THE FOLLOWING WEATHER WAS RECORDED YESTERDAY.
  HEAVY RAIN
  RAIN
  LIGHT RAIN
  FOG


RELATIVE HUMIDITY (PERCENT)
 HIGHEST   100           700 AM
 LOWEST     81           200 PM
 AVERAGE    91

..........................................................


THE JOPLIN MO CLIMATE NORMALS FOR TODAY
                         NORMAL    RECORD    YEAR
 MAXIMUM TEMPERATURE (F)   72        92      1987
 MINIMUM TEMPERATURE (F)   48        29      1953


SUNRISE AND SUNSET
APRIL 20 2016.........SUNRISE   636 AM CDT   SUNSET   758 PM CDT
APRIL 21 2016.........SUNRISE   635 AM CDT   SUNSET   759 PM CDT


-  INDICATES NEGATIVE NUMBERS.
R  INDICATES RECORD WAS SET OR TIED.
MM INDICATES DATA IS MISSING.
T  INDICATES TRACE AMOUNT.




$$
