000
CDUS43 KSGF 070631
CLIJLN


CLIMATE REPORT
NATIONAL WEATHER SERVICE SPRINGFIELD MO
131 AM CDT MON APR 7 2014


...................................

...THE JOPLIN MO CLIMATE SUMMARY FOR APRIL 6 2014...

CLIMATE NORMAL PERIOD 1981 TO 2010
CLIMATE RECORD PERIOD 1902 TO 2014


WEATHER ITEM   OBSERVED TIME   RECORD YEAR NORMAL DEPARTURE LAST
                VALUE   (LST)  VALUE       VALUE  FROM      YEAR
                                                  NORMAL
..................................................................
TEMPERATURE (F)
 YESTERDAY
  MAXIMUM         60   1240 PM  86    1948  67     -7       74
                                      1954
  MINIMUM         40    638 AM  23    1996  44     -4       57
  AVERAGE         50                        56     -6       66

PRECIPITATION (IN)
  YESTERDAY        0.07          1.35 2003   0.12  -0.05     0.00
  MONTH TO DATE    0.14                      0.72  -0.58     0.14
  SINCE MAR 1      2.02                      4.14  -2.12     2.84
  SINCE JAN 1      2.87                      8.49  -5.62     7.99

DEGREE DAYS
 HEATING
  YESTERDAY       15                        10      5        0
  MONTH TO DATE   80                        67     13       95
  SINCE MAR 1    743                       575    168      752
  SINCE JUL 1   4592                      3829    763     3868

 COOLING
  YESTERDAY        0                         1     -1        1
  MONTH TO DATE    0                         6     -6        1
  SINCE MAR 1      0                        15    -15        1
  SINCE JAN 1      0                        16    -16        2
..................................................................


WIND (MPH)
  HIGHEST WIND SPEED    16   HIGHEST WIND DIRECTION    SE (150)
  HIGHEST GUST SPEED    21   HIGHEST GUST DIRECTION    SE (150)
  AVERAGE WIND SPEED     6.9


SKY COVER
  AVERAGE SKY COVER 0.5


WEATHER CONDITIONS
 THE FOLLOWING WEATHER WAS RECORDED YESTERDAY.
  LIGHT RAIN
  FOG


RELATIVE HUMIDITY (PERCENT)
 HIGHEST    86          1100 PM
 LOWEST     37           100 PM
 AVERAGE    62

..........................................................


THE JOPLIN MO CLIMATE NORMALS FOR TODAY
                         NORMAL    RECORD    YEAR
 MAXIMUM TEMPERATURE (F)   68        84      1977
                                             1978
                                             1986
 MINIMUM TEMPERATURE (F)   44        23      2007


SUNRISE AND SUNSET
APRIL  7 2014.........SUNRISE   655 AM CDT   SUNSET   746 PM CDT
APRIL  8 2014.........SUNRISE   653 AM CDT   SUNSET   747 PM CDT


-  INDICATES NEGATIVE NUMBERS.
R  INDICATES RECORD WAS SET OR TIED.
MM INDICATES DATA IS MISSING.
T  INDICATES TRACE AMOUNT.




$$
