000
CDUS43 KSGF 040628
CLIJLN


CLIMATE REPORT
NATIONAL WEATHER SERVICE SPRINGFIELD MO
127 AM CDT FRI APR 4 2014


...................................

...THE JOPLIN MO CLIMATE SUMMARY FOR APRIL 3 2014...

CLIMATE NORMAL PERIOD 1981 TO 2010
CLIMATE RECORD PERIOD 1902 TO 2014


WEATHER ITEM   OBSERVED TIME   RECORD YEAR NORMAL DEPARTURE LAST
                VALUE   (LST)  VALUE       VALUE  FROM      YEAR
                                                  NORMAL
..................................................................
TEMPERATURE (F)
 YESTERDAY
  MAXIMUM         83    148 PM  87    2011  66     17       52
  MINIMUM         46   1159 PM  19    1975  43      3       36
  AVERAGE         65                        54     11       44

PRECIPITATION (IN)
  YESTERDAY        0.01          1.91 1965   0.12  -0.11     0.00
  MONTH TO DATE    0.07                      0.36  -0.29     0.14
  SINCE MAR 1      1.95                      3.78  -1.83     2.84
  SINCE JAN 1      2.80                      8.13  -5.33     7.99

DEGREE DAYS
 HEATING
  YESTERDAY        0                        11    -11       21
  MONTH TO DATE   23                        35    -12       67
  SINCE MAR 1    686                       543    143      724
  SINCE JUL 1   4535                      3797    738     3840

 COOLING
  YESTERDAY        0                         1     -1        0
  MONTH TO DATE    0                         3     -3        0
  SINCE MAR 1      0                        12    -12        0
  SINCE JAN 1      0                        13    -13        1
..................................................................


WIND (MPH)
  HIGHEST WIND SPEED    30   HIGHEST WIND DIRECTION    SW (210)
  HIGHEST GUST SPEED    37   HIGHEST GUST DIRECTION     S (200)
  AVERAGE WIND SPEED    16.0


SKY COVER
  AVERAGE SKY COVER 0.7


WEATHER CONDITIONS
 THE FOLLOWING WEATHER WAS RECORDED YESTERDAY.
  THUNDERSTORM
  RAIN
  LIGHT RAIN


RELATIVE HUMIDITY (PERCENT)
 HIGHEST    79           800 AM
 LOWEST     47           200 PM
 AVERAGE    63

..........................................................


THE JOPLIN MO CLIMATE NORMALS FOR TODAY
                         NORMAL    RECORD    YEAR
 MAXIMUM TEMPERATURE (F)   67        84      1988
 MINIMUM TEMPERATURE (F)   43        24      1987


SUNRISE AND SUNSET
APRIL  4 2014.........SUNRISE   659 AM CDT   SUNSET   743 PM CDT
APRIL  5 2014.........SUNRISE   658 AM CDT   SUNSET   744 PM CDT


-  INDICATES NEGATIVE NUMBERS.
R  INDICATES RECORD WAS SET OR TIED.
MM INDICATES DATA IS MISSING.
T  INDICATES TRACE AMOUNT.




$$
