000
CDUS43 KSGF 112228
CLIJLN


CLIMATE REPORT
NATIONAL WEATHER SERVICE SPRINGFIELD MO
527 PM CDT MON SEP 11 2017


...................................

...THE JOPLIN MO CLIMATE SUMMARY FOR SEPTEMBER 11 2017...
VALID TODAY AS OF 0500 PM LOCAL TIME.

CLIMATE NORMAL PERIOD 1981 TO 2010
CLIMATE RECORD PERIOD 1902 TO 2017


WEATHER ITEM   OBSERVED TIME   RECORD YEAR NORMAL DEPARTURE LAST
                VALUE   (LST)  VALUE       VALUE  FROM      YEAR
                                                  NORMAL
..................................................................
TEMPERATURE (F)
 TODAY
  MAXIMUM         80    300 PM 100    2000  84     -4       80
  MINIMUM         MM        MM  44    1968  61     MM       52
  AVERAGE         MM                        73     MM       66

PRECIPITATION (IN)
  TODAY            0.00          1.20 1975   0.17  -0.17     0.00
  MONTH TO DATE    0.00                      1.76  -1.76     2.62
  SINCE SEP 1      0.00                      1.76  -1.76     2.62
  SINCE JAN 1     38.68                     32.73   5.95    32.40

DEGREE DAYS
 HEATING
  TODAY           MM                         0     MM        0
  MONTH TO DATE    3                         0      3        0
  SINCE SEP 1      3                         0      3        0
  SINCE JUL 1      3                         1      2        0

 COOLING
  TODAY           MM                         8     MM        1
  MONTH TO DATE   58                       110    -52      106
  SINCE SEP 1     58                       110    -52      106
  SINCE JAN 1   1490                      1537    -47     1593
..................................................................


WIND (MPH)
  HIGHEST WIND SPEED    13   HIGHEST WIND DIRECTION     N (10)
  HIGHEST GUST SPEED    17   HIGHEST GUST DIRECTION    NE (30)


SKY COVER
  AVERAGE SKY COVER 0.0


WEATHER CONDITIONS
 THE FOLLOWING WEATHER WAS RECORDED TODAY.
  NO SIGNIFICANT WEATHER WAS OBSERVED.


RELATIVE HUMIDITY (PERCENT)
 HIGHEST    93           600 AM
 LOWEST     39           300 PM
 AVERAGE    66

..........................................................


THE JOPLIN MO CLIMATE NORMALS FOR TOMORROW
                         NORMAL    RECORD    YEAR
 MAXIMUM TEMPERATURE (F)   84        97      1956
 MINIMUM TEMPERATURE (F)   61        46      1959


SUNRISE AND SUNSET
SEPTEMBER 11 2017.....SUNRISE   657 AM CDT   SUNSET   731 PM CDT
SEPTEMBER 12 2017.....SUNRISE   658 AM CDT   SUNSET   730 PM CDT


-  INDICATES NEGATIVE NUMBERS.
R  INDICATES RECORD WAS SET OR TIED.
MM INDICATES DATA IS MISSING.
T  INDICATES TRACE AMOUNT.




$$
