000
CDUS43 KSGF 120631
CLIJLN


CLIMATE REPORT
NATIONAL WEATHER SERVICE SPRINGFIELD MO
1231 AM CST SUN NOV 12 2017


...................................

...THE JOPLIN MO CLIMATE SUMMARY FOR NOVEMBER 11 2017...

CLIMATE NORMAL PERIOD 1981 TO 2010
CLIMATE RECORD PERIOD 1902 TO 2017


WEATHER ITEM   OBSERVED TIME   RECORD YEAR NORMAL DEPARTURE LAST
                VALUE   (LST)  VALUE       VALUE  FROM      YEAR
                                                  NORMAL
..................................................................
TEMPERATURE (F)
 YESTERDAY
  MAXIMUM         54    417 PM  81    1949  61     -7       64
  MINIMUM         40    712 AM  19    1950  40      0       42
  AVERAGE         47                        51     -4       53

PRECIPITATION (IN)
  YESTERDAY        T             2.30 1992   0.13  -0.13     0.00
  MONTH TO DATE    T                         1.45  -1.45     0.74
  SINCE SEP 1      5.80                     10.43  -4.63     8.73
  SINCE JAN 1     44.48                     41.40   3.08    38.51

DEGREE DAYS
 HEATING
  YESTERDAY       18                        15      3       12
  MONTH TO DATE  157                       140     17       72
  SINCE SEP 1    388                       391     -3      174
  SINCE JUL 1    388                       392     -4      174

 COOLING
  YESTERDAY        0                         0      0        0
  MONTH TO DATE    1                         5     -4       20
  SINCE SEP 1    318                       269     49      384
  SINCE JAN 1   1750                      1696     54     1871
..................................................................


WIND (MPH)
  HIGHEST WIND SPEED    20   HIGHEST WIND DIRECTION     S (180)
  HIGHEST GUST SPEED    28   HIGHEST GUST DIRECTION     S (190)
  AVERAGE WIND SPEED     9.5


SKY COVER
  AVERAGE SKY COVER 0.7


WEATHER CONDITIONS
 THE FOLLOWING WEATHER WAS RECORDED YESTERDAY.
  FOG


RELATIVE HUMIDITY (PERCENT)
 HIGHEST   100          1100 PM
 LOWEST     54          1200 PM
 AVERAGE    77

..........................................................


THE JOPLIN MO CLIMATE NORMALS FOR TODAY
                         NORMAL    RECORD    YEAR
 MAXIMUM TEMPERATURE (F)   61        81      1999
 MINIMUM TEMPERATURE (F)   40        14      1976
                                             1986


SUNRISE AND SUNSET
NOVEMBER 12 2017......SUNRISE   654 AM CST   SUNSET   510 PM CST
NOVEMBER 13 2017......SUNRISE   655 AM CST   SUNSET   509 PM CST


-  INDICATES NEGATIVE NUMBERS.
R  INDICATES RECORD WAS SET OR TIED.
MM INDICATES DATA IS MISSING.
T  INDICATES TRACE AMOUNT.




$$
