000
CDUS43 KSGF 232235
CLIJLN


CLIMATE REPORT
NATIONAL WEATHER SERVICE SPRINGFIELD MO
530 PM CDT THU JUL 23 2015


...................................

...THE JOPLIN MO CLIMATE SUMMARY FOR JULY 23 2015...
VALID TODAY AS OF 0500 PM LOCAL TIME.

CLIMATE NORMAL PERIOD 1981 TO 2010
CLIMATE RECORD PERIOD 1902 TO 2015


WEATHER ITEM   OBSERVED TIME   RECORD YEAR NORMAL DEPARTURE LAST
                VALUE   (LST)  VALUE       VALUE  FROM      YEAR
                                                  NORMAL
..................................................................
TEMPERATURE (F)
 TODAY
  MAXIMUM         90    359 PM 105    2011  91     -1       90
  MINIMUM         74    516 AM  57    1970  70      4       69
                                      2000
  AVERAGE         82                        81      1       80

PRECIPITATION (IN)
  TODAY            0.16          3.61 1956   0.11   0.05     0.11
  MONTH TO DATE    5.09                      2.98   2.11     0.62
  SINCE JUN 1     12.76                      8.84   3.92     4.55
  SINCE JAN 1     30.47                     26.79   3.68    13.30

DEGREE DAYS
 HEATING
  TODAY            0                         0      0        0
  MONTH TO DATE    0                         0      0        1
  SINCE JUN 1      0                         5     -5        3
  SINCE JUL 1      0                         0      0        1

 COOLING
  TODAY           17                        16      1       15
  MONTH TO DATE  350                       347      3      234
  SINCE JUN 1    735                       665     70      537
  SINCE JAN 1    879                       845     34      750
..................................................................


WIND (MPH)
  HIGHEST WIND SPEED    12   HIGHEST WIND DIRECTION    SW (240)
  HIGHEST GUST SPEED    15   HIGHEST GUST DIRECTION     W (250)


SKY COVER
  AVERAGE SKY COVER 0.4


WEATHER CONDITIONS
 THE FOLLOWING WEATHER WAS RECORDED TODAY.
  THUNDERSTORM
  HEAVY RAIN
  RAIN
  LIGHT RAIN
  FOG


RELATIVE HUMIDITY (PERCENT)
 HIGHEST   100           300 AM
 LOWEST     56           400 PM
 AVERAGE    78

..........................................................


THE JOPLIN MO CLIMATE NORMALS FOR TOMORROW
                         NORMAL    RECORD    YEAR
 MAXIMUM TEMPERATURE (F)   91       103      2011
 MINIMUM TEMPERATURE (F)   70        57      2000


SUNRISE AND SUNSET
JULY 23 2015..........SUNRISE   615 AM CDT   SUNSET   833 PM CDT
JULY 24 2015..........SUNRISE   616 AM CDT   SUNSET   832 PM CDT


-  INDICATES NEGATIVE NUMBERS.
R  INDICATES RECORD WAS SET OR TIED.
MM INDICATES DATA IS MISSING.
T  INDICATES TRACE AMOUNT.




$$
