000
CDUS43 KSGF 260633
CLIJLN


CLIMATE REPORT
NATIONAL WEATHER SERVICE SPRINGFIELD MO
133 AM CDT WED AUG 26 2015


...................................

...THE JOPLIN MO CLIMATE SUMMARY FOR AUGUST 25 2015...

CLIMATE NORMAL PERIOD 1981 TO 2010
CLIMATE RECORD PERIOD 1902 TO 2015


WEATHER ITEM   OBSERVED TIME   RECORD YEAR NORMAL DEPARTURE LAST
                VALUE   (LST)  VALUE       VALUE  FROM      YEAR
                                                  NORMAL
..................................................................
TEMPERATURE (F)
 YESTERDAY
  MAXIMUM         83    315 PM 101    1983  90     -7       99
                                      2003
  MINIMUM         54    613 AM  53    1958  67    -13       72
  AVERAGE         69                        79    -10       86

PRECIPITATION (IN)
  YESTERDAY        0.00          1.50 1978   0.12  -0.12     0.00
  MONTH TO DATE    8.23                      2.60   5.63     1.49
  SINCE JUN 1     20.99                     12.27   8.72     6.66
  SINCE JAN 1     38.70                     30.22   8.48    15.41

DEGREE DAYS
 HEATING
  YESTERDAY        0                         0      0        0
  MONTH TO DATE    1                         0      1        0
  SINCE JUN 1      1                         5     -4        3
  SINCE JUL 1      1                         0      1        1

 COOLING
  YESTERDAY        4                        14    -10       21
  MONTH TO DATE  294                       382    -88      374
  SINCE JUN 1   1183                      1173     10     1007
  SINCE JAN 1   1327                      1353    -26     1220
..................................................................


WIND (MPH)
  HIGHEST WIND SPEED     8   HIGHEST WIND DIRECTION    NW (300)
  HIGHEST GUST SPEED    28   HIGHEST GUST DIRECTION    SW (210)
  AVERAGE WIND SPEED     1.0


SKY COVER
  AVERAGE SKY COVER 0.0


WEATHER CONDITIONS
 THE FOLLOWING WEATHER WAS RECORDED YESTERDAY.
  NO SIGNIFICANT WEATHER WAS OBSERVED.


RELATIVE HUMIDITY (PERCENT)
 HIGHEST   100           600 AM
 LOWEST     42          1200 PM
 AVERAGE    71

..........................................................


THE JOPLIN MO CLIMATE NORMALS FOR TODAY
                         NORMAL    RECORD    YEAR
 MAXIMUM TEMPERATURE (F)   90       101      1983
                                             2000
                                             2003
 MINIMUM TEMPERATURE (F)   67        51      1962


SUNRISE AND SUNSET
AUGUST 26 2015........SUNRISE   644 AM CDT   SUNSET   755 PM CDT
AUGUST 27 2015........SUNRISE   644 AM CDT   SUNSET   754 PM CDT


-  INDICATES NEGATIVE NUMBERS.
R  INDICATES RECORD WAS SET OR TIED.
MM INDICATES DATA IS MISSING.
T  INDICATES TRACE AMOUNT.




$$
