000
CDUS43 KSGF 080625
CLIJLN


CLIMATE REPORT
NATIONAL WEATHER SERVICE SPRINGFIELD MO
125 AM CDT TUE APR 8 2014


...................................

...THE JOPLIN MO CLIMATE SUMMARY FOR APRIL 7 2014...

CLIMATE NORMAL PERIOD 1981 TO 2010
CLIMATE RECORD PERIOD 1902 TO 2014


WEATHER ITEM   OBSERVED TIME   RECORD YEAR NORMAL DEPARTURE LAST
                VALUE   (LST)  VALUE       VALUE  FROM      YEAR
                                                  NORMAL
..................................................................
TEMPERATURE (F)
 YESTERDAY
  MAXIMUM         66    419 PM  84    1977  68     -2       77
                                      1978
                                      1986
  MINIMUM         43    504 AM  23    2007  44     -1       55
  AVERAGE         55                        56     -1       66

PRECIPITATION (IN)
  YESTERDAY        0.01          1.07 1986   0.13  -0.12     0.00
  MONTH TO DATE    0.15                      0.85  -0.70     0.14
  SINCE MAR 1      2.03                      4.27  -2.24     2.84
  SINCE JAN 1      2.88                      8.62  -5.74     7.99

DEGREE DAYS
 HEATING
  YESTERDAY       10                        10      0        0
  MONTH TO DATE   90                        77     13       95
  SINCE MAR 1    753                       585    168      752
  SINCE JUL 1   4602                      3839    763     3868

 COOLING
  YESTERDAY        0                         1     -1        1
  MONTH TO DATE    0                         7     -7        2
  SINCE MAR 1      0                        16    -16        2
  SINCE JAN 1      0                        17    -17        3
..................................................................


WIND (MPH)
  HIGHEST WIND SPEED    18   HIGHEST WIND DIRECTION    NW (300)
  HIGHEST GUST SPEED    26   HIGHEST GUST DIRECTION    NW (320)
  AVERAGE WIND SPEED     8.8


SKY COVER
  AVERAGE SKY COVER 0.7


WEATHER CONDITIONS
 THE FOLLOWING WEATHER WAS RECORDED YESTERDAY.
  LIGHT RAIN
  HAZE


RELATIVE HUMIDITY (PERCENT)
 HIGHEST    92           200 AM
 LOWEST     36           100 PM
 AVERAGE    64

..........................................................


THE JOPLIN MO CLIMATE NORMALS FOR TODAY
                         NORMAL    RECORD    YEAR
 MAXIMUM TEMPERATURE (F)   68        86      2011
                                             2001
 MINIMUM TEMPERATURE (F)   44        19      2007


SUNRISE AND SUNSET
APRIL  8 2014.........SUNRISE   653 AM CDT   SUNSET   747 PM CDT
APRIL  9 2014.........SUNRISE   652 AM CDT   SUNSET   748 PM CDT


-  INDICATES NEGATIVE NUMBERS.
R  INDICATES RECORD WAS SET OR TIED.
MM INDICATES DATA IS MISSING.
T  INDICATES TRACE AMOUNT.




$$
