655
CDUS43 KSGF 280636
CLIJLN


CLIMATE REPORT
NATIONAL WEATHER SERVICE SPRINGFIELD MO
1235 AM CST MON NOV 28 2016


...................................

...THE JOPLIN MO CLIMATE SUMMARY FOR NOVEMBER 27 2016...

CLIMATE NORMAL PERIOD 1981 TO 2010
CLIMATE RECORD PERIOD 1902 TO 2016


WEATHER ITEM   OBSERVED TIME   RECORD YEAR NORMAL DEPARTURE LAST
                VALUE   (LST)  VALUE       VALUE  FROM      YEAR
                                                  NORMAL
..................................................................
TEMPERATURE (F)
 YESTERDAY
  MAXIMUM         59   1242 PM  76    1960  53      6       40
  MINIMUM         46    340 AM   9    1975  33     13       34
  AVERAGE         53                        43     10       37

PRECIPITATION (IN)
  YESTERDAY        T             2.16 2015   0.12  -0.12     2.16
  MONTH TO DATE    0.87                      3.43  -2.56     7.80
  SINCE SEP 1      8.86                     12.41  -3.55     9.62
  SINCE JAN 1     38.64                     43.38  -4.74    48.32

DEGREE DAYS
 HEATING
  YESTERDAY       12                        22    -10       28
  MONTH TO DATE  299                       437   -138      350
  SINCE SEP 1    401                       688   -287      538
  SINCE JUL 1    401                       689   -288      539

 COOLING
  YESTERDAY        0                         0      0        0
  MONTH TO DATE   27                         5     22        2
  SINCE SEP 1    391                       269    122      317
  SINCE JAN 1   1878                      1696    182     1703
..................................................................


WIND (MPH)
  HIGHEST WIND SPEED    35   HIGHEST WIND DIRECTION     S (190)
  HIGHEST GUST SPEED    46   HIGHEST GUST DIRECTION     S (180)
  AVERAGE WIND SPEED    20.6


SKY COVER
  AVERAGE SKY COVER 0.6


WEATHER CONDITIONS
 THE FOLLOWING WEATHER WAS RECORDED YESTERDAY.
  LIGHT RAIN


RELATIVE HUMIDITY (PERCENT)
 HIGHEST    93           700 AM
 LOWEST     76           100 AM
 AVERAGE    85

..........................................................


THE JOPLIN MO CLIMATE NORMALS FOR TODAY
                         NORMAL    RECORD    YEAR
 MAXIMUM TEMPERATURE (F)   53        72      1949
 MINIMUM TEMPERATURE (F)   33        10      1976


SUNRISE AND SUNSET
NOVEMBER 28 2016......SUNRISE   711 AM CST   SUNSET   501 PM CST
NOVEMBER 29 2016......SUNRISE   712 AM CST   SUNSET   501 PM CST


-  INDICATES NEGATIVE NUMBERS.
R  INDICATES RECORD WAS SET OR TIED.
MM INDICATES DATA IS MISSING.
T  INDICATES TRACE AMOUNT.




$$
