000
CDUS43 KSGF 112332
CLIJLN


CLIMATE REPORT
NATIONAL WEATHER SERVICE SPRINGFIELD MO
531 PM CST SUN FEB 11 2018


...................................

...THE JOPLIN MO CLIMATE SUMMARY FOR FEBRUARY 11 2018...
VALID TODAY AS OF 0500 PM LOCAL TIME.

CLIMATE NORMAL PERIOD 1981 TO 2010
CLIMATE RECORD PERIOD 1902 TO 2018


WEATHER ITEM   OBSERVED TIME   RECORD YEAR NORMAL DEPARTURE LAST
                VALUE   (LST)  VALUE       VALUE  FROM      YEAR
                                                  NORMAL
..................................................................
TEMPERATURE (F)
 TODAY
  MAXIMUM         26    314 PM  82    2017  49    -23       82
  MINIMUM         18    905 AM  -8    1981  28    -10       54
  AVERAGE         22                        39    -17       68

PRECIPITATION (IN)
  TODAY            T             1.33 2009   0.09  -0.09     0.00
  MONTH TO DATE    0.01                      0.81  -0.80      T
  SINCE DEC 1      1.85                      5.66  -3.81     4.24
  SINCE JAN 1      0.48                      2.84  -2.36     3.65

DEGREE DAYS
 HEATING
  TODAY           43                        26     17        0
  MONTH TO DATE  390                       303     87      227
  SINCE DEC 1   2214                      2095    119     1884
  SINCE JUL 1   2859                      2852      7     2339

 COOLING
  TODAY            0                         0      0        3
  MONTH TO DATE    0                         0      0        3
  SINCE DEC 1      0                         0      0        3
  SINCE JAN 1      0                         0      0        3
..................................................................


WIND (MPH)
  HIGHEST WIND SPEED    16   HIGHEST WIND DIRECTION    NW (330)
  HIGHEST GUST SPEED    21   HIGHEST GUST DIRECTION     N (360)


SKY COVER
  AVERAGE SKY COVER 1.0


WEATHER CONDITIONS
 THE FOLLOWING WEATHER WAS RECORDED TODAY.
  LT FREEZING RAIN
  FOG


RELATIVE HUMIDITY (PERCENT)
 HIGHEST   100          1200 AM
 LOWEST     81           200 PM
 AVERAGE    91

..........................................................


THE JOPLIN MO CLIMATE NORMALS FOR TOMORROW
                         NORMAL    RECORD    YEAR
 MAXIMUM TEMPERATURE (F)   50        82      1962
 MINIMUM TEMPERATURE (F)   28         3      1988


SUNRISE AND SUNSET
FEBRUARY 11 2018......SUNRISE   711 AM CST   SUNSET   554 PM CST
FEBRUARY 12 2018......SUNRISE   710 AM CST   SUNSET   555 PM CST


-  INDICATES NEGATIVE NUMBERS.
R  INDICATES RECORD WAS SET OR TIED.
MM INDICATES DATA IS MISSING.
T  INDICATES TRACE AMOUNT.




$$
