000
CDUS43 KSGF 150639
CLIJLN


CLIMATE REPORT
NATIONAL WEATHER SERVICE SPRINGFIELD MO
139 AM CDT MON MAY 15 2017


...................................

...THE JOPLIN MO CLIMATE SUMMARY FOR MAY 14 2017...

CLIMATE NORMAL PERIOD 1981 TO 2010
CLIMATE RECORD PERIOD 1902 TO 2017


WEATHER ITEM   OBSERVED TIME   RECORD YEAR NORMAL DEPARTURE LAST
                VALUE   (LST)  VALUE       VALUE  FROM      YEAR
                                                  NORMAL
..................................................................
TEMPERATURE (F)
 YESTERDAY
  MAXIMUM         81    444 PM  92    1947  77      4       60
  MINIMUM         57    230 AM  41    2000  56      1       42
                                      1959
  AVERAGE         69                        66      3       51

PRECIPITATION (IN)
  YESTERDAY        0.00          2.17 2010   0.18  -0.18     0.00
  MONTH TO DATE    3.57                      2.67   0.90     0.54
  SINCE MAR 1     17.51                     10.56   6.95     7.66
  SINCE JAN 1     21.50                     14.91   6.59     8.33

DEGREE DAYS
 HEATING
  YESTERDAY        0                         2     -2       14
  MONTH TO DATE   44                        43      1       67
  SINCE MAR 1    599                       792   -193      583
  SINCE JUL 1   3151                      4046   -895     3333

 COOLING
  YESTERDAY        4                         4      0        0
  MONTH TO DATE   40                        40      0       24
  SINCE MAR 1    104                        93     11       46
  SINCE JAN 1    114                        94     20       47
..................................................................


WIND (MPH)
  HIGHEST WIND SPEED    20   HIGHEST WIND DIRECTION     S (190)
  HIGHEST GUST SPEED    26   HIGHEST GUST DIRECTION    SW (210)
  AVERAGE WIND SPEED    11.5


SKY COVER
  AVERAGE SKY COVER 0.0


WEATHER CONDITIONS
 THE FOLLOWING WEATHER WAS RECORDED YESTERDAY.
  NO SIGNIFICANT WEATHER WAS OBSERVED.


RELATIVE HUMIDITY (PERCENT)
 HIGHEST    86           200 AM
 LOWEST     51           200 PM
 AVERAGE    69

..........................................................


THE JOPLIN MO CLIMATE NORMALS FOR TODAY
                         NORMAL    RECORD    YEAR
 MAXIMUM TEMPERATURE (F)   77        87      2001
 MINIMUM TEMPERATURE (F)   56        39      1959
                                             1967
                                             1973


SUNRISE AND SUNSET
MAY 15 2017...........SUNRISE   609 AM CDT   SUNSET   820 PM CDT
MAY 16 2017...........SUNRISE   609 AM CDT   SUNSET   821 PM CDT


-  INDICATES NEGATIVE NUMBERS.
R  INDICATES RECORD WAS SET OR TIED.
MM INDICATES DATA IS MISSING.
T  INDICATES TRACE AMOUNT.




$$
