803
CDUS43 KSGF 190645
CLIJLN


CLIMATE REPORT
NATIONAL WEATHER SERVICE SPRINGFIELD MO
145 AM CDT SUN MAR 19 2017


...................................

...THE JOPLIN MO CLIMATE SUMMARY FOR MARCH 18 2017...

CLIMATE NORMAL PERIOD 1981 TO 2010
CLIMATE RECORD PERIOD 1902 TO 2017


WEATHER ITEM   OBSERVED TIME   RECORD YEAR NORMAL DEPARTURE LAST
                VALUE   (LST)  VALUE       VALUE  FROM      YEAR
                                                  NORMAL
..................................................................
TEMPERATURE (F)
 YESTERDAY
  MAXIMUM         69    457 PM  83    1982  61      8       53
  MINIMUM         45    617 AM  18    1965  38      7       36
  AVERAGE         57                        50      7       45

PRECIPITATION (IN)
  YESTERDAY        0.00          3.22 2008   0.11  -0.11      T
  MONTH TO DATE    1.25                      1.89  -0.64     1.30
  SINCE MAR 1      1.25                      1.89  -0.64     1.30
  SINCE JAN 1      5.24                      6.24  -1.00     1.97

DEGREE DAYS
 HEATING
  YESTERDAY        8                        16     -8       20
  MONTH TO DATE  296                       329    -33      184
  SINCE MAR 1    296                       329    -33      184
  SINCE JUL 1   2848                      3583   -735     2934

 COOLING
  YESTERDAY        0                         0      0        0
  MONTH TO DATE    0                         0      0        1
  SINCE MAR 1      0                         0      0        1
  SINCE JAN 1     10                         1      9        2
..................................................................


WIND (MPH)
  HIGHEST WIND SPEED    14   HIGHEST WIND DIRECTION    NE (40)
  HIGHEST GUST SPEED    19   HIGHEST GUST DIRECTION    NE (50)
  AVERAGE WIND SPEED     6.9


SKY COVER
  AVERAGE SKY COVER 0.1


WEATHER CONDITIONS
 THE FOLLOWING WEATHER WAS RECORDED YESTERDAY.
  NO SIGNIFICANT WEATHER WAS OBSERVED.


RELATIVE HUMIDITY (PERCENT)
 HIGHEST    61          1200 AM
 LOWEST     24           200 PM
 AVERAGE    43

..........................................................


THE JOPLIN MO CLIMATE NORMALS FOR TODAY
                         NORMAL    RECORD    YEAR
 MAXIMUM TEMPERATURE (F)   61        84      1995
 MINIMUM TEMPERATURE (F)   39        13      1965


SUNRISE AND SUNSET
MARCH 19 2017.........SUNRISE   723 AM CDT   SUNSET   729 PM CDT
MARCH 20 2017.........SUNRISE   721 AM CDT   SUNSET   730 PM CDT


-  INDICATES NEGATIVE NUMBERS.
R  INDICATES RECORD WAS SET OR TIED.
MM INDICATES DATA IS MISSING.
T  INDICATES TRACE AMOUNT.




$$
