000
CDUS43 KSGF 212226
CLIJLN


CLIMATE REPORT
NATIONAL WEATHER SERVICE SPRINGFIELD MO
526 PM CDT THU APR 21 2016


...................................

...THE JOPLIN MO CLIMATE SUMMARY FOR APRIL 21 2016...
VALID TODAY AS OF 0500 PM LOCAL TIME.

CLIMATE NORMAL PERIOD 1981 TO 2010
CLIMATE RECORD PERIOD 1902 TO 2016


WEATHER ITEM   OBSERVED TIME   RECORD YEAR NORMAL DEPARTURE LAST
                VALUE   (LST)  VALUE       VALUE  FROM      YEAR
                                                  NORMAL
..................................................................
TEMPERATURE (F)
 TODAY
  MAXIMUM         70    235 PM  90    1963  72     -2       72
  MINIMUM         50    216 AM  30    1966  49      1       42
                                      1978
  AVERAGE         60                        60      0       57

PRECIPITATION (IN)
  TODAY            T             1.29 1996   0.16  -0.16      T
  MONTH TO DATE    1.86                      2.86  -1.00     3.74
  SINCE MAR 1      4.43                      6.28  -1.85     5.57
  SINCE JAN 1      5.10                     10.63  -5.53     7.09

DEGREE DAYS
 HEATING
  TODAY            5                         7     -2        8
  MONTH TO DATE  134                       193    -59      127
  SINCE MAR 1    496                       701   -205      617
  SINCE JUL 1   3246                      3955   -709     4153

 COOLING
  TODAY            0                         2     -2        0
  MONTH TO DATE    7                        26    -19       34
  SINCE MAR 1     10                        35    -25       34
  SINCE JAN 1     11                        36    -25       34
..................................................................


WIND (MPH)
  HIGHEST WIND SPEED    21   HIGHEST WIND DIRECTION     W (290)
  HIGHEST GUST SPEED    25   HIGHEST GUST DIRECTION    NW (300)


SKY COVER
  AVERAGE SKY COVER 0.4


WEATHER CONDITIONS
 THE FOLLOWING WEATHER WAS RECORDED TODAY.
  NO SIGNIFICANT WEATHER WAS OBSERVED.


RELATIVE HUMIDITY (PERCENT)
 HIGHEST    96           300 AM
 LOWEST     52          1200 PM
 AVERAGE    74

..........................................................


THE JOPLIN MO CLIMATE NORMALS FOR TOMORROW
                         NORMAL    RECORD    YEAR
 MAXIMUM TEMPERATURE (F)   72        90      1965
 MINIMUM TEMPERATURE (F)   49        29      1986


SUNRISE AND SUNSET
APRIL 21 2016.........SUNRISE   635 AM CDT   SUNSET   759 PM CDT
APRIL 22 2016.........SUNRISE   634 AM CDT   SUNSET   800 PM CDT


-  INDICATES NEGATIVE NUMBERS.
R  INDICATES RECORD WAS SET OR TIED.
MM INDICATES DATA IS MISSING.
T  INDICATES TRACE AMOUNT.




$$
