000
CDUS43 KSGF 120626
CLIJLN


CLIMATE REPORT
NATIONAL WEATHER SERVICE SPRINGFIELD MO
125 AM CDT SAT APR 12 2014


...................................

...THE JOPLIN MO CLIMATE SUMMARY FOR APRIL 11 2014...

CLIMATE NORMAL PERIOD 1981 TO 2010
CLIMATE RECORD PERIOD 1902 TO 2014


WEATHER ITEM   OBSERVED TIME   RECORD YEAR NORMAL DEPARTURE LAST
                VALUE   (LST)  VALUE       VALUE  FROM      YEAR
                                                  NORMAL
..................................................................
TEMPERATURE (F)
 YESTERDAY
  MAXIMUM         78    354 PM  86    1972  69      9       49
                                      1996
  MINIMUM         49    540 AM  26    1989  45      4       33
  AVERAGE         64                        57      7       41

PRECIPITATION (IN)
  YESTERDAY        0.00          3.26 1994   0.14  -0.14      T
  MONTH TO DATE    0.17                      1.38  -1.21     1.08
  SINCE MAR 1      2.05                      4.80  -2.75     3.78
  SINCE JAN 1      2.90                      9.15  -6.25     8.93

DEGREE DAYS
 HEATING
  YESTERDAY        1                         9     -8       24
  MONTH TO DATE  118                       115      3      131
  SINCE MAR 1    781                       623    158      788
  SINCE JUL 1   4630                      3877    753     3904

 COOLING
  YESTERDAY        0                         1     -1        0
  MONTH TO DATE    3                        11     -8       11
  SINCE MAR 1      3                        20    -17       11
  SINCE JAN 1      3                        21    -18       12
..................................................................


WIND (MPH)
  HIGHEST WIND SPEED    20   HIGHEST WIND DIRECTION     S (190)
  HIGHEST GUST SPEED    23   HIGHEST GUST DIRECTION     S (190)
  AVERAGE WIND SPEED     8.1


SKY COVER
  AVERAGE SKY COVER 0.1


WEATHER CONDITIONS
 THE FOLLOWING WEATHER WAS RECORDED YESTERDAY.
  NO SIGNIFICANT WEATHER WAS OBSERVED.


RELATIVE HUMIDITY (PERCENT)
 HIGHEST    73          1100 PM
 LOWEST     42           400 PM
 AVERAGE    58

..........................................................


THE JOPLIN MO CLIMATE NORMALS FOR TODAY
                         NORMAL    RECORD    YEAR
 MAXIMUM TEMPERATURE (F)   69        96      1972
 MINIMUM TEMPERATURE (F)   46        23      1957


SUNRISE AND SUNSET
APRIL 12 2014.........SUNRISE   648 AM CDT   SUNSET   750 PM CDT
APRIL 13 2014.........SUNRISE   646 AM CDT   SUNSET   751 PM CDT


-  INDICATES NEGATIVE NUMBERS.
R  INDICATES RECORD WAS SET OR TIED.
MM INDICATES DATA IS MISSING.
T  INDICATES TRACE AMOUNT.




$$
