000
CDUS43 KSGF 050631
CLIJLN


CLIMATE REPORT
NATIONAL WEATHER SERVICE SPRINGFIELD MO
131 AM CDT THU MAY 5 2016


...................................

...THE JOPLIN MO CLIMATE SUMMARY FOR MAY 4 2016...

CLIMATE NORMAL PERIOD 1981 TO 2010
CLIMATE RECORD PERIOD 1902 TO 2016


WEATHER ITEM   OBSERVED TIME   RECORD YEAR NORMAL DEPARTURE LAST
                VALUE   (LST)  VALUE       VALUE  FROM      YEAR
                                                  NORMAL
..................................................................
TEMPERATURE (F)
 YESTERDAY
  MAXIMUM         72    324 PM  94    2014  75     -3       82
  MINIMUM         47   1154 PM  33    2013  53     -6       64
                                      1954
  AVERAGE         60                        64     -4       73

PRECIPITATION (IN)
  YESTERDAY        0.00          5.21 1999   0.19  -0.19      T
  MONTH TO DATE    T                         0.77  -0.77      T
  SINCE MAR 1      7.12                      8.66  -1.54     5.78
  SINCE JAN 1      7.79                     13.01  -5.22     7.30

DEGREE DAYS
 HEATING
  YESTERDAY        5                         4      1        0
  MONTH TO DATE   41                        16     25        6
  SINCE MAR 1    557                       765   -208      693
  SINCE JUL 1   3307                      4019   -712     4229

 COOLING
  YESTERDAY        0                         2     -2        8
  MONTH TO DATE    0                         8     -8       13
  SINCE MAR 1     22                        61    -39       48
  SINCE JAN 1     23                        62    -39       48
..................................................................


WIND (MPH)
  HIGHEST WIND SPEED    22   HIGHEST WIND DIRECTION     N (360)
  HIGHEST GUST SPEED    28   HIGHEST GUST DIRECTION     N (350)
  AVERAGE WIND SPEED    10.4


SKY COVER
  AVERAGE SKY COVER 0.1


WEATHER CONDITIONS
 THE FOLLOWING WEATHER WAS RECORDED YESTERDAY.
  NO SIGNIFICANT WEATHER WAS OBSERVED.


RELATIVE HUMIDITY (PERCENT)
 HIGHEST    83           600 AM
 LOWEST     31           100 PM
 AVERAGE    57

..........................................................


THE JOPLIN MO CLIMATE NORMALS FOR TODAY
                         NORMAL    RECORD    YEAR
 MAXIMUM TEMPERATURE (F)   75        91      2014
 MINIMUM TEMPERATURE (F)   53        35      2013


SUNRISE AND SUNSET
MAY  5 2016...........SUNRISE   618 AM CDT   SUNSET   811 PM CDT
MAY  6 2016...........SUNRISE   617 AM CDT   SUNSET   812 PM CDT


-  INDICATES NEGATIVE NUMBERS.
R  INDICATES RECORD WAS SET OR TIED.
MM INDICATES DATA IS MISSING.
T  INDICATES TRACE AMOUNT.




$$
