000
CDUS43 KSGF 240645
CLIJLN


CLIMATE REPORT
NATIONAL WEATHER SERVICE SPRINGFIELD MO
1245 AM CST FRI FEB 24 2017


...................................

...THE JOPLIN MO CLIMATE SUMMARY FOR FEBRUARY 23 2017...

CLIMATE NORMAL PERIOD 1981 TO 2010
CLIMATE RECORD PERIOD 1902 TO 2017


WEATHER ITEM   OBSERVED TIME   RECORD YEAR NORMAL DEPARTURE LAST
                VALUE   (LST)  VALUE       VALUE  FROM      YEAR
                                                  NORMAL
..................................................................
TEMPERATURE (F)
 YESTERDAY
  MAXIMUM         83R   346 PM  79    1982  53     30       45
  MINIMUM         54    646 AM   8    1989  32     22       38
  AVERAGE         69                        42     27       42

PRECIPITATION (IN)
  YESTERDAY        0.00          1.48 1985   0.09  -0.09     0.26
  MONTH TO DATE    0.26                      1.85  -1.59     0.37
  SINCE DEC 1      4.50                      6.70  -2.20    10.44
  SINCE JAN 1      3.91                      3.88   0.03     0.67

DEGREE DAYS
 HEATING
  YESTERDAY        0                        23    -23       23
  MONTH TO DATE  352                       596   -244      503
  SINCE DEC 1   2009                      2388   -379     2020
  SINCE JUL 1   2464                      3145   -681     2638

 COOLING
  YESTERDAY        4                         0      4        0
  MONTH TO DATE    7                         0      7        1
  SINCE DEC 1      7                         0      7        4
  SINCE JAN 1      7                         0      7        1
..................................................................


WIND (MPH)
  HIGHEST WIND SPEED    29   HIGHEST WIND DIRECTION     S (190)
  HIGHEST GUST SPEED    41   HIGHEST GUST DIRECTION    SW (220)
  AVERAGE WIND SPEED    15.7


SKY COVER
  AVERAGE SKY COVER 0.0


WEATHER CONDITIONS
 THE FOLLOWING WEATHER WAS RECORDED YESTERDAY.
  NO SIGNIFICANT WEATHER WAS OBSERVED.


RELATIVE HUMIDITY (PERCENT)
 HIGHEST    93           600 AM
 LOWEST     28           300 PM
 AVERAGE    61

..........................................................


THE JOPLIN MO CLIMATE NORMALS FOR TODAY
                         NORMAL    RECORD    YEAR
 MAXIMUM TEMPERATURE (F)   53        80      1956
 MINIMUM TEMPERATURE (F)   32         3      1965


SUNRISE AND SUNSET
FEBRUARY 24 2017......SUNRISE   655 AM CST   SUNSET   607 PM CST
FEBRUARY 25 2017......SUNRISE   654 AM CST   SUNSET   608 PM CST


-  INDICATES NEGATIVE NUMBERS.
R  INDICATES RECORD WAS SET OR TIED.
MM INDICATES DATA IS MISSING.
T  INDICATES TRACE AMOUNT.




$$
