000
CDUS43 KSGF 240634
CLIJLN


CLIMATE REPORT
NATIONAL WEATHER SERVICE SPRINGFIELD MO
134 AM CDT TUE MAY 24 2016


...................................

...THE JOPLIN MO CLIMATE SUMMARY FOR MAY 23 2016...

CLIMATE NORMAL PERIOD 1981 TO 2010
CLIMATE RECORD PERIOD 1902 TO 2016


WEATHER ITEM   OBSERVED TIME   RECORD YEAR NORMAL DEPARTURE LAST
                VALUE   (LST)  VALUE       VALUE  FROM      YEAR
                                                  NORMAL
..................................................................
TEMPERATURE (F)
 YESTERDAY
  MAXIMUM         76   1251 PM  92    1996  79     -3       75
  MINIMUM         61    525 AM  41    1963  58      3       56
  AVERAGE         69                        69      0       66

PRECIPITATION (IN)
  YESTERDAY        0.02          1.83 2011   0.17  -0.15     0.46
  MONTH TO DATE    4.32                      4.30   0.02     6.35
  SINCE MAR 1     11.44                     12.19  -0.75    12.13
  SINCE JAN 1     12.11                     16.54  -4.43    13.65

DEGREE DAYS
 HEATING
  YESTERDAY        0                         1     -1        0
  MONTH TO DATE  123                        58     65       63
  SINCE MAR 1    639                       807   -168      750
  SINCE JUL 1   3389                      4061   -672     4286

 COOLING
  YESTERDAY        4                         5     -1        1
  MONTH TO DATE   32                        79    -47       78
  SINCE MAR 1     54                       132    -78      113
  SINCE JAN 1     55                       133    -78      113
..................................................................


WIND (MPH)
  HIGHEST WIND SPEED    24   HIGHEST WIND DIRECTION     S (180)
  HIGHEST GUST SPEED    30   HIGHEST GUST DIRECTION     S (200)
  AVERAGE WIND SPEED    11.1


SKY COVER
  AVERAGE SKY COVER 0.2


WEATHER CONDITIONS
 THE FOLLOWING WEATHER WAS RECORDED YESTERDAY.
  LIGHT RAIN
  FOG


RELATIVE HUMIDITY (PERCENT)
 HIGHEST    93           800 PM
 LOWEST     54          1000 AM
 AVERAGE    74

..........................................................


THE JOPLIN MO CLIMATE NORMALS FOR TODAY
                         NORMAL    RECORD    YEAR
 MAXIMUM TEMPERATURE (F)   80        90      1996
 MINIMUM TEMPERATURE (F)   58        45      2001


SUNRISE AND SUNSET
MAY 24 2016...........SUNRISE   603 AM CDT   SUNSET   827 PM CDT
MAY 25 2016...........SUNRISE   602 AM CDT   SUNSET   828 PM CDT


-  INDICATES NEGATIVE NUMBERS.
R  INDICATES RECORD WAS SET OR TIED.
MM INDICATES DATA IS MISSING.
T  INDICATES TRACE AMOUNT.




$$
