000
CDUS43 KSGF 290634
CLIJLN


CLIMATE REPORT
NATIONAL WEATHER SERVICE SPRINGFIELD MO
134 AM CDT THU SEP 29 2016


...................................

...THE JOPLIN MO CLIMATE SUMMARY FOR SEPTEMBER 28 2016...

CLIMATE NORMAL PERIOD 1981 TO 2010
CLIMATE RECORD PERIOD 1902 TO 2016


WEATHER ITEM   OBSERVED TIME   RECORD YEAR NORMAL DEPARTURE LAST
                VALUE   (LST)  VALUE       VALUE  FROM      YEAR
                                                  NORMAL
..................................................................
TEMPERATURE (F)
 YESTERDAY
  MAXIMUM         74    219 PM 104    1953  77     -3       85
  MINIMUM         50   1159 PM  37    1967  54     -4       61
  AVERAGE         62                        66     -4       73

PRECIPITATION (IN)
  YESTERDAY        0.00          1.73 1975   0.16  -0.16     0.00
  MONTH TO DATE    2.74                      4.64  -1.90     1.12
  SINCE SEP 1      2.74                      4.64  -1.90     1.12
  SINCE JAN 1     32.52                     35.61  -3.09    39.82

DEGREE DAYS
 HEATING
  YESTERDAY        3                         3      0        0
  MONTH TO DATE    7                        31    -24        5
  SINCE SEP 1      7                        31    -24        5
  SINCE JUL 1      7                        32    -25        6

 COOLING
  YESTERDAY        0                         4     -4        8
  MONTH TO DATE  257                       207     50      261
  SINCE SEP 1    257                       207     50      261
  SINCE JAN 1   1744                      1634    110     1647
..................................................................


WIND (MPH)
  HIGHEST WIND SPEED    22   HIGHEST WIND DIRECTION     N (350)
  HIGHEST GUST SPEED    26   HIGHEST GUST DIRECTION     N (350)
  AVERAGE WIND SPEED    10.1


SKY COVER
  AVERAGE SKY COVER 0.0


WEATHER CONDITIONS
 THE FOLLOWING WEATHER WAS RECORDED YESTERDAY.
  NO SIGNIFICANT WEATHER WAS OBSERVED.


RELATIVE HUMIDITY (PERCENT)
 HIGHEST    83           900 PM
 LOWEST     35          1200 PM
 AVERAGE    59

..........................................................


THE JOPLIN MO CLIMATE NORMALS FOR TODAY
                         NORMAL    RECORD    YEAR
 MAXIMUM TEMPERATURE (F)   77        97      1953
 MINIMUM TEMPERATURE (F)   54        35      1984


SUNRISE AND SUNSET
SEPTEMBER 29 2016.....SUNRISE   712 AM CDT   SUNSET   703 PM CDT
SEPTEMBER 30 2016.....SUNRISE   713 AM CDT   SUNSET   702 PM CDT


-  INDICATES NEGATIVE NUMBERS.
R  INDICATES RECORD WAS SET OR TIED.
MM INDICATES DATA IS MISSING.
T  INDICATES TRACE AMOUNT.




$$
