000
CDUS43 KSGF 210640
CLIJLN


CLIMATE REPORT
NATIONAL WEATHER SERVICE SPRINGFIELD MO
1238 AM CST TUE NOV 21 2017


...................................

...THE JOPLIN MO CLIMATE SUMMARY FOR NOVEMBER 20 2017...

CLIMATE NORMAL PERIOD 1981 TO 2010
CLIMATE RECORD PERIOD 1902 TO 2017


WEATHER ITEM   OBSERVED TIME   RECORD YEAR NORMAL DEPARTURE LAST
                VALUE   (LST)  VALUE       VALUE  FROM      YEAR
                                                  NORMAL
..................................................................
TEMPERATURE (F)
 YESTERDAY
  MAXIMUM         61    304 PM  75    2007  57      4       57
  MINIMUM         42    109 AM  21    2006  36      6       27
  AVERAGE         52                        46      6       42

PRECIPITATION (IN)
  YESTERDAY        0.00          3.62 1979   0.12  -0.12     0.00
  MONTH TO DATE    0.26                      2.59  -2.33     0.75
  SINCE SEP 1      6.06                     11.57  -5.51     8.74
  SINCE JAN 1     44.74                     42.54   2.20    38.52

DEGREE DAYS
 HEATING
  YESTERDAY       13                        19     -6       23
  MONTH TO DATE  273                       292    -19      188
  SINCE SEP 1    504                       543    -39      290
  SINCE JUL 1    504                       544    -40      290

 COOLING
  YESTERDAY        0                         0      0        0
  MONTH TO DATE    1                         5     -4       27
  SINCE SEP 1    318                       269     49      391
  SINCE JAN 1   1750                      1696     54     1878
..................................................................


WIND (MPH)
  HIGHEST WIND SPEED    32   HIGHEST WIND DIRECTION    SW (210)
  HIGHEST GUST SPEED    43   HIGHEST GUST DIRECTION    SW (210)
  AVERAGE WIND SPEED    17.3


SKY COVER
  AVERAGE SKY COVER 0.0


WEATHER CONDITIONS
 THE FOLLOWING WEATHER WAS RECORDED YESTERDAY.
  NO SIGNIFICANT WEATHER WAS OBSERVED.


RELATIVE HUMIDITY (PERCENT)
 HIGHEST    57          1200 AM
 LOWEST     29           100 PM
 AVERAGE    43

..........................................................


THE JOPLIN MO CLIMATE NORMALS FOR TODAY
                         NORMAL    RECORD    YEAR
 MAXIMUM TEMPERATURE (F)   56        75      1966
 MINIMUM TEMPERATURE (F)   36        16      1964
                                             2000


SUNRISE AND SUNSET
NOVEMBER 21 2017......SUNRISE   703 AM CST   SUNSET   504 PM CST
NOVEMBER 22 2017......SUNRISE   704 AM CST   SUNSET   504 PM CST


-  INDICATES NEGATIVE NUMBERS.
R  INDICATES RECORD WAS SET OR TIED.
MM INDICATES DATA IS MISSING.
T  INDICATES TRACE AMOUNT.




$$
