000
CDUS43 KSGF 122226
CLIJLN


CLIMATE REPORT
NATIONAL WEATHER SERVICE SPRINGFIELD MO
426 PM CST SUN FEB 12 2017


...................................

...THE JOPLIN MO CLIMATE SUMMARY FOR FEBRUARY 12 2017...
VALID AS OF 0400 PM LOCAL TIME.

CLIMATE NORMAL PERIOD 1981 TO 2010
CLIMATE RECORD PERIOD 1902 TO 2017


WEATHER ITEM   OBSERVED TIME   RECORD YEAR NORMAL DEPARTURE LAST
                VALUE   (LST)  VALUE       VALUE  FROM      YEAR
                                                  NORMAL
..................................................................
TEMPERATURE (F)
 TODAY
  MAXIMUM         58   1250 PM  82    1962  50      8       46
  MINIMUM         44    729 AM   3    1988  28     16       24
  AVERAGE         51                        39     12       35

PRECIPITATION (IN)
  TODAY            0.00          0.93 2007   0.08  -0.08     0.00
  MONTH TO DATE    T                         0.89  -0.89     0.11
  SINCE DEC 1      4.24                      5.74  -1.50    10.18
  SINCE JAN 1      3.65                      2.92   0.73     0.41

DEGREE DAYS
 HEATING
  TODAY           14                        26    -12       30
  MONTH TO DATE  241                       329    -88      324
  SINCE DEC 1   1898                      2121   -223     1841
  SINCE JUL 1   2353                      2878   -525     2459

 COOLING
  TODAY            0                         0      0        0
  MONTH TO DATE    3                         0      3        0
  SINCE DEC 1      3                         0      3        3
  SINCE JAN 1      3                         0      3        0
..................................................................


WIND (MPH)
  HIGHEST WIND SPEED    23   HIGHEST WIND DIRECTION     N (360)
  HIGHEST GUST SPEED    34   HIGHEST GUST DIRECTION     N (350)


SKY COVER
  AVERAGE SKY COVER 0.0


WEATHER CONDITIONS
 THE FOLLOWING WEATHER WAS RECORDED TODAY.
  FOG


RELATIVE HUMIDITY (PERCENT)
 HIGHEST    93           200 AM
 LOWEST     32           400 PM
 AVERAGE    63

..........................................................


THE JOPLIN MO CLIMATE NORMALS FOR TOMORROW
                         NORMAL    RECORD    YEAR
 MAXIMUM TEMPERATURE (F)   50        78      1962
 MINIMUM TEMPERATURE (F)   29        11      1958


SUNRISE AND SUNSET
FEBRUARY 12 2017......SUNRISE   710 AM CST   SUNSET   555 PM CST
FEBRUARY 13 2017......SUNRISE   709 AM CST   SUNSET   556 PM CST


-  INDICATES NEGATIVE NUMBERS.
R  INDICATES RECORD WAS SET OR TIED.
MM INDICATES DATA IS MISSING.
T  INDICATES TRACE AMOUNT.




$$
