000
CDUS43 KSGF 060626
CLIJLN


CLIMATE REPORT
NATIONAL WEATHER SERVICE SPRINGFIELD MO
126 AM CDT SUN APR 6 2014


...................................

...THE JOPLIN MO CLIMATE SUMMARY FOR APRIL 5 2014...

CLIMATE NORMAL PERIOD 1981 TO 2010
CLIMATE RECORD PERIOD 1902 TO 2014


WEATHER ITEM   OBSERVED TIME   RECORD YEAR NORMAL DEPARTURE LAST
                VALUE   (LST)  VALUE       VALUE  FROM      YEAR
                                                  NORMAL
..................................................................
TEMPERATURE (F)
 YESTERDAY
  MAXIMUM         61    359 PM  84    2000  67     -6       70
                                      1967
  MINIMUM         29    623 AM  26    1987  44    -15       34
  AVERAGE         45                        55    -10       52

PRECIPITATION (IN)
  YESTERDAY        0.00          1.05 1953   0.12  -0.12     0.00
  MONTH TO DATE    0.07                      0.60  -0.53     0.14
  SINCE MAR 1      1.95                      4.02  -2.07     2.84
  SINCE JAN 1      2.80                      8.37  -5.57     7.99

DEGREE DAYS
 HEATING
  YESTERDAY       20                        11      9       13
  MONTH TO DATE   65                        57      8       95
  SINCE MAR 1    728                       565    163      752
  SINCE JUL 1   4577                      3819    758     3868

 COOLING
  YESTERDAY        0                         1     -1        0
  MONTH TO DATE    0                         5     -5        0
  SINCE MAR 1      0                        14    -14        0
  SINCE JAN 1      0                        15    -15        1
..................................................................


WIND (MPH)
  HIGHEST WIND SPEED    14   HIGHEST WIND DIRECTION    SE (130)
  HIGHEST GUST SPEED    19   HIGHEST GUST DIRECTION     E (70)
  AVERAGE WIND SPEED     5.8


SKY COVER
  AVERAGE SKY COVER 0.0


WEATHER CONDITIONS
 THE FOLLOWING WEATHER WAS RECORDED YESTERDAY.
  NO SIGNIFICANT WEATHER WAS OBSERVED.


RELATIVE HUMIDITY (PERCENT)
 HIGHEST    85           500 AM
 LOWEST     27           400 PM
 AVERAGE    56

..........................................................


THE JOPLIN MO CLIMATE NORMALS FOR TODAY
                         NORMAL    RECORD    YEAR
 MAXIMUM TEMPERATURE (F)   67        86      1948
                                             1954
 MINIMUM TEMPERATURE (F)   44        23      1996


SUNRISE AND SUNSET
APRIL  6 2014.........SUNRISE   656 AM CDT   SUNSET   745 PM CDT
APRIL  7 2014.........SUNRISE   655 AM CDT   SUNSET   746 PM CDT


-  INDICATES NEGATIVE NUMBERS.
R  INDICATES RECORD WAS SET OR TIED.
MM INDICATES DATA IS MISSING.
T  INDICATES TRACE AMOUNT.




$$
