000
CDUS43 KSGF 180645
CLIJLN


CLIMATE REPORT
NATIONAL WEATHER SERVICE SPRINGFIELD MO
145 AM CDT MON MAY 18 2015


...................................

...THE JOPLIN MO CLIMATE SUMMARY FOR MAY 17 2015...

CLIMATE NORMAL PERIOD 1981 TO 2010
CLIMATE RECORD PERIOD 1902 TO 2015


WEATHER ITEM   OBSERVED TIME   RECORD YEAR NORMAL DEPARTURE LAST
                VALUE   (LST)  VALUE       VALUE  FROM      YEAR
                                                  NORMAL
..................................................................
TEMPERATURE (F)
 YESTERDAY
  MAXIMUM         79    454 PM  89    1996  78      1       65
                                      2001
  MINIMUM         62    600 AM  40    2011  57      5       45
                                      1973
  AVERAGE         71                        67      4       55

PRECIPITATION (IN)
  YESTERDAY        1.30          1.82 2002   0.18   1.12      T
  MONTH TO DATE    5.30                      3.22   2.08     1.63
  SINCE MAR 1     11.08                     11.11  -0.03     4.76
  SINCE JAN 1     12.60                     15.46  -2.86     5.61

DEGREE DAYS
 HEATING
  YESTERDAY        0                         2     -2       10
  MONTH TO DATE   32                        49    -17       97
  SINCE MAR 1    719                       798    -79     1026
  SINCE JUL 1   4255                      4052    203     4875

 COOLING
  YESTERDAY        6                         4      2        0
  MONTH TO DATE   72                        52     20       79
  SINCE MAR 1    107                       105      2      102
  SINCE JAN 1    107                       106      1      102
..................................................................


WIND (MPH)
  HIGHEST WIND SPEED    28   HIGHEST WIND DIRECTION    SW (220)
  HIGHEST GUST SPEED    40   HIGHEST GUST DIRECTION    SW (210)
  AVERAGE WIND SPEED    13.5


SKY COVER
  AVERAGE SKY COVER 0.1


WEATHER CONDITIONS
 THE FOLLOWING WEATHER WAS RECORDED YESTERDAY.
  THUNDERSTORM
  HEAVY RAIN
  RAIN
  LIGHT RAIN
  FOG


RELATIVE HUMIDITY (PERCENT)
 HIGHEST    93           300 AM
 LOWEST     62           300 PM
 AVERAGE    78

..........................................................


THE JOPLIN MO CLIMATE NORMALS FOR TODAY
                         NORMAL    RECORD    YEAR
 MAXIMUM TEMPERATURE (F)   78        90      1987
 MINIMUM TEMPERATURE (F)   57        39      2002


SUNRISE AND SUNSET
MAY 18 2015...........SUNRISE   607 AM CDT   SUNSET   822 PM CDT
MAY 19 2015...........SUNRISE   607 AM CDT   SUNSET   823 PM CDT


-  INDICATES NEGATIVE NUMBERS.
R  INDICATES RECORD WAS SET OR TIED.
MM INDICATES DATA IS MISSING.
T  INDICATES TRACE AMOUNT.




$$
