000
CDUS43 KSGF 230652
CLIJLN


CLIMATE REPORT
NATIONAL WEATHER SERVICE SPRINGFIELD MO
149 AM CDT MON MAR 23 2015


...................................

...THE JOPLIN MO CLIMATE SUMMARY FOR MARCH 22 2015...

CLIMATE NORMAL PERIOD 1981 TO 2010
CLIMATE RECORD PERIOD 1902 TO 2015


WEATHER ITEM   OBSERVED TIME   RECORD YEAR NORMAL DEPARTURE LAST
                VALUE   (LST)  VALUE       VALUE  FROM      YEAR
                                                  NORMAL
..................................................................
TEMPERATURE (F)
 YESTERDAY
  MAXIMUM         71    314 PM  90    1995  62      9       53
  MINIMUM         41    625 AM  11    1955  39      2       35
  AVERAGE         56                        51      5       44

PRECIPITATION (IN)
  YESTERDAY        0.00          1.11 1948   0.12  -0.12     0.00
  MONTH TO DATE    1.26                      2.34  -1.08     1.74
  SINCE MAR 1      1.26                      2.34  -1.08     1.74
  SINCE JAN 1      2.78                      6.69  -3.91     2.59

DEGREE DAYS
 HEATING
  YESTERDAY        9                        15     -6       21
  MONTH TO DATE  393                       389      4      493
  SINCE MAR 1    393                       389      4      493
  SINCE JUL 1   3929                      3643    286     4342

 COOLING
  YESTERDAY        0                         0      0        0
  MONTH TO DATE    0                         0      0        0
  SINCE MAR 1      0                         0      0        0
  SINCE JAN 1      0                         1     -1        0
..................................................................


WIND (MPH)
  HIGHEST WIND SPEED    16   HIGHEST WIND DIRECTION     E (110)
  HIGHEST GUST SPEED    23   HIGHEST GUST DIRECTION     E (110)
  AVERAGE WIND SPEED     5.1


SKY COVER
  AVERAGE SKY COVER 0.0


WEATHER CONDITIONS
 THE FOLLOWING WEATHER WAS RECORDED YESTERDAY.
  HAZE


RELATIVE HUMIDITY (PERCENT)
 HIGHEST    89           500 AM
 LOWEST     30           100 PM
 AVERAGE    60

..........................................................


THE JOPLIN MO CLIMATE NORMALS FOR TODAY
                         NORMAL    RECORD    YEAR
 MAXIMUM TEMPERATURE (F)   62        80      1994
 MINIMUM TEMPERATURE (F)   40        17      1974


SUNRISE AND SUNSET
MARCH 23 2015.........SUNRISE   717 AM CDT   SUNSET   732 PM CDT
MARCH 24 2015.........SUNRISE   716 AM CDT   SUNSET   733 PM CDT


-  INDICATES NEGATIVE NUMBERS.
R  INDICATES RECORD WAS SET OR TIED.
MM INDICATES DATA IS MISSING.
T  INDICATES TRACE AMOUNT.




$$
