000
CDUS43 KSGF 172227
CLIJLN


CLIMATE REPORT
NATIONAL WEATHER SERVICE SPRINGFIELD MO
526 PM CDT THU JUL 17 2014


...................................

...THE JOPLIN MO CLIMATE SUMMARY FOR JULY 17 2014...
VALID TODAY AS OF 0500 PM LOCAL TIME.

CLIMATE NORMAL PERIOD 1981 TO 2010
CLIMATE RECORD PERIOD 1902 TO 2014


WEATHER ITEM   OBSERVED TIME   RECORD YEAR NORMAL DEPARTURE LAST
                VALUE   (LST)  VALUE       VALUE  FROM      YEAR
                                                  NORMAL
..................................................................
TEMPERATURE (F)
 TODAY
  MAXIMUM         76   1205 PM 109    1954  91    -15       93
  MINIMUM         57    358 AM  53    1967  70    -13       71
  AVERAGE         67                        80    -13       82

PRECIPITATION (IN)
  TODAY            T             0.98 1989   0.12  -0.12     0.00
  MONTH TO DATE    0.47                      2.30  -1.83     0.11
  SINCE JUN 1      4.40                      8.16  -3.76     5.50
  SINCE JAN 1     13.15                     26.11 -12.96    27.89

DEGREE DAYS
 HEATING
  TODAY            0                         0      0        0
  MONTH TO DATE    1                         0      1        0
  SINCE JUN 1      3                         5     -2       12
  SINCE JUL 1      1                         0      1        0

 COOLING
  TODAY            2                        15    -13       17
  MONTH TO DATE  168                       251    -83      235
  SINCE JUN 1    471                       569    -98      558
  SINCE JAN 1    684                       749    -65      702
..................................................................


WIND (MPH)
  HIGHEST WIND SPEED    14   HIGHEST WIND DIRECTION    SE (150)
  HIGHEST GUST SPEED    17   HIGHEST GUST DIRECTION    SE (150)


SKY COVER
  AVERAGE SKY COVER 0.3


WEATHER CONDITIONS
 THE FOLLOWING WEATHER WAS RECORDED TODAY.
  LIGHT RAIN


RELATIVE HUMIDITY (PERCENT)
 HIGHEST    93           200 AM
 LOWEST     50          1200 PM
 AVERAGE    72

..........................................................


THE JOPLIN MO CLIMATE NORMALS FOR TOMORROW
                         NORMAL    RECORD    YEAR
 MAXIMUM TEMPERATURE (F)   91       110      1954
 MINIMUM TEMPERATURE (F)   70        54      2009


SUNRISE AND SUNSET
JULY 17 2014..........SUNRISE   611 AM CDT   SUNSET   837 PM CDT
JULY 18 2014..........SUNRISE   612 AM CDT   SUNSET   836 PM CDT


-  INDICATES NEGATIVE NUMBERS.
R  INDICATES RECORD WAS SET OR TIED.
MM INDICATES DATA IS MISSING.
T  INDICATES TRACE AMOUNT.




$$
