000
CDUS43 KSGF 100645
CLIJLN


CLIMATE REPORT
NATIONAL WEATHER SERVICE SPRINGFIELD MO
1245 AM CST SAT FEB 10 2018


...................................

...THE JOPLIN MO CLIMATE SUMMARY FOR FEBRUARY 9 2018...

CLIMATE NORMAL PERIOD 1981 TO 2010
CLIMATE RECORD PERIOD 1902 TO 2018


WEATHER ITEM   OBSERVED TIME   RECORD YEAR NORMAL DEPARTURE LAST
                VALUE   (LST)  VALUE       VALUE  FROM      YEAR
                                                  NORMAL
..................................................................
TEMPERATURE (F)
 YESTERDAY
  MAXIMUM         60    132 PM  73    2000  49     11       47
                                      1996
  MINIMUM         31   1159 PM -12    1979  28      3       19
  AVERAGE         46                        38      8       33

PRECIPITATION (IN)
  YESTERDAY        0.00          1.96 1959   0.09  -0.09     0.00
  MONTH TO DATE    0.01                      0.64  -0.63      T
  SINCE DEC 1      1.85                      5.49  -3.64     4.24
  SINCE JAN 1      0.48                      2.67  -2.19     3.65

DEGREE DAYS
 HEATING
  YESTERDAY       19                        27     -8       32
  MONTH TO DATE  307                       250     57      219
  SINCE DEC 1   2131                      2042     89     1876
  SINCE JUL 1   2776                      2799    -23     2331

 COOLING
  YESTERDAY        0                         0      0        0
  MONTH TO DATE    0                         0      0        0
  SINCE DEC 1      0                         0      0        0
  SINCE JAN 1      0                         0      0        0
..................................................................


WIND (MPH)
  HIGHEST WIND SPEED    23   HIGHEST WIND DIRECTION     S (200)
  HIGHEST GUST SPEED    30   HIGHEST GUST DIRECTION     S (200)
  AVERAGE WIND SPEED    13.1


SKY COVER
  AVERAGE SKY COVER 0.3


WEATHER CONDITIONS
 THE FOLLOWING WEATHER WAS RECORDED YESTERDAY.
  HAZE


RELATIVE HUMIDITY (PERCENT)
 HIGHEST    70           800 PM
 LOWEST     42           100 AM
 AVERAGE    56

..........................................................


THE JOPLIN MO CLIMATE NORMALS FOR TODAY
                         NORMAL    RECORD    YEAR
 MAXIMUM TEMPERATURE (F)   49        77      1999
 MINIMUM TEMPERATURE (F)   28        -9      2011


SUNRISE AND SUNSET
FEBRUARY 10 2018......SUNRISE   712 AM CST   SUNSET   553 PM CST
FEBRUARY 11 2018......SUNRISE   711 AM CST   SUNSET   554 PM CST


-  INDICATES NEGATIVE NUMBERS.
R  INDICATES RECORD WAS SET OR TIED.
MM INDICATES DATA IS MISSING.
T  INDICATES TRACE AMOUNT.




$$
