130
CDUS43 KSGF 092126
CLIJLN


CLIMATE REPORT
NATIONAL WEATHER SERVICE SPRINGFIELD MO
426 PM CDT SAT MAY 9 2015


...................................

...THE JOPLIN MO CLIMATE SUMMARY FOR MAY 9 2015...
VALID AS OF 0400 PM LOCAL TIME.

CLIMATE NORMAL PERIOD 1981 TO 2010
CLIMATE RECORD PERIOD 1902 TO 2015


WEATHER ITEM   OBSERVED TIME   RECORD YEAR NORMAL DEPARTURE LAST
                VALUE   (LST)  VALUE       VALUE  FROM      YEAR
                                                  NORMAL
..................................................................
TEMPERATURE (F)
 TODAY
  MAXIMUM         76    206 PM  89    2011  76      0       74
  MINIMUM         61    544 AM  35    1980  54      7       56
  AVERAGE         69                        65      4       65

PRECIPITATION (IN)
  TODAY            0.55          2.25 2000   0.19   0.36     0.52
  MONTH TO DATE    1.82                      1.74   0.08     0.83
  SINCE MAR 1      7.60                      9.63  -2.03     3.96
  SINCE JAN 1      9.12                     13.98  -4.86     4.81

DEGREE DAYS
 HEATING
  TODAY            0                         3     -3        0
  MONTH TO DATE    6                        31    -25       31
  SINCE MAR 1    693                       780    -87      960
  SINCE JUL 1   4229                      4034    195     4809

 COOLING
  TODAY            4                         3      1        0
  MONTH TO DATE   43                        23     20       59
  SINCE MAR 1     78                        76      2       82
  SINCE JAN 1     78                        77      1       82
..................................................................


WIND (MPH)
  HIGHEST WIND SPEED    20   HIGHEST WIND DIRECTION     E (110)
  HIGHEST GUST SPEED    27   HIGHEST GUST DIRECTION    SE (120)


SKY COVER
  AVERAGE SKY COVER 0.6


WEATHER CONDITIONS
 THE FOLLOWING WEATHER WAS RECORDED TODAY.
  THUNDERSTORM
  HEAVY RAIN
  RAIN
  LIGHT RAIN
  FOG


RELATIVE HUMIDITY (PERCENT)
 HIGHEST   100           200 AM
 LOWEST     69           200 PM
 AVERAGE    85

..........................................................


THE JOPLIN MO CLIMATE NORMALS FOR TOMORROW
                         NORMAL    RECORD    YEAR
 MAXIMUM TEMPERATURE (F)   76        91      1963
 MINIMUM TEMPERATURE (F)   55        38      1989
                                             1997


SUNRISE AND SUNSET
MAY  9 2015...........SUNRISE   615 AM CDT   SUNSET   814 PM CDT
MAY 10 2015...........SUNRISE   614 AM CDT   SUNSET   815 PM CDT


-  INDICATES NEGATIVE NUMBERS.
R  INDICATES RECORD WAS SET OR TIED.
MM INDICATES DATA IS MISSING.
T  INDICATES TRACE AMOUNT.




$$
