000
CDUS43 KSGF 180812
CLIJLN


CLIMATE REPORT
NATIONAL WEATHER SERVICE SPRINGFIELD MO
312 AM CDT SAT MAR 18 2017


...................................

...THE JOPLIN MO CLIMATE SUMMARY FOR MARCH 17 2017...

CLIMATE NORMAL PERIOD 1981 TO 2010
CLIMATE RECORD PERIOD 1902 TO 2017


WEATHER ITEM   OBSERVED TIME   RECORD YEAR NORMAL DEPARTURE LAST
                VALUE   (LST)  VALUE       VALUE  FROM      YEAR
                                                  NORMAL
..................................................................
TEMPERATURE (F)
 YESTERDAY
  MAXIMUM         75    301 PM  82    2009  60     15       66
                                      1982
  MINIMUM         54   1159 PM  16    1906  38     16       41
  AVERAGE         65                        49     16       54

PRECIPITATION (IN)
  YESTERDAY        0.00          1.33 1987   0.11  -0.11     0.00
  MONTH TO DATE    1.25                      1.78  -0.53     1.30
  SINCE MAR 1      1.25                      1.78  -0.53     1.30
  SINCE JAN 1      5.24                      6.13  -0.89     1.97

DEGREE DAYS
 HEATING
  YESTERDAY        0                        16    -16       11
  MONTH TO DATE  288                       313    -25      164
  SINCE MAR 1    288                       313    -25      164
  SINCE JUL 1   2840                      3567   -727     2914

 COOLING
  YESTERDAY        0                         0      0        0
  MONTH TO DATE    0                         0      0        1
  SINCE MAR 1      0                         0      0        1
  SINCE JAN 1     10                         1      9        2
..................................................................


WIND (MPH)
  HIGHEST WIND SPEED    26   HIGHEST WIND DIRECTION     S (190)
  HIGHEST GUST SPEED    33   HIGHEST GUST DIRECTION     S (200)
  AVERAGE WIND SPEED    12.1


SKY COVER
  AVERAGE SKY COVER 0.6


WEATHER CONDITIONS
 THE FOLLOWING WEATHER WAS RECORDED YESTERDAY.
  NO SIGNIFICANT WEATHER WAS OBSERVED.


RELATIVE HUMIDITY (PERCENT)
 HIGHEST    90           700 AM
 LOWEST     53           500 PM
 AVERAGE    72

..........................................................


THE JOPLIN MO CLIMATE NORMALS FOR TODAY
                         NORMAL    RECORD    YEAR
 MAXIMUM TEMPERATURE (F)   61        83      1982
 MINIMUM TEMPERATURE (F)   38        18      1965


SUNRISE AND SUNSET
MARCH 18 2017.........SUNRISE   724 AM CDT   SUNSET   728 PM CDT
MARCH 19 2017.........SUNRISE   723 AM CDT   SUNSET   729 PM CDT


-  INDICATES NEGATIVE NUMBERS.
R  INDICATES RECORD WAS SET OR TIED.
MM INDICATES DATA IS MISSING.
T  INDICATES TRACE AMOUNT.




$$
