000
CDUS43 KSGF 152230
CLIJLN


CLIMATE REPORT
NATIONAL WEATHER SERVICE SPRINGFIELD MO
529 PM CDT THU SEP 15 2016


...................................

...THE JOPLIN MO CLIMATE SUMMARY FOR SEPTEMBER 15 2016...
VALID TODAY AS OF 0500 PM LOCAL TIME.

CLIMATE NORMAL PERIOD 1981 TO 2010
CLIMATE RECORD PERIOD 1902 TO 2016


WEATHER ITEM   OBSERVED TIME   RECORD YEAR NORMAL DEPARTURE LAST
                VALUE   (LST)  VALUE       VALUE  FROM      YEAR
                                                  NORMAL
..................................................................
TEMPERATURE (F)
 TODAY
  MAXIMUM         87    247 PM  98    1956  83      4       83
  MINIMUM         66    429 AM  41    1961  60      6       62
                                      1993
  AVERAGE         77                        71      6       73

PRECIPITATION (IN)
  TODAY            0.00          2.30 2012   0.17  -0.17     0.02
  MONTH TO DATE    2.62                      2.46   0.16     0.96
  SINCE SEP 1      2.62                      2.46   0.16     0.96
  SINCE JAN 1     32.40                     33.43  -1.03    39.66

DEGREE DAYS
 HEATING
  TODAY            0                         1     -1        0
  MONTH TO DATE    0                         4     -4        5
  SINCE SEP 1      0                         4     -4        5
  SINCE JUL 1      0                         5     -5        6

 COOLING
  TODAY           12                         7      5        8
  MONTH TO DATE  152                       140     12      162
  SINCE SEP 1    152                       140     12      162
  SINCE JAN 1   1639                      1567     72     1548
..................................................................


WIND (MPH)
  HIGHEST WIND SPEED    15   HIGHEST WIND DIRECTION    SW (210)
  HIGHEST GUST SPEED    20   HIGHEST GUST DIRECTION     S (180)


SKY COVER
  AVERAGE SKY COVER 0.3


WEATHER CONDITIONS
 THE FOLLOWING WEATHER WAS RECORDED TODAY.
  THUNDERSTORM


RELATIVE HUMIDITY (PERCENT)
 HIGHEST   100          1200 AM
 LOWEST     65          1000 AM
 AVERAGE    83

..........................................................


THE JOPLIN MO CLIMATE NORMALS FOR TOMORROW
                         NORMAL    RECORD    YEAR
 MAXIMUM TEMPERATURE (F)   82        98      1954
                                             1980
 MINIMUM TEMPERATURE (F)   59        42      1979


SUNRISE AND SUNSET
SEPTEMBER 15 2016.....SUNRISE   700 AM CDT   SUNSET   725 PM CDT
SEPTEMBER 16 2016.....SUNRISE   701 AM CDT   SUNSET   723 PM CDT


-  INDICATES NEGATIVE NUMBERS.
R  INDICATES RECORD WAS SET OR TIED.
MM INDICATES DATA IS MISSING.
T  INDICATES TRACE AMOUNT.




$$
