000
CDUS43 KSGF 232228
CLIJLN


CLIMATE REPORT
NATIONAL WEATHER SERVICE SPRINGFIELD MO
527 PM CDT TUE JUN 23 2015


...................................

...THE JOPLIN MO CLIMATE SUMMARY FOR JUNE 23 2015...
VALID TODAY AS OF 0500 PM LOCAL TIME.

CLIMATE NORMAL PERIOD 1981 TO 2010
CLIMATE RECORD PERIOD 1902 TO 2015


WEATHER ITEM   OBSERVED TIME   RECORD YEAR NORMAL DEPARTURE LAST
                VALUE   (LST)  VALUE       VALUE  FROM      YEAR
                                                  NORMAL
..................................................................
TEMPERATURE (F)
 TODAY
  MAXIMUM         92    316 PM  98    2009  88      4       77
                                      1988
  MINIMUM         78    553 AM  52    2004  67     11       65
  AVERAGE         85                        78      7       71

PRECIPITATION (IN)
  TODAY            0.00          5.22 1976   0.20  -0.20     0.01
  MONTH TO DATE    6.26                      4.65   1.61     3.42
  SINCE JUN 1      6.26                      4.65   1.61     3.42
  SINCE JAN 1     23.97                     22.60   1.37    12.17

DEGREE DAYS
 HEATING
  TODAY            0                         0      0        0
  MONTH TO DATE    0                         2     -2        2
  SINCE JUN 1      0                         2     -2        2
  SINCE JUL 1   4290                      4071    219     4883

 COOLING
  TODAY           20                        13      7        6
  MONTH TO DATE  294                       225     69      213
  SINCE JUN 1    294                       225     69      213
  SINCE JAN 1    438                       405     33      426
..................................................................


WIND (MPH)
  HIGHEST WIND SPEED    20   HIGHEST WIND DIRECTION    SW (220)
  HIGHEST GUST SPEED    26   HIGHEST GUST DIRECTION    SW (240)


SKY COVER
  AVERAGE SKY COVER 0.2


WEATHER CONDITIONS
 THE FOLLOWING WEATHER WAS RECORDED TODAY.
  NO SIGNIFICANT WEATHER WAS OBSERVED.


RELATIVE HUMIDITY (PERCENT)
 HIGHEST    79           500 AM
 LOWEST     49           300 PM
 AVERAGE    64

..........................................................


THE JOPLIN MO CLIMATE NORMALS FOR TOMORROW
                         NORMAL    RECORD    YEAR
 MAXIMUM TEMPERATURE (F)   88       100      1954
 MINIMUM TEMPERATURE (F)   68        51      1961


SUNRISE AND SUNSET
JUNE 23 2015..........SUNRISE   559 AM CDT   SUNSET   842 PM CDT
JUNE 24 2015..........SUNRISE   559 AM CDT   SUNSET   842 PM CDT


-  INDICATES NEGATIVE NUMBERS.
R  INDICATES RECORD WAS SET OR TIED.
MM INDICATES DATA IS MISSING.
T  INDICATES TRACE AMOUNT.




$$
