000
CDUS43 KSGF 282226
CLIJLN


CLIMATE REPORT
NATIONAL WEATHER SERVICE SPRINGFIELD MO
426 PM CST TUE NOV 28 2017


...................................

...THE JOPLIN MO CLIMATE SUMMARY FOR NOVEMBER 28 2017...
VALID AS OF 0400 PM LOCAL TIME.

CLIMATE NORMAL PERIOD 1981 TO 2010
CLIMATE RECORD PERIOD 1902 TO 2017


WEATHER ITEM   OBSERVED TIME   RECORD YEAR NORMAL DEPARTURE LAST
                VALUE   (LST)  VALUE       VALUE  FROM      YEAR
                                                  NORMAL
..................................................................
TEMPERATURE (F)
 TODAY
  MAXIMUM         72R  1241 PM  72    1949  53     19       63
  MINIMUM         57    745 AM  10    1976  33     24       45
  AVERAGE         65                        43     22       54

PRECIPITATION (IN)
  TODAY            0.00          1.55 1997   0.11  -0.11     0.00
  MONTH TO DATE    0.26                      3.54  -3.28     0.87
  SINCE SEP 1      6.06                     12.52  -6.46     8.86
  SINCE JAN 1     44.74                     43.49   1.25    38.64

DEGREE DAYS
 HEATING
  TODAY            0                        22    -22       11
  MONTH TO DATE  385                       459    -74      310
  SINCE SEP 1    616                       710    -94      412
  SINCE JUL 1    616                       711    -95      412

 COOLING
  TODAY            0                         0      0        0
  MONTH TO DATE    1                         5     -4       27
  SINCE SEP 1    318                       269     49      391
  SINCE JAN 1   1750                      1696     54     1878
..................................................................


WIND (MPH)
  HIGHEST WIND SPEED    29   HIGHEST WIND DIRECTION     S (190)
  HIGHEST GUST SPEED    42   HIGHEST GUST DIRECTION     S (180)


SKY COVER
  AVERAGE SKY COVER 0.2


WEATHER CONDITIONS
 THE FOLLOWING WEATHER WAS RECORDED TODAY.
  NO SIGNIFICANT WEATHER WAS OBSERVED.


RELATIVE HUMIDITY (PERCENT)
 HIGHEST    58           400 PM
 LOWEST     36           100 AM
 AVERAGE    47

..........................................................


THE JOPLIN MO CLIMATE NORMALS FOR TOMORROW
                         NORMAL    RECORD    YEAR
 MAXIMUM TEMPERATURE (F)   52        72      2014
 MINIMUM TEMPERATURE (F)   32         7      1976


SUNRISE AND SUNSET
NOVEMBER 28 2017......SUNRISE   710 AM CST   SUNSET   502 PM CST
NOVEMBER 29 2017......SUNRISE   711 AM CST   SUNSET   501 PM CST


-  INDICATES NEGATIVE NUMBERS.
R  INDICATES RECORD WAS SET OR TIED.
MM INDICATES DATA IS MISSING.
T  INDICATES TRACE AMOUNT.




$$
