000
CDUS43 KSGF 250627
CLIJLN


CLIMATE REPORT
NATIONAL WEATHER SERVICE SPRINGFIELD MO
127 AM CDT THU SEP 25 2014


...................................

...THE JOPLIN MO CLIMATE SUMMARY FOR SEPTEMBER 24 2014...

CLIMATE NORMAL PERIOD 1981 TO 2010
CLIMATE RECORD PERIOD 1902 TO 2014


WEATHER ITEM   OBSERVED TIME   RECORD YEAR NORMAL DEPARTURE LAST
                VALUE   (LST)  VALUE       VALUE  FROM      YEAR
                                                  NORMAL
..................................................................
TEMPERATURE (F)
 YESTERDAY
  MAXIMUM         77    423 PM  89    1954  79     -2       77
                                      1984
  MINIMUM         53    430 AM  31    1989  56     -3       59
  AVERAGE         65                        67     -2       68

PRECIPITATION (IN)
  YESTERDAY        0.00          4.16 1993   0.16  -0.16     0.00
  MONTH TO DATE    4.53                      3.98   0.55      T
  SINCE SEP 1      4.53                      3.98   0.55      T
  SINCE JAN 1     19.97                     34.95 -14.98    35.46

DEGREE DAYS
 HEATING
  YESTERDAY        0                         2     -2        0
  MONTH TO DATE   27                        19      8        9
  SINCE SEP 1     27                        19      8        9
  SINCE JUL 1     28                        20      8        9

 COOLING
  YESTERDAY        0                         5     -5        3
  MONTH TO DATE  161                       191    -30      228
  SINCE SEP 1    161                       191    -30      228
  SINCE JAN 1   1494                      1618   -124     1492
..................................................................


WIND (MPH)
  HIGHEST WIND SPEED    13   HIGHEST WIND DIRECTION    SW (230)
  HIGHEST GUST SPEED    17   HIGHEST GUST DIRECTION     S (170)
  AVERAGE WIND SPEED     6.3


SKY COVER
  AVERAGE SKY COVER 0.0


WEATHER CONDITIONS
 THE FOLLOWING WEATHER WAS RECORDED YESTERDAY.
  HAZE


RELATIVE HUMIDITY (PERCENT)
 HIGHEST    77           200 AM
 LOWEST     36           100 PM
 AVERAGE    57

..........................................................


THE JOPLIN MO CLIMATE NORMALS FOR TODAY
                         NORMAL    RECORD    YEAR
 MAXIMUM TEMPERATURE (F)   78        90      1958
 MINIMUM TEMPERATURE (F)   55        37      1989


SUNRISE AND SUNSET
SEPTEMBER 25 2014.....SUNRISE   708 AM CDT   SUNSET   710 PM CDT
SEPTEMBER 26 2014.....SUNRISE   709 AM CDT   SUNSET   709 PM CDT


-  INDICATES NEGATIVE NUMBERS.
R  INDICATES RECORD WAS SET OR TIED.
MM INDICATES DATA IS MISSING.
T  INDICATES TRACE AMOUNT.




$$
