000
CDUS43 KSGF 210628
CLIJLN


CLIMATE REPORT
NATIONAL WEATHER SERVICE SPRINGFIELD MO
128 AM CDT TUE JUL 21 2015


...................................

...THE JOPLIN MO CLIMATE SUMMARY FOR JULY 20 2015...

CLIMATE NORMAL PERIOD 1981 TO 2010
CLIMATE RECORD PERIOD 1902 TO 2015


WEATHER ITEM   OBSERVED TIME   RECORD YEAR NORMAL DEPARTURE LAST
                VALUE   (LST)  VALUE       VALUE  FROM      YEAR
                                                  NORMAL
..................................................................
TEMPERATURE (F)
 YESTERDAY
  MAXIMUM         94    219 PM 104    2006  91      3       86
  MINIMUM         77   1159 PM  56    1971  70      7       60
  AVERAGE         86                        81      5       73

PRECIPITATION (IN)
  YESTERDAY        0.00          2.42 1969   0.11  -0.11     0.00
  MONTH TO DATE    4.90                      2.64   2.26     0.51
  SINCE JUN 1     12.57                      8.50   4.07     4.44
  SINCE JAN 1     30.28                     26.45   3.83    13.19

DEGREE DAYS
 HEATING
  YESTERDAY        0                         0      0        0
  MONTH TO DATE    0                         0      0        1
  SINCE JUN 1      0                         5     -5        3
  SINCE JUL 1      0                         0      0        1

 COOLING
  YESTERDAY       21                        16      5        8
  MONTH TO DATE  306                       299      7      185
  SINCE JUN 1    691                       617     74      488
  SINCE JAN 1    835                       797     38      701
..................................................................


WIND (MPH)
  HIGHEST WIND SPEED    16   HIGHEST WIND DIRECTION    SW (240)
  HIGHEST GUST SPEED    19   HIGHEST GUST DIRECTION     S (200)
  AVERAGE WIND SPEED     7.3


SKY COVER
  AVERAGE SKY COVER 0.3


WEATHER CONDITIONS
 THE FOLLOWING WEATHER WAS RECORDED YESTERDAY.
  HAZE


RELATIVE HUMIDITY (PERCENT)
 HIGHEST    85          1000 PM
 LOWEST     56           200 PM
 AVERAGE    71

..........................................................


THE JOPLIN MO CLIMATE NORMALS FOR TODAY
                         NORMAL    RECORD    YEAR
 MAXIMUM TEMPERATURE (F)   91       102      2011
                                             1974
 MINIMUM TEMPERATURE (F)   70        52      1970


SUNRISE AND SUNSET
JULY 21 2015..........SUNRISE   614 AM CDT   SUNSET   834 PM CDT
JULY 22 2015..........SUNRISE   615 AM CDT   SUNSET   834 PM CDT


-  INDICATES NEGATIVE NUMBERS.
R  INDICATES RECORD WAS SET OR TIED.
MM INDICATES DATA IS MISSING.
T  INDICATES TRACE AMOUNT.




$$
