000
CDUS43 KSGF 140632
CLIJLN


CLIMATE REPORT
NATIONAL WEATHER SERVICE SPRINGFIELD MO
132 AM CDT TUE MAR 14 2017


...................................

...THE JOPLIN MO CLIMATE SUMMARY FOR MARCH 13 2017...

CLIMATE NORMAL PERIOD 1981 TO 2010
CLIMATE RECORD PERIOD 1902 TO 2017


WEATHER ITEM   OBSERVED TIME   RECORD YEAR NORMAL DEPARTURE LAST
                VALUE   (LST)  VALUE       VALUE  FROM      YEAR
                                                  NORMAL
..................................................................
TEMPERATURE (F)
 YESTERDAY
  MAXIMUM         42    409 AM  83    2012  59    -17       69
  MINIMUM         29    956 AM  13    1948  37     -8       49
  AVERAGE         36                        48    -12       59

PRECIPITATION (IN)
  YESTERDAY        0.01          1.24 1990   0.10  -0.09     0.25
  MONTH TO DATE    1.25                      1.34  -0.09     1.30
  SINCE MAR 1      1.25                      1.34  -0.09     1.30
  SINCE JAN 1      5.24                      5.69  -0.45     1.97

DEGREE DAYS
 HEATING
  YESTERDAY       29                        17     12        6
  MONTH TO DATE  207                       247    -40      132
  SINCE MAR 1    207                       247    -40      132
  SINCE JUL 1   2759                      3501   -742     2882

 COOLING
  YESTERDAY        0                         0      0        0
  MONTH TO DATE    0                         0      0        1
  SINCE MAR 1      0                         0      0        1
  SINCE JAN 1     10                         1      9        2
..................................................................


WIND (MPH)
  HIGHEST WIND SPEED    26   HIGHEST WIND DIRECTION    NW (310)
  HIGHEST GUST SPEED    33   HIGHEST GUST DIRECTION    NW (320)
  AVERAGE WIND SPEED    13.6


SKY COVER
  AVERAGE SKY COVER 0.9


WEATHER CONDITIONS
 THE FOLLOWING WEATHER WAS RECORDED YESTERDAY.
  FOG


RELATIVE HUMIDITY (PERCENT)
 HIGHEST   100          1200 AM
 LOWEST     69           800 AM
 AVERAGE    85

..........................................................


THE JOPLIN MO CLIMATE NORMALS FOR TODAY
                         NORMAL    RECORD    YEAR
 MAXIMUM TEMPERATURE (F)   59        80      2002
                                             1971
 MINIMUM TEMPERATURE (F)   37         8      1975


SUNRISE AND SUNSET
MARCH 14 2017.........SUNRISE   730 AM CDT   SUNSET   725 PM CDT
MARCH 15 2017.........SUNRISE   729 AM CDT   SUNSET   726 PM CDT


-  INDICATES NEGATIVE NUMBERS.
R  INDICATES RECORD WAS SET OR TIED.
MM INDICATES DATA IS MISSING.
T  INDICATES TRACE AMOUNT.




$$
