000
CDUS43 KSGF 240628
CLIJLN


CLIMATE REPORT
NATIONAL WEATHER SERVICE SPRINGFIELD MO
128 AM CDT WED SEP 24 2014


...................................

...THE JOPLIN MO CLIMATE SUMMARY FOR SEPTEMBER 23 2014...

CLIMATE NORMAL PERIOD 1981 TO 2010
CLIMATE RECORD PERIOD 1902 TO 2014


WEATHER ITEM   OBSERVED TIME   RECORD YEAR NORMAL DEPARTURE LAST
                VALUE   (LST)  VALUE       VALUE  FROM      YEAR
                                                  NORMAL
..................................................................
TEMPERATURE (F)
 YESTERDAY
  MAXIMUM         75    347 PM  89    2005  79     -4       79
  MINIMUM         50    319 AM  34    1995  56     -6       52
  AVERAGE         63                        68     -5       66

PRECIPITATION (IN)
  YESTERDAY        0.00          1.68 1988   0.15  -0.15     0.00
  MONTH TO DATE    4.53                      3.82   0.71      T
  SINCE SEP 1      4.53                      3.82   0.71      T
  SINCE JAN 1     19.97                     34.79 -14.82    35.46

DEGREE DAYS
 HEATING
  YESTERDAY        2                         2      0        0
  MONTH TO DATE   27                        17     10        9
  SINCE SEP 1     27                        17     10        9
  SINCE JUL 1     28                        18     10        9

 COOLING
  YESTERDAY        0                         5     -5        1
  MONTH TO DATE  161                       186    -25      225
  SINCE SEP 1    161                       186    -25      225
  SINCE JAN 1   1494                      1613   -119     1489
..................................................................


WIND (MPH)
  HIGHEST WIND SPEED    14   HIGHEST WIND DIRECTION    SE (150)
  HIGHEST GUST SPEED    22   HIGHEST GUST DIRECTION     S (160)
  AVERAGE WIND SPEED     6.9


SKY COVER
  AVERAGE SKY COVER 0.0


WEATHER CONDITIONS
 THE FOLLOWING WEATHER WAS RECORDED YESTERDAY.
  NO SIGNIFICANT WEATHER WAS OBSERVED.


RELATIVE HUMIDITY (PERCENT)
 HIGHEST    93           300 AM
 LOWEST     38           300 PM
 AVERAGE    66

..........................................................


THE JOPLIN MO CLIMATE NORMALS FOR TODAY
                         NORMAL    RECORD    YEAR
 MAXIMUM TEMPERATURE (F)   79        89      1954
                                             1984
 MINIMUM TEMPERATURE (F)   56        31      1989


SUNRISE AND SUNSET
SEPTEMBER 24 2014.....SUNRISE   707 AM CDT   SUNSET   712 PM CDT
SEPTEMBER 25 2014.....SUNRISE   708 AM CDT   SUNSET   710 PM CDT


-  INDICATES NEGATIVE NUMBERS.
R  INDICATES RECORD WAS SET OR TIED.
MM INDICATES DATA IS MISSING.
T  INDICATES TRACE AMOUNT.




$$
