000
CDUS43 KSGF 180631
CLIJLN


CLIMATE REPORT
NATIONAL WEATHER SERVICE SPRINGFIELD MO
1229 AM CST THU DEC 18 2014


...................................

...THE JOPLIN MO CLIMATE SUMMARY FOR DECEMBER 17 2014...

CLIMATE NORMAL PERIOD 1981 TO 2010
CLIMATE RECORD PERIOD 1902 TO 2014


WEATHER ITEM   OBSERVED TIME   RECORD YEAR NORMAL DEPARTURE LAST
                VALUE   (LST)  VALUE       VALUE  FROM      YEAR
                                                  NORMAL
..................................................................
TEMPERATURE (F)
 YESTERDAY
  MAXIMUM         34   1159 PM  68    1962  46    -12       53
                                      2002
  MINIMUM         27    744 AM   1    1989  27      0       26
  AVERAGE         31                        37     -6       40

PRECIPITATION (IN)
  YESTERDAY        0.33          1.95 1959   0.09   0.24     0.00
  MONTH TO DATE    1.55                      1.67  -0.12     0.48
  SINCE DEC 1      1.55                      1.67  -0.12     0.48
  SINCE JAN 1     31.42                     45.40 -13.98    43.08

DEGREE DAYS
 HEATING
  YESTERDAY       34                        28      6       25
  MONTH TO DATE  385                       447    -62      569
  SINCE DEC 1    385                       447    -62      569
  SINCE JUL 1   1298                      1204     94     1457

 COOLING
  YESTERDAY        0                         0      0        0
  MONTH TO DATE    0                         0      0        0
  SINCE DEC 1      0                         0      0        0
  SINCE JAN 1   1583                      1698   -115     1568
..................................................................


WIND (MPH)
  HIGHEST WIND SPEED    10   HIGHEST WIND DIRECTION     E (80)
  HIGHEST GUST SPEED    13   HIGHEST GUST DIRECTION     E (100)
  AVERAGE WIND SPEED     3.6


SKY COVER
  AVERAGE SKY COVER 0.7


WEATHER CONDITIONS
 THE FOLLOWING WEATHER WAS RECORDED YESTERDAY.
  RAIN
  LIGHT RAIN
  LT FREEZING RAIN
  SLEET
  FOG
  HAZE


RELATIVE HUMIDITY (PERCENT)
 HIGHEST    96           900 PM
 LOWEST     75           200 PM
 AVERAGE    86

..........................................................


THE JOPLIN MO CLIMATE NORMALS FOR TODAY
                         NORMAL    RECORD    YEAR
 MAXIMUM TEMPERATURE (F)   46        69      2002
 MINIMUM TEMPERATURE (F)   27         1      1964


SUNRISE AND SUNSET
DECEMBER 18 2014......SUNRISE   726 AM CST   SUNSET   503 PM CST
DECEMBER 19 2014......SUNRISE   727 AM CST   SUNSET   503 PM CST


-  INDICATES NEGATIVE NUMBERS.
R  INDICATES RECORD WAS SET OR TIED.
MM INDICATES DATA IS MISSING.
T  INDICATES TRACE AMOUNT.




$$
