000
CDUS43 KSGF 220632
CLIJLN


CLIMATE REPORT
NATIONAL WEATHER SERVICE SPRINGFIELD MO
1232 AM CST TUE NOV 22 2016


...................................

...THE JOPLIN MO CLIMATE SUMMARY FOR NOVEMBER 21 2016...

CLIMATE NORMAL PERIOD 1981 TO 2010
CLIMATE RECORD PERIOD 1902 TO 2016


WEATHER ITEM   OBSERVED TIME   RECORD YEAR NORMAL DEPARTURE LAST
                VALUE   (LST)  VALUE       VALUE  FROM      YEAR
                                                  NORMAL
..................................................................
TEMPERATURE (F)
 YESTERDAY
  MAXIMUM         64    314 PM  75    1966  56      8       53
  MINIMUM         38    737 AM  16    1964  36      2       24
                                      2000
  AVERAGE         51                        46      5       39

PRECIPITATION (IN)
  YESTERDAY        0.00          0.76 1979   0.11  -0.11     0.27
  MONTH TO DATE    0.75                      2.70  -1.95     4.82
  SINCE SEP 1      8.74                     11.68  -2.94     6.64
  SINCE JAN 1     38.52                     42.65  -4.13    45.34

DEGREE DAYS
 HEATING
  YESTERDAY       14                        19     -5       26
  MONTH TO DATE  202                       311   -109      250
  SINCE SEP 1    304                       562   -258      438
  SINCE JUL 1    304                       563   -259      439

 COOLING
  YESTERDAY        0                         0      0        0
  MONTH TO DATE   27                         5     22        2
  SINCE SEP 1    391                       269    122      317
  SINCE JAN 1   1878                      1696    182     1703
..................................................................


WIND (MPH)
  HIGHEST WIND SPEED    16   HIGHEST WIND DIRECTION     S (160)
  HIGHEST GUST SPEED    26   HIGHEST GUST DIRECTION     S (190)
  AVERAGE WIND SPEED     8.4


SKY COVER
  AVERAGE SKY COVER 0.0


WEATHER CONDITIONS
 THE FOLLOWING WEATHER WAS RECORDED YESTERDAY.
  NO SIGNIFICANT WEATHER WAS OBSERVED.


RELATIVE HUMIDITY (PERCENT)
 HIGHEST    64           500 AM
 LOWEST     36           200 PM
 AVERAGE    50

..........................................................


THE JOPLIN MO CLIMATE NORMALS FOR TODAY
                         NORMAL    RECORD    YEAR
 MAXIMUM TEMPERATURE (F)   56        77      1955
                                             1983
 MINIMUM TEMPERATURE (F)   35        19      1964


SUNRISE AND SUNSET
NOVEMBER 22 2016......SUNRISE   705 AM CST   SUNSET   504 PM CST
NOVEMBER 23 2016......SUNRISE   706 AM CST   SUNSET   503 PM CST


-  INDICATES NEGATIVE NUMBERS.
R  INDICATES RECORD WAS SET OR TIED.
MM INDICATES DATA IS MISSING.
T  INDICATES TRACE AMOUNT.




$$
