000
CDUS43 KSGF 232326
CLIJLN


CLIMATE REPORT
NATIONAL WEATHER SERVICE SPRINGFIELD MO
525 PM CST MON FEB 23 2015


...................................

...THE JOPLIN MO CLIMATE SUMMARY FOR FEBRUARY 23 2015...
VALID TODAY AS OF 0500 PM LOCAL TIME.

CLIMATE NORMAL PERIOD 1981 TO 2010
CLIMATE RECORD PERIOD 1902 TO 2015


WEATHER ITEM   OBSERVED TIME   RECORD YEAR NORMAL DEPARTURE LAST
                VALUE   (LST)  VALUE       VALUE  FROM      YEAR
                                                  NORMAL
..................................................................
TEMPERATURE (F)
 TODAY
  MAXIMUM         25    314 PM  79    1982  53    -28       47
  MINIMUM         14    828 AM   8    1989  32    -18       27
  AVERAGE         20                        42    -22       37

PRECIPITATION (IN)
  TODAY            0.00          1.48 1985   0.09  -0.09     0.00
  MONTH TO DATE    0.50                      1.85  -1.35     0.24
  SINCE DEC 1      3.04                      6.70  -3.66     2.21
  SINCE JAN 1      1.20                      3.88  -2.68     0.83

DEGREE DAYS
 HEATING
  TODAY           45                        23     22       28
  MONTH TO DATE  739                       596    143      750
  SINCE DEC 1   2425                      2388     37     2794
  SINCE JUL 1   3338                      3145    193     3682

 COOLING
  TODAY            0                         0      0        0
  MONTH TO DATE    0                         0      0        0
  SINCE DEC 1      0                         0      0        0
  SINCE JAN 1      0                         0      0        0
..................................................................


WIND (MPH)
  HIGHEST WIND SPEED    18   HIGHEST WIND DIRECTION     N (20)
  HIGHEST GUST SPEED    26   HIGHEST GUST DIRECTION     N (20)


SKY COVER
  AVERAGE SKY COVER 0.9


WEATHER CONDITIONS
 THE FOLLOWING WEATHER WAS RECORDED TODAY.
  NO SIGNIFICANT WEATHER WAS OBSERVED.


RELATIVE HUMIDITY (PERCENT)
 HIGHEST    58           800 AM
 LOWEST     36           200 PM
 AVERAGE    47

..........................................................


THE JOPLIN MO CLIMATE NORMALS FOR TOMORROW
                         NORMAL    RECORD    YEAR
 MAXIMUM TEMPERATURE (F)   53        80      1956
 MINIMUM TEMPERATURE (F)   32         3      1965


SUNRISE AND SUNSET
FEBRUARY 23 2015......SUNRISE   657 AM CST   SUNSET   606 PM CST
FEBRUARY 24 2015......SUNRISE   656 AM CST   SUNSET   607 PM CST


-  INDICATES NEGATIVE NUMBERS.
R  INDICATES RECORD WAS SET OR TIED.
MM INDICATES DATA IS MISSING.
T  INDICATES TRACE AMOUNT.




$$
