000
CDUS43 KSGF 132226
CLIJLN


CLIMATE REPORT
NATIONAL WEATHER SERVICE SPRINGFIELD MO
426 PM CST THU NOV 13 2014


...................................

...THE JOPLIN MO CLIMATE SUMMARY FOR NOVEMBER 13 2014...
VALID AS OF 0400 PM LOCAL TIME.

CLIMATE NORMAL PERIOD 1981 TO 2010
CLIMATE RECORD PERIOD 1902 TO 2014


WEATHER ITEM   OBSERVED TIME   RECORD YEAR NORMAL DEPARTURE LAST
                VALUE   (LST)  VALUE       VALUE  FROM      YEAR
                                                  NORMAL
..................................................................
TEMPERATURE (F)
 TODAY
  MAXIMUM         32    327 PM  82    1999  60    -28       49
  MINIMUM         19    719 AM   9    1986  39    -20       18
  AVERAGE         26                        50    -24       34

PRECIPITATION (IN)
  TODAY            0.00          2.62 1985   0.13  -0.13     0.00
  MONTH TO DATE    1.30                      1.72  -0.42     1.45
  SINCE SEP 1     13.78                     10.70   3.08     6.17
  SINCE JAN 1     29.22                     41.67 -12.45    41.63

DEGREE DAYS
 HEATING
  TODAY           39                        16     23       31
  MONTH TO DATE  260                       171     89      221
  SINCE SEP 1    472                       422     50      498
  SINCE JUL 1    473                       423     50      498

 COOLING
  TODAY            0                         0      0        0
  MONTH TO DATE    0                         5     -5        0
  SINCE SEP 1    250                       269    -19      304
  SINCE JAN 1   1583                      1696   -113     1568
..................................................................


WIND (MPH)
  HIGHEST WIND SPEED    16   HIGHEST WIND DIRECTION     N (350)
  HIGHEST GUST SPEED    20   HIGHEST GUST DIRECTION     N (340)


SKY COVER
  AVERAGE SKY COVER 0.2


WEATHER CONDITIONS
 THE FOLLOWING WEATHER WAS RECORDED TODAY.
  NO SIGNIFICANT WEATHER WAS OBSERVED.


RELATIVE HUMIDITY (PERCENT)
 HIGHEST    67           700 AM
 LOWEST     47           200 PM
 AVERAGE    57

..........................................................


THE JOPLIN MO CLIMATE NORMALS FOR TOMORROW
                         NORMAL    RECORD    YEAR
 MAXIMUM TEMPERATURE (F)   60        79      1964
 MINIMUM TEMPERATURE (F)   39        16      1959


SUNRISE AND SUNSET
NOVEMBER 13 2014......SUNRISE   655 AM CST   SUNSET   509 PM CST
NOVEMBER 14 2014......SUNRISE   656 AM CST   SUNSET   509 PM CST


-  INDICATES NEGATIVE NUMBERS.
R  INDICATES RECORD WAS SET OR TIED.
MM INDICATES DATA IS MISSING.
T  INDICATES TRACE AMOUNT.




$$
