000
CDUS43 KSGF 112226
CLIJLN


CLIMATE REPORT
NATIONAL WEATHER SERVICE SPRINGFIELD MO
526 PM CDT WED MAY 11 2016


...................................

...THE JOPLIN MO CLIMATE SUMMARY FOR MAY 11 2016...
VALID TODAY AS OF 0500 PM LOCAL TIME.

CLIMATE NORMAL PERIOD 1981 TO 2010
CLIMATE RECORD PERIOD 1902 TO 2016


WEATHER ITEM   OBSERVED TIME   RECORD YEAR NORMAL DEPARTURE LAST
                VALUE   (LST)  VALUE       VALUE  FROM      YEAR
                                                  NORMAL
..................................................................
TEMPERATURE (F)
 TODAY
  MAXIMUM         83    337 PM  90    1963  77      6       65
                                      1980
                                      2005
  MINIMUM         65    551 AM  36    1981  55     10       47
  AVERAGE         74                        66      8       56

PRECIPITATION (IN)
  TODAY            0.00          1.72 1966   0.19  -0.19      T
  MONTH TO DATE    0.14                      2.11  -1.97     2.42
  SINCE MAR 1      7.26                     10.00  -2.74     8.20
  SINCE JAN 1      7.93                     14.35  -6.42     9.72

DEGREE DAYS
 HEATING
  TODAY            0                         3     -3        9
  MONTH TO DATE   51                        37     14       15
  SINCE MAR 1    567                       786   -219      702
  SINCE JUL 1   3317                      4040   -723     4238

 COOLING
  TODAY            9                         3      6        0
  MONTH TO DATE   24                        29     -5       46
  SINCE MAR 1     46                        82    -36       81
  SINCE JAN 1     47                        83    -36       81
..................................................................


WIND (MPH)
  HIGHEST WIND SPEED    28   HIGHEST WIND DIRECTION    SW (210)
  HIGHEST GUST SPEED    34   HIGHEST GUST DIRECTION    SW (210)


SKY COVER
  AVERAGE SKY COVER 0.2


WEATHER CONDITIONS
 THE FOLLOWING WEATHER WAS RECORDED TODAY.
  THUNDERSTORM


RELATIVE HUMIDITY (PERCENT)
 HIGHEST    90           300 AM
 LOWEST     51          1100 AM
 AVERAGE    71

..........................................................


THE JOPLIN MO CLIMATE NORMALS FOR TOMORROW
                         NORMAL    RECORD    YEAR
 MAXIMUM TEMPERATURE (F)   77        88      1963
 MINIMUM TEMPERATURE (F)   55        33      1960


SUNRISE AND SUNSET
MAY 11 2016...........SUNRISE   613 AM CDT   SUNSET   817 PM CDT
MAY 12 2016...........SUNRISE   612 AM CDT   SUNSET   817 PM CDT


-  INDICATES NEGATIVE NUMBERS.
R  INDICATES RECORD WAS SET OR TIED.
MM INDICATES DATA IS MISSING.
T  INDICATES TRACE AMOUNT.




$$
