000
CDUS43 KSGF 112346
CLIJLN


CLIMATE REPORT
NATIONAL WEATHER SERVICE SPRINGFIELD MO
646 PM CDT SUN SEP 11 2016


...................................

...THE JOPLIN MO CLIMATE SUMMARY FOR SEPTEMBER 11 2016...
VALID TODAY AS OF 0500 PM LOCAL TIME.

CLIMATE NORMAL PERIOD 1981 TO 2010
CLIMATE RECORD PERIOD 1902 TO 2016


WEATHER ITEM   OBSERVED TIME   RECORD YEAR NORMAL DEPARTURE LAST
                VALUE   (LST)  VALUE       VALUE  FROM      YEAR
                                                  NORMAL
..................................................................
TEMPERATURE (F)
 TODAY
  MAXIMUM         80    319 PM 100    2000  84     -4       76
  MINIMUM         52    625 AM  44    1968  61     -9       54
  AVERAGE         66                        73     -7       65

PRECIPITATION (IN)
  TODAY            0.00          1.20 1975   0.17  -0.17     0.28
  MONTH TO DATE    2.62                      1.76   0.86     0.94
  SINCE SEP 1      2.62                      1.76   0.86     0.94
  SINCE JAN 1     32.40                     32.73  -0.33    39.64

DEGREE DAYS
 HEATING
  TODAY            0                         0      0        0
  MONTH TO DATE    0                         0      0        0
  SINCE SEP 1      0                         0      0        0
  SINCE JUL 1      0                         1     -1        1

 COOLING
  TODAY            1                         8     -7        0
  MONTH TO DATE  106                       110     -4      147
  SINCE SEP 1    106                       110     -4      147
  SINCE JAN 1   1593                      1537     56     1533
..................................................................


WIND (MPH)
  HIGHEST WIND SPEED    14   HIGHEST WIND DIRECTION     S (170)
  HIGHEST GUST SPEED    16   HIGHEST GUST DIRECTION     S (160)


SKY COVER
  AVERAGE SKY COVER 0.0


WEATHER CONDITIONS
 THE FOLLOWING WEATHER WAS RECORDED TODAY.
  FOG


RELATIVE HUMIDITY (PERCENT)
 HIGHEST   100           300 AM
 LOWEST     42           200 PM
 AVERAGE    71

..........................................................


THE JOPLIN MO CLIMATE NORMALS FOR TOMORROW
                         NORMAL    RECORD    YEAR
 MAXIMUM TEMPERATURE (F)   84        97      1956
 MINIMUM TEMPERATURE (F)   61        46      1959


SUNRISE AND SUNSET
SEPTEMBER 11 2016.....SUNRISE   657 AM CDT   SUNSET   731 PM CDT
SEPTEMBER 12 2016.....SUNRISE   658 AM CDT   SUNSET   729 PM CDT


-  INDICATES NEGATIVE NUMBERS.
R  INDICATES RECORD WAS SET OR TIED.
MM INDICATES DATA IS MISSING.
T  INDICATES TRACE AMOUNT.




$$
