000
CDUS43 KSGF 120628
CLIJLN


CLIMATE REPORT
NATIONAL WEATHER SERVICE SPRINGFIELD MO
1228 AM CST FRI DEC 12 2014


...................................

...THE JOPLIN MO CLIMATE SUMMARY FOR DECEMBER 11 2014...

CLIMATE NORMAL PERIOD 1981 TO 2010
CLIMATE RECORD PERIOD 1902 TO 2014


WEATHER ITEM   OBSERVED TIME   RECORD YEAR NORMAL DEPARTURE LAST
                VALUE   (LST)  VALUE       VALUE  FROM      YEAR
                                                  NORMAL
..................................................................
TEMPERATURE (F)
 YESTERDAY
  MAXIMUM         50    327 PM  74    1949  48      2       32
  MINIMUM         38    214 AM   5    1962  28     10       11
  AVERAGE         44                        38      6       22

PRECIPITATION (IN)
  YESTERDAY        0.03          1.27 1972   0.10  -0.07     0.00
  MONTH TO DATE    0.52                      1.12  -0.60     0.15
  SINCE DEC 1      0.52                      1.12  -0.60     0.15
  SINCE JAN 1     30.39                     44.85 -14.46    42.75

DEGREE DAYS
 HEATING
  YESTERDAY       21                        27     -6       43
  MONTH TO DATE  272                       280     -8      392
  SINCE DEC 1    272                       280     -8      392
  SINCE JUL 1   1185                      1037    148     1280

 COOLING
  YESTERDAY        0                         0      0        0
  MONTH TO DATE    0                         0      0        0
  SINCE DEC 1      0                         0      0        0
  SINCE JAN 1   1583                      1698   -115     1568
..................................................................


WIND (MPH)
  HIGHEST WIND SPEED     8   HIGHEST WIND DIRECTION     E (110)
  HIGHEST GUST SPEED    11   HIGHEST GUST DIRECTION    SE (140)
  AVERAGE WIND SPEED     3.5


SKY COVER
  AVERAGE SKY COVER 1.0


WEATHER CONDITIONS
 THE FOLLOWING WEATHER WAS RECORDED YESTERDAY.
  LIGHT RAIN
  FOG
  HAZE


RELATIVE HUMIDITY (PERCENT)
 HIGHEST    93           900 AM
 LOWEST     71           300 PM
 AVERAGE    82

..........................................................


THE JOPLIN MO CLIMATE NORMALS FOR TODAY
                         NORMAL    RECORD    YEAR
 MAXIMUM TEMPERATURE (F)   48        66      1948
                                             1984
                                             1990
 MINIMUM TEMPERATURE (F)   28         1      1962


SUNRISE AND SUNSET
DECEMBER 12 2014......SUNRISE   722 AM CST   SUNSET   501 PM CST
DECEMBER 13 2014......SUNRISE   723 AM CST   SUNSET   501 PM CST


-  INDICATES NEGATIVE NUMBERS.
R  INDICATES RECORD WAS SET OR TIED.
MM INDICATES DATA IS MISSING.
T  INDICATES TRACE AMOUNT.




$$
