000
CDUS43 KSGF 140628
CLIJLN


CLIMATE REPORT
NATIONAL WEATHER SERVICE SPRINGFIELD MO
127 AM CDT TUE OCT 14 2014


...................................

...THE JOPLIN MO CLIMATE SUMMARY FOR OCTOBER 13 2014...

CLIMATE NORMAL PERIOD 1981 TO 2010
CLIMATE RECORD PERIOD 1902 TO 2014


WEATHER ITEM   OBSERVED TIME   RECORD YEAR NORMAL DEPARTURE LAST
                VALUE   (LST)  VALUE       VALUE  FROM      YEAR
                                                  NORMAL
..................................................................
TEMPERATURE (F)
 YESTERDAY
  MAXIMUM         65   1234 PM  88    1952  72     -7       69
  MINIMUM         54   1159 PM  35    2006  49      5       52
                                      1977
  AVERAGE         60                        61     -1       61

PRECIPITATION (IN)
  YESTERDAY        1.16          2.54 1959   0.13   1.03     0.11
  MONTH TO DATE    7.59                      1.71   5.88     0.79
  SINCE SEP 1     12.12                      6.66   5.46     0.79
  SINCE JAN 1     27.56                     37.63 -10.07    36.25

DEGREE DAYS
 HEATING
  YESTERDAY        5                         6     -1        4
  MONTH TO DATE   65                        64      1       39
  SINCE SEP 1     92                       105    -13       50
  SINCE JUL 1     93                       106    -13       50

 COOLING
  YESTERDAY        0                         2     -2        0
  MONTH TO DATE   33                        31      2       51
  SINCE SEP 1    229                       246    -17      302
  SINCE JAN 1   1562                      1673   -111     1566
..................................................................


WIND (MPH)
  HIGHEST WIND SPEED    24   HIGHEST WIND DIRECTION    NW (310)
  HIGHEST GUST SPEED    33   HIGHEST GUST DIRECTION    NW (300)
  AVERAGE WIND SPEED    12.2


SKY COVER
  AVERAGE SKY COVER 1.0


WEATHER CONDITIONS
 THE FOLLOWING WEATHER WAS RECORDED YESTERDAY.
  THUNDERSTORM
  HEAVY RAIN
  RAIN
  LIGHT RAIN
  FOG


RELATIVE HUMIDITY (PERCENT)
 HIGHEST   100           100 AM
 LOWEST     83          1100 PM
 AVERAGE    92

..........................................................


THE JOPLIN MO CLIMATE NORMALS FOR TODAY
                         NORMAL    RECORD    YEAR
 MAXIMUM TEMPERATURE (F)   72        90      1963
 MINIMUM TEMPERATURE (F)   49        32      2002


SUNRISE AND SUNSET
OCTOBER 14 2014.......SUNRISE   725 AM CDT   SUNSET   642 PM CDT
OCTOBER 15 2014.......SUNRISE   726 AM CDT   SUNSET   641 PM CDT


-  INDICATES NEGATIVE NUMBERS.
R  INDICATES RECORD WAS SET OR TIED.
MM INDICATES DATA IS MISSING.
T  INDICATES TRACE AMOUNT.




$$
