000
CDUS43 KSGF 200627
CLIJLN


CLIMATE REPORT
NATIONAL WEATHER SERVICE SPRINGFIELD MO
126 AM CDT SUN JUL 20 2014


...................................

...THE JOPLIN MO CLIMATE SUMMARY FOR JULY 19 2014...

CLIMATE NORMAL PERIOD 1981 TO 2010
CLIMATE RECORD PERIOD 1902 TO 2014


WEATHER ITEM   OBSERVED TIME   RECORD YEAR NORMAL DEPARTURE LAST
                VALUE   (LST)  VALUE       VALUE  FROM      YEAR
                                                  NORMAL
..................................................................
TEMPERATURE (F)
 YESTERDAY
  MAXIMUM         82    423 PM 108    1954  91     -9       98
  MINIMUM         56R   512 AM  56    2009  70    -14       71
  AVERAGE         69                        80    -11       85

PRECIPITATION (IN)
  YESTERDAY        0.00          1.36 1966   0.11  -0.11     0.00
  MONTH TO DATE    0.51                      2.53  -2.02     0.11
  SINCE JUN 1      4.44                      8.39  -3.95     5.50
  SINCE JAN 1     13.19                     26.34 -13.15    27.89

DEGREE DAYS
 HEATING
  YESTERDAY        0                         0      0        0
  MONTH TO DATE    1                         0      1        0
  SINCE JUN 1      3                         5     -2       12
  SINCE JUL 1      1                         0      1        0

 COOLING
  YESTERDAY        4                        16    -12       20
  MONTH TO DATE  177                       283   -106      273
  SINCE JUN 1    480                       601   -121      596
  SINCE JAN 1    693                       781    -88      740
..................................................................


WIND (MPH)
  HIGHEST WIND SPEED    12   HIGHEST WIND DIRECTION     S (200)
  HIGHEST GUST SPEED    16   HIGHEST GUST DIRECTION     S (200)
  AVERAGE WIND SPEED     2.9


SKY COVER
  AVERAGE SKY COVER 0.3


WEATHER CONDITIONS
 THE FOLLOWING WEATHER WAS RECORDED YESTERDAY.
  FOG
  HAZE


RELATIVE HUMIDITY (PERCENT)
 HIGHEST   100           400 AM
 LOWEST     45           100 PM
 AVERAGE    73

..........................................................


THE JOPLIN MO CLIMATE NORMALS FOR TODAY
                         NORMAL    RECORD    YEAR
 MAXIMUM TEMPERATURE (F)   91       104      2006
 MINIMUM TEMPERATURE (F)   70        56      1971


SUNRISE AND SUNSET
JULY 20 2014..........SUNRISE   613 AM CDT   SUNSET   835 PM CDT
JULY 21 2014..........SUNRISE   614 AM CDT   SUNSET   834 PM CDT


-  INDICATES NEGATIVE NUMBERS.
R  INDICATES RECORD WAS SET OR TIED.
MM INDICATES DATA IS MISSING.
T  INDICATES TRACE AMOUNT.




$$
