555
CDUS43 KSGF 180630
CLIJLN


CLIMATE REPORT
NATIONAL WEATHER SERVICE SPRINGFIELD MO
129 AM CDT THU AUG 18 2016


...................................

...THE JOPLIN MO CLIMATE SUMMARY FOR AUGUST 17 2016...

CLIMATE NORMAL PERIOD 1981 TO 2010
CLIMATE RECORD PERIOD 1902 TO 2016


WEATHER ITEM   OBSERVED TIME   RECORD YEAR NORMAL DEPARTURE LAST
                VALUE   (LST)  VALUE       VALUE  FROM      YEAR
                                                  NORMAL
..................................................................
TEMPERATURE (F)
 YESTERDAY
  MAXIMUM         87    303 PM 105    1956  91     -4       94
  MINIMUM         68    608 AM  50    1992  69     -1       72
  AVERAGE         78                        80     -2       83

PRECIPITATION (IN)
  YESTERDAY        0.00          2.12 1996   0.11  -0.11     0.00
  MONTH TO DATE    2.67                      1.73   0.94     1.65
  SINCE JUN 1     14.09                     11.40   2.69    14.41
  SINCE JAN 1     28.19                     29.35  -1.16    32.12

DEGREE DAYS
 HEATING
  YESTERDAY        0                         0      0        0
  MONTH TO DATE    0                         0      0        0
  SINCE JUN 1      0                         5     -5        0
  SINCE JUL 1      0                         0      0        0

 COOLING
  YESTERDAY       13                        15     -2       18
  MONTH TO DATE  276                       266     10      251
  SINCE JUN 1   1194                      1057    137     1140
  SINCE JAN 1   1308                      1237     71     1284
..................................................................


WIND (MPH)
  HIGHEST WIND SPEED    13   HIGHEST WIND DIRECTION     S (180)
  HIGHEST GUST SPEED    17   HIGHEST GUST DIRECTION     S (170)
  AVERAGE WIND SPEED     6.3


SKY COVER
  AVERAGE SKY COVER 0.2


WEATHER CONDITIONS
 THE FOLLOWING WEATHER WAS RECORDED YESTERDAY.
  NO SIGNIFICANT WEATHER WAS OBSERVED.


RELATIVE HUMIDITY (PERCENT)
 HIGHEST    93           300 AM
 LOWEST     51           400 PM
 AVERAGE    72

..........................................................


THE JOPLIN MO CLIMATE NORMALS FOR TODAY
                         NORMAL    RECORD    YEAR
 MAXIMUM TEMPERATURE (F)   91       103      1970
 MINIMUM TEMPERATURE (F)   69        56      1992


SUNRISE AND SUNSET
AUGUST 18 2016........SUNRISE   637 AM CDT   SUNSET   805 PM CDT
AUGUST 19 2016........SUNRISE   638 AM CDT   SUNSET   804 PM CDT


-  INDICATES NEGATIVE NUMBERS.
R  INDICATES RECORD WAS SET OR TIED.
MM INDICATES DATA IS MISSING.
T  INDICATES TRACE AMOUNT.




$$
