000
CDUS43 KSGF 152126
CLIJLN


CLIMATE REPORT
NATIONAL WEATHER SERVICE SPRINGFIELD MO
426 PM CDT FRI AUG 15 2014


...................................

...THE JOPLIN MO CLIMATE SUMMARY FOR AUGUST 15 2014...
VALID AS OF 0400 PM LOCAL TIME.

CLIMATE NORMAL PERIOD 1981 TO 2010
CLIMATE RECORD PERIOD 1902 TO 2014


WEATHER ITEM   OBSERVED TIME   RECORD YEAR NORMAL DEPARTURE LAST
                VALUE   (LST)  VALUE       VALUE  FROM      YEAR
                                                  NORMAL
..................................................................
TEMPERATURE (F)
 TODAY
  MAXIMUM         90    224 PM 104    1956  92     -2       79
  MINIMUM         67   1201 AM  49    1994  69     -2       56
  AVERAGE         79                        80     -1       68

PRECIPITATION (IN)
  TODAY            0.00          2.68 2005   0.10  -0.10     0.00
  MONTH TO DATE    1.48                      1.52  -0.04     4.60
  SINCE JUN 1      6.65                     11.19  -4.54    13.07
  SINCE JAN 1     15.40                     29.14 -13.74    35.46

DEGREE DAYS
 HEATING
  TODAY            0                         0      0        0
  MONTH TO DATE    0                         0      0        0
  SINCE JUN 1      3                         5     -2       12
  SINCE JUL 1      1                         0      1        0

 COOLING
  TODAY           14                        15     -1        3
  MONTH TO DATE  176                       236    -60      169
  SINCE JUN 1    809                      1027   -218      900
  SINCE JAN 1   1022                      1207   -185     1044
..................................................................


WIND (MPH)
  HIGHEST WIND SPEED    20   HIGHEST WIND DIRECTION     S (190)
  HIGHEST GUST SPEED    23   HIGHEST GUST DIRECTION     S (190)


SKY COVER
  AVERAGE SKY COVER 0.0


WEATHER CONDITIONS
 THE FOLLOWING WEATHER WAS RECORDED TODAY.
  NO SIGNIFICANT WEATHER WAS OBSERVED.


RELATIVE HUMIDITY (PERCENT)
 HIGHEST    87          1200 AM
 LOWEST     47           300 PM
 AVERAGE    67

..........................................................


THE JOPLIN MO CLIMATE NORMALS FOR TOMORROW
                         NORMAL    RECORD    YEAR
 MAXIMUM TEMPERATURE (F)   92       105      1956
 MINIMUM TEMPERATURE (F)   69        49      1992


SUNRISE AND SUNSET
AUGUST 15 2014........SUNRISE   635 AM CDT   SUNSET   810 PM CDT
AUGUST 16 2014........SUNRISE   635 AM CDT   SUNSET   808 PM CDT


-  INDICATES NEGATIVE NUMBERS.
R  INDICATES RECORD WAS SET OR TIED.
MM INDICATES DATA IS MISSING.
T  INDICATES TRACE AMOUNT.




$$
